{"id":4981,"date":"2024-04-24T15:17:59","date_gmt":"2024-04-24T18:17:59","guid":{"rendered":"https:\/\/wp.ufpel.edu.br\/ib\/?page_id=4981"},"modified":"2024-04-24T15:23:33","modified_gmt":"2024-04-24T18:23:33","slug":"laboratorio-de-dissecacao-de-pequenos-animais-lab-10-predio-24-ib","status":"publish","type":"page","link":"https:\/\/wp.ufpel.edu.br\/ib\/laboratorio-de-dissecacao-de-pequenos-animais-lab-10-predio-24-ib\/","title":{"rendered":"Laborat\u00f3rio de Disseca\u00e7\u00e3o de Pequenos Animais \u2013 Lab 10- pr\u00e9dio 24\/ IB"},"content":{"rendered":"<p>Respons\u00e1vel: Profa. Ana Luisa Valente<br \/>\nTrabalham no laborat\u00f3rio tamb\u00e9m os demais professores (Prof. Tony Silveira e Prof. Althen e Tecn. Wanderley Ara\u00fajo). Monitores e alunos cursando a Disciplina de Forma\u00e7\u00e3o Complementar em Ci\u00eancias Morfol\u00f3gicas tamb\u00e9m o utilizam no preparo de pe\u00e7as anat\u00f4micas.<br \/>\nDescri\u00e7\u00e3o:<br \/>\nLaborat\u00f3rio destinado \u00e0 aplica\u00e7\u00e3o de t\u00e9cnicas anat\u00f4micas em geral, em especial est\u00e1 preparado para aquelas envolvendo a disseca\u00e7\u00e3o de pe\u00e7as \u00famidas. O laborat\u00f3rio apresenta 2 bancadas centrais em a\u00e7o inoxid\u00e1vel com drenagem para a disseca\u00e7\u00e3o de m\u00fasculos e preparo de pe\u00e7as em geral, a partir de cad\u00e1veres de animais de pequeno porte (c\u00e3es, gatos, aves), ou partes daqueles de grande porte (Bovinos, equinos, su\u00ednos). Duas outras bancadas s\u00e3o ajustadas \u00e0s paredes laterais e s\u00e3o formadas por massa ciment\u00edcia polida. Nestas bancadas est\u00e3o dispon\u00edveis duas pias para lavagem de material e m\u00e3os. Disp\u00f5e-se tamb\u00e9m de arm\u00e1rios a\u00e9reos e, outros abaixo das bancadas, para a estocagem de materiais. O laborat\u00f3rio conta ainda com um freezer horizontal para estocagem de material biol\u00f3gico de pequenos animais e arm\u00e1rios de a\u00e7o para armazenagem de material cir\u00fargico e aventais dos alunos. O laborat\u00f3rio \u00e9 usado pelos professores e t\u00e9cnicos da Anatomia Animal para a confec\u00e7\u00e3o de pe\u00e7as, atende turmas pequenas como as de Forma\u00e7\u00e3o Complementar em Ci\u00eancias Morfol\u00f3gicas e d\u00e1 apoio as turmas da Medicina Veterin\u00e1ria, quando \u00e9 feito subdivis\u00e3o das aulas pr\u00e1ticas.<\/p>\n<p style=\"text-align: center;\"><a href=\"https:\/\/wp.ufpel.edu.br\/ib\/files\/2024\/04\/pequenos-animais.jpg\"><img class=\"alignnone size-medium wp-image-4985\" src=\"https:\/\/wp.ufpel.edu.br\/ib\/files\/2024\/04\/pequenos-animais-400x311.jpg\" alt=\"\" width=\"400\" height=\"311\" srcset=\"https:\/\/wp.ufpel.edu.br\/ib\/files\/2024\/04\/pequenos-animais-400x311.jpg 400w, https:\/\/wp.ufpel.edu.br\/ib\/files\/2024\/04\/pequenos-animais-768x596.jpg 768w, https:\/\/wp.ufpel.edu.br\/ib\/files\/2024\/04\/pequenos-animais.jpg 922w\" sizes=\"(max-width: 400px) 100vw, 400px\" \/><\/a><\/p>\n","protected":false},"excerpt":{"rendered":"<p>Respons\u00e1vel: Profa. Ana Luisa Valente Trabalham no laborat\u00f3rio tamb\u00e9m os demais professores (Prof. Tony Silveira e Prof. Althen e Tecn. Wanderley Ara\u00fajo). Monitores e alunos cursando a Disciplina de Forma\u00e7\u00e3o Complementar em Ci\u00eancias Morfol\u00f3gicas tamb\u00e9m o utilizam no preparo de pe\u00e7as anat\u00f4micas. Descri\u00e7\u00e3o: Laborat\u00f3rio destinado \u00e0 aplica\u00e7\u00e3o de t\u00e9cnicas anat\u00f4micas em geral, em especial est\u00e1 [&hellip;]<\/p>\n","protected":false},"author":488,"featured_media":0,"parent":0,"menu_order":0,"comment_status":"closed","ping_status":"closed","template":"","meta":{"jetpack_post_was_ever_published":false,"footnotes":""},"class_list":["post-4981","page","type-page","status-publish","hentry"],"jetpack_sharing_enabled":true,"jetpack_shortlink":"https:\/\/wp.me\/P6S2gY-1il","_links":{"self":[{"href":"https:\/\/wp.ufpel.edu.br\/ib\/wp-json\/wp\/v2\/pages\/4981","targetHints":{"allow":["GET"]}}],"collection":[{"href":"https:\/\/wp.ufpel.edu.br\/ib\/wp-json\/wp\/v2\/pages"}],"about":[{"href":"https:\/\/wp.ufpel.edu.br\/ib\/wp-json\/wp\/v2\/types\/page"}],"author":[{"embeddable":true,"href":"https:\/\/wp.ufpel.edu.br\/ib\/wp-json\/wp\/v2\/users\/488"}],"replies":[{"embeddable":true,"href":"https:\/\/wp.ufpel.edu.br\/ib\/wp-json\/wp\/v2\/comments?post=4981"}],"version-history":[{"count":3,"href":"https:\/\/wp.ufpel.edu.br\/ib\/wp-json\/wp\/v2\/pages\/4981\/revisions"}],"predecessor-version":[{"id":4986,"href":"https:\/\/wp.ufpel.edu.br\/ib\/wp-json\/wp\/v2\/pages\/4981\/revisions\/4986"}],"wp:attachment":[{"href":"https:\/\/wp.ufpel.edu.br\/ib\/wp-json\/wp\/v2\/media?parent=4981"}],"curies":[{"name":"wp","href":"https:\/\/api.w.org\/{rel}","templated":true}]}}

Laboratório de Dissecação de Pequenos Animais – Lab 10- prédio 24/ IB

<p>Responsável: Profa. Ana Luisa Valente<br />
Trabalham no laboratório também os demais professores (Prof. Tony Silveira e Prof. Althen e Tecn. Wanderley Araújo). Monitores e alunos cursando a Disciplina de Formação Complementar em Ciências Morfológicas também o utilizam no preparo de peças anatômicas.<br />
Descrição:<br />
Laboratório destinado à aplicação de técnicas anatômicas em geral, em especial está preparado para aquelas envolvendo a dissecação de peças úmidas. O laboratório apresenta 2 bancadas centrais em aço inoxidável com drenagem para a dissecação de músculos e preparo de peças em geral, a partir de cadáveres de animais de pequeno porte (cães, gatos, aves), ou partes daqueles de grande porte (Bovinos, equinos, suínos). Duas outras bancadas são ajustadas às paredes laterais e são formadas por massa cimentícia polida. Nestas bancadas estão disponíveis duas pias para lavagem de material e mãos. Dispõe-se também de armários aéreos e, outros abaixo das bancadas, para a estocagem de materiais. O laboratório conta ainda com um freezer horizontal para estocagem de material biológico de pequenos animais e armários de aço para armazenagem de material cirúrgico e aventais dos alunos. O laboratório é usado pelos professores e técnicos da Anatomia Animal para a confecção de peças, atende turmas pequenas como as de Formação Complementar em Ciências Morfológicas e dá apoio as turmas da Medicina Veterinária, quando é feito subdivisão das aulas práticas.</p>
<p style="text-align: center;"><a href="https://wp.ufpel.edu.br/ib/files/2024/04/pequenos-animais.jpg"><img class="alignnone size-medium wp-image-4985" src="https://wp.ufpel.edu.br/ib/files/2024/04/pequenos-animais-400x311.jpg" alt="" width="400" height="311" srcset="https://wp.ufpel.edu.br/ib/files/2024/04/pequenos-animais-400x311.jpg 400w, https://wp.ufpel.edu.br/ib/files/2024/04/pequenos-animais-768x596.jpg 768w, https://wp.ufpel.edu.br/ib/files/2024/04/pequenos-animais.jpg 922w" sizes="(max-width: 400px) 100vw, 400px" /></a></p>

<p>Responsável: Profa. Ana Luisa Valente Trabalham no laboratório também os demais professores (Prof. Tony Silveira e Prof. Althen e Tecn. Wanderley Araújo). Monitores e alunos cursando a Disciplina de Formação Complementar em Ciências Morfológicas também o utilizam no preparo de peças anatômicas. Descrição: Laboratório destinado à aplicação de técnicas anatômicas em geral, em especial está [&hellip;]</p>
