{"id":4976,"date":"2024-04-24T15:15:38","date_gmt":"2024-04-24T18:15:38","guid":{"rendered":"https:\/\/wp.ufpel.edu.br\/ib\/?page_id=4976"},"modified":"2024-04-24T15:16:43","modified_gmt":"2024-04-24T18:16:43","slug":"ossario-e-laboratorio-de-osteotecnicas-lab-8-predio-24-ib","status":"publish","type":"page","link":"https:\/\/wp.ufpel.edu.br\/ib\/laboratorios-didaticos\/ossario-e-laboratorio-de-osteotecnicas-lab-8-predio-24-ib\/","title":{"rendered":"Oss\u00e1rio e Laborat\u00f3rio de Osteot\u00e9cnicas \u2013 Lab 8 &#8211;  Predio 24 \/IB"},"content":{"rendered":"<p>Respons\u00e1veis: Profa. Profa. Ana Luisa Valente<br \/>\nAtuam tamb\u00e9m: Prof. Tony Silveira e Tecn. Wanderley Araujo.<br \/>\nDescri\u00e7\u00e3o: Armazenagem e Aplica\u00e7\u00e3o de t\u00e9cnicas para montagem de esqueletos e outras pe\u00e7as anat\u00f4micas desidratadas.<\/p>\n<p style=\"text-align: center;\"><a href=\"https:\/\/wp.ufpel.edu.br\/ib\/files\/2024\/04\/ossos1.jpg\"><img class=\"alignnone size-medium wp-image-4978\" src=\"https:\/\/wp.ufpel.edu.br\/ib\/files\/2024\/04\/ossos1-400x310.jpg\" alt=\"\" width=\"400\" height=\"310\" srcset=\"https:\/\/wp.ufpel.edu.br\/ib\/files\/2024\/04\/ossos1-400x310.jpg 400w, https:\/\/wp.ufpel.edu.br\/ib\/files\/2024\/04\/ossos1-1024x794.jpg 1024w, https:\/\/wp.ufpel.edu.br\/ib\/files\/2024\/04\/ossos1-768x595.jpg 768w, https:\/\/wp.ufpel.edu.br\/ib\/files\/2024\/04\/ossos1.jpg 1396w\" sizes=\"(max-width: 400px) 100vw, 400px\" \/><\/a><\/p>\n","protected":false},"excerpt":{"rendered":"<p>Respons\u00e1veis: Profa. Profa. Ana Luisa Valente Atuam tamb\u00e9m: Prof. Tony Silveira e Tecn. Wanderley Araujo. Descri\u00e7\u00e3o: Armazenagem e Aplica\u00e7\u00e3o de t\u00e9cnicas para montagem de esqueletos e outras pe\u00e7as anat\u00f4micas desidratadas.<\/p>\n","protected":false},"author":488,"featured_media":0,"parent":516,"menu_order":0,"comment_status":"closed","ping_status":"closed","template":"","meta":{"jetpack_post_was_ever_published":false,"footnotes":""},"class_list":["post-4976","page","type-page","status-publish","hentry"],"jetpack_sharing_enabled":true,"jetpack_shortlink":"https:\/\/wp.me\/P6S2gY-1ig","_links":{"self":[{"href":"https:\/\/wp.ufpel.edu.br\/ib\/wp-json\/wp\/v2\/pages\/4976","targetHints":{"allow":["GET"]}}],"collection":[{"href":"https:\/\/wp.ufpel.edu.br\/ib\/wp-json\/wp\/v2\/pages"}],"about":[{"href":"https:\/\/wp.ufpel.edu.br\/ib\/wp-json\/wp\/v2\/types\/page"}],"author":[{"embeddable":true,"href":"https:\/\/wp.ufpel.edu.br\/ib\/wp-json\/wp\/v2\/users\/488"}],"replies":[{"embeddable":true,"href":"https:\/\/wp.ufpel.edu.br\/ib\/wp-json\/wp\/v2\/comments?post=4976"}],"version-history":[{"count":1,"href":"https:\/\/wp.ufpel.edu.br\/ib\/wp-json\/wp\/v2\/pages\/4976\/revisions"}],"predecessor-version":[{"id":4979,"href":"https:\/\/wp.ufpel.edu.br\/ib\/wp-json\/wp\/v2\/pages\/4976\/revisions\/4979"}],"up":[{"embeddable":true,"href":"https:\/\/wp.ufpel.edu.br\/ib\/wp-json\/wp\/v2\/pages\/516"}],"wp:attachment":[{"href":"https:\/\/wp.ufpel.edu.br\/ib\/wp-json\/wp\/v2\/media?parent=4976"}],"curies":[{"name":"wp","href":"https:\/\/api.w.org\/{rel}","templated":true}]}}

Ossário e Laboratório de Osteotécnicas – Lab 8 &#8211;  Predio 24 /IB

<p>Responsáveis: Profa. Profa. Ana Luisa Valente<br />
Atuam também: Prof. Tony Silveira e Tecn. Wanderley Araujo.<br />
Descrição: Armazenagem e Aplicação de técnicas para montagem de esqueletos e outras peças anatômicas desidratadas.</p>
<p style="text-align: center;"><a href="https://wp.ufpel.edu.br/ib/files/2024/04/ossos1.jpg"><img class="alignnone size-medium wp-image-4978" src="https://wp.ufpel.edu.br/ib/files/2024/04/ossos1-400x310.jpg" alt="" width="400" height="310" srcset="https://wp.ufpel.edu.br/ib/files/2024/04/ossos1-400x310.jpg 400w, https://wp.ufpel.edu.br/ib/files/2024/04/ossos1-1024x794.jpg 1024w, https://wp.ufpel.edu.br/ib/files/2024/04/ossos1-768x595.jpg 768w, https://wp.ufpel.edu.br/ib/files/2024/04/ossos1.jpg 1396w" sizes="(max-width: 400px) 100vw, 400px" /></a></p>

<p>Responsáveis: Profa. Profa. Ana Luisa Valente Atuam também: Prof. Tony Silveira e Tecn. Wanderley Araujo. Descrição: Armazenagem e Aplicação de técnicas para montagem de esqueletos e outras peças anatômicas desidratadas.</p>
