{"id":4615,"date":"2023-10-05T14:58:54","date_gmt":"2023-10-05T17:58:54","guid":{"rendered":"https:\/\/wp.ufpel.edu.br\/ib\/?page_id=4615"},"modified":"2023-10-05T14:58:57","modified_gmt":"2023-10-05T17:58:57","slug":"laboratorio-genetica-de-microrganismos","status":"publish","type":"page","link":"https:\/\/wp.ufpel.edu.br\/ib\/laboratorios-didaticos\/laboratorio-genetica-de-microrganismos\/","title":{"rendered":"Laborat\u00f3rio Gen\u00e9tica de Microrganismos"},"content":{"rendered":"<p><a href=\"https:\/\/wp.ufpel.edu.br\/nulab\/files\/2016\/12\/20161207_111712.jpg\" target=\"_blank\" rel=\"noopener noreferrer\"><img class=\"alignnone wp-image-3548 size-thumbnail\" src=\"https:\/\/wp.ufpel.edu.br\/nulab\/files\/2016\/12\/20161207_111712-212x119.jpg\" sizes=\"(max-width: 200px) 100vw, 200px\" srcset=\"https:\/\/wp.ufpel.edu.br\/nulab\/files\/2016\/12\/20161207_111712-212x119.jpg 212w, https:\/\/wp.ufpel.edu.br\/nulab\/files\/2016\/12\/20161207_111712-424x239.jpg 424w, https:\/\/wp.ufpel.edu.br\/nulab\/files\/2016\/12\/20161207_111712-768x432.jpg 768w\" alt=\"20161207_111712\" width=\"200\" height=\"112\" \/><\/a>\u00a0<a href=\"https:\/\/wp.ufpel.edu.br\/nulab\/files\/2016\/12\/20161207_111731.jpg\" target=\"_blank\" rel=\"noopener noreferrer\"><img class=\"alignnone wp-image-3549 size-thumbnail\" src=\"https:\/\/wp.ufpel.edu.br\/nulab\/files\/2016\/12\/20161207_111731-212x119.jpg\" sizes=\"(max-width: 200px) 100vw, 200px\" srcset=\"https:\/\/wp.ufpel.edu.br\/nulab\/files\/2016\/12\/20161207_111731-212x119.jpg 212w, https:\/\/wp.ufpel.edu.br\/nulab\/files\/2016\/12\/20161207_111731-424x239.jpg 424w, https:\/\/wp.ufpel.edu.br\/nulab\/files\/2016\/12\/20161207_111731-768x432.jpg 768w\" alt=\"20161207_111731\" width=\"200\" height=\"112\" \/><\/a><\/p>\n<p><strong>Unidade:<\/strong>\u00a0Instituto de Biologia (IB)<br \/>\n<strong>Curso:<\/strong>\u00a0Ci\u00eancias Biol\u00f3gicas Bacharelado e Licenciatura.<br \/>\n<strong>Website:<\/strong><br \/>\n<strong>C\u00f3digo NULAB:<\/strong>\u00a090538<\/p>\n<p><strong>Descri\u00e7\u00e3o<br \/>\n<\/strong><\/p>\n<p>O Laborat\u00f3rio Gen\u00e9tica de Microrganismos, o qual coordeno, est\u00e1 lotado no Departamento de Microbiologia e Parasitologia, do Instituto de Biologia. Este laborat\u00f3rio conta com estrutura f\u00edsica adequada para desenvolvimento de pesquisas que necessitam de n\u00edvel de Biosseguran\u00e7a Classe II.<\/p>\n<p><strong>Localiza\u00e7\u00e3o<\/strong><br \/>\n<strong>Campus:<\/strong>\u00a0Cap\u00e3o do Le\u00e3o<br \/>\n<strong>Pr\u00e9dio\/Bloco:<\/strong>\u00a018<br \/>\n<strong>Sala:<\/strong>\u00a01<\/p>\n<p><strong>Contato<\/strong><br \/>\n<strong>Nome:<\/strong>\u00a0Profa. Dulcin\u00e9a Blum Menezes<br \/>\n<strong>E-mail<\/strong>: dulceblumen@gmail.com<\/p>\n<p><strong>Equipamentos<br \/>\n<\/strong>Capelas Microbiol\u00f3gicas de Fluxo L\u00e2minas<br \/>\nDNA Workstation<br \/>\nTermociclador<br \/>\nUltracentr\u00edfuga Refrigerada<br \/>\nShaker Climatizado<br \/>\nRefrigeradores<br \/>\nFreezer a -20oC<br \/>\nB.O.D.<br \/>\nIncubadora de Bancada<br \/>\nEsta\u00e7\u00e3o de Tratamento de \u00c1gua N\u00edvel Milique<br \/>\nAutoclave<br \/>\npHmetro<br \/>\nBalan\u00e7a Anal\u00edtica<br \/>\nMicro-ondas<\/p>\n","protected":false},"excerpt":{"rendered":"<p>\u00a0 Unidade:\u00a0Instituto de Biologia (IB) Curso:\u00a0Ci\u00eancias Biol\u00f3gicas Bacharelado e Licenciatura. Website: C\u00f3digo NULAB:\u00a090538 Descri\u00e7\u00e3o O Laborat\u00f3rio Gen\u00e9tica de Microrganismos, o qual coordeno, est\u00e1 lotado no Departamento de Microbiologia e Parasitologia, do Instituto de Biologia. Este laborat\u00f3rio conta com estrutura f\u00edsica adequada para desenvolvimento de pesquisas que necessitam de n\u00edvel de Biosseguran\u00e7a Classe II. Localiza\u00e7\u00e3o Campus:\u00a0Cap\u00e3o [&hellip;]<\/p>\n","protected":false},"author":488,"featured_media":0,"parent":516,"menu_order":0,"comment_status":"closed","ping_status":"closed","template":"","meta":{"jetpack_post_was_ever_published":false,"footnotes":""},"class_list":["post-4615","page","type-page","status-publish","hentry"],"jetpack_sharing_enabled":true,"jetpack_shortlink":"https:\/\/wp.me\/P6S2gY-1cr","_links":{"self":[{"href":"https:\/\/wp.ufpel.edu.br\/ib\/wp-json\/wp\/v2\/pages\/4615","targetHints":{"allow":["GET"]}}],"collection":[{"href":"https:\/\/wp.ufpel.edu.br\/ib\/wp-json\/wp\/v2\/pages"}],"about":[{"href":"https:\/\/wp.ufpel.edu.br\/ib\/wp-json\/wp\/v2\/types\/page"}],"author":[{"embeddable":true,"href":"https:\/\/wp.ufpel.edu.br\/ib\/wp-json\/wp\/v2\/users\/488"}],"replies":[{"embeddable":true,"href":"https:\/\/wp.ufpel.edu.br\/ib\/wp-json\/wp\/v2\/comments?post=4615"}],"version-history":[{"count":1,"href":"https:\/\/wp.ufpel.edu.br\/ib\/wp-json\/wp\/v2\/pages\/4615\/revisions"}],"predecessor-version":[{"id":4617,"href":"https:\/\/wp.ufpel.edu.br\/ib\/wp-json\/wp\/v2\/pages\/4615\/revisions\/4617"}],"up":[{"embeddable":true,"href":"https:\/\/wp.ufpel.edu.br\/ib\/wp-json\/wp\/v2\/pages\/516"}],"wp:attachment":[{"href":"https:\/\/wp.ufpel.edu.br\/ib\/wp-json\/wp\/v2\/media?parent=4615"}],"curies":[{"name":"wp","href":"https:\/\/api.w.org\/{rel}","templated":true}]}}

Laboratório Genética de Microrganismos

<p><a href="https://wp.ufpel.edu.br/nulab/files/2016/12/20161207_111712.jpg" target="_blank" rel="noopener noreferrer"><img class="alignnone wp-image-3548 size-thumbnail" src="https://wp.ufpel.edu.br/nulab/files/2016/12/20161207_111712-212x119.jpg" sizes="(max-width: 200px) 100vw, 200px" srcset="https://wp.ufpel.edu.br/nulab/files/2016/12/20161207_111712-212x119.jpg 212w, https://wp.ufpel.edu.br/nulab/files/2016/12/20161207_111712-424x239.jpg 424w, https://wp.ufpel.edu.br/nulab/files/2016/12/20161207_111712-768x432.jpg 768w" alt="20161207_111712" width="200" height="112" /></a> <a href="https://wp.ufpel.edu.br/nulab/files/2016/12/20161207_111731.jpg" target="_blank" rel="noopener noreferrer"><img class="alignnone wp-image-3549 size-thumbnail" src="https://wp.ufpel.edu.br/nulab/files/2016/12/20161207_111731-212x119.jpg" sizes="(max-width: 200px) 100vw, 200px" srcset="https://wp.ufpel.edu.br/nulab/files/2016/12/20161207_111731-212x119.jpg 212w, https://wp.ufpel.edu.br/nulab/files/2016/12/20161207_111731-424x239.jpg 424w, https://wp.ufpel.edu.br/nulab/files/2016/12/20161207_111731-768x432.jpg 768w" alt="20161207_111731" width="200" height="112" /></a></p>
<p><strong>Unidade:</strong> Instituto de Biologia (IB)<br />
<strong>Curso:</strong> Ciências Biológicas Bacharelado e Licenciatura.<br />
<strong>Website:</strong><br />
<strong>Código NULAB:</strong> 90538</p>
<p><strong>Descrição<br />
</strong></p>
<p>O Laboratório Genética de Microrganismos, o qual coordeno, está lotado no Departamento de Microbiologia e Parasitologia, do Instituto de Biologia. Este laboratório conta com estrutura física adequada para desenvolvimento de pesquisas que necessitam de nível de Biossegurança Classe II.</p>
<p><strong>Localização</strong><br />
<strong>Campus:</strong> Capão do Leão<br />
<strong>Prédio/Bloco:</strong> 18<br />
<strong>Sala:</strong> 1</p>
<p><strong>Contato</strong><br />
<strong>Nome:</strong> Profa. Dulcinéa Blum Menezes<br />
<strong>E-mail</strong>: dulceblumen@gmail.com</p>
<p><strong>Equipamentos<br />
</strong>Capelas Microbiológicas de Fluxo Lâminas<br />
DNA Workstation<br />
Termociclador<br />
Ultracentrífuga Refrigerada<br />
Shaker Climatizado<br />
Refrigeradores<br />
Freezer a -20oC<br />
B.O.D.<br />
Incubadora de Bancada<br />
Estação de Tratamento de Água Nível Milique<br />
Autoclave<br />
pHmetro<br />
Balança Analítica<br />
Micro-ondas</p>

<p>  Unidade: Instituto de Biologia (IB) Curso: Ciências Biológicas Bacharelado e Licenciatura. Website: Código NULAB: 90538 Descrição O Laboratório Genética de Microrganismos, o qual coordeno, está lotado no Departamento de Microbiologia e Parasitologia, do Instituto de Biologia. Este laboratório conta com estrutura física adequada para desenvolvimento de pesquisas que necessitam de nível de Biossegurança Classe II. Localização Campus: Capão [&hellip;]</p>
