{"id":4573,"date":"2023-10-05T14:47:45","date_gmt":"2023-10-05T17:47:45","guid":{"rendered":"https:\/\/wp.ufpel.edu.br\/ib\/?page_id=4573"},"modified":"2026-02-12T19:16:48","modified_gmt":"2026-02-12T22:16:48","slug":"laboratorio-de-zoologia-de-invertebrados-invert","status":"publish","type":"page","link":"https:\/\/wp.ufpel.edu.br\/ib\/laboratorios-didaticos\/laboratorio-de-zoologia-de-invertebrados-invert\/","title":{"rendered":"Laborat\u00f3rio de Zoologia de Invertebrados (INVERT)"},"content":{"rendered":"<p><a href=\"https:\/\/wp.ufpel.edu.br\/nulab\/files\/2016\/11\/P1010491.jpg\" target=\"_blank\" rel=\"noopener noreferrer\"><img class=\"alignnone wp-image-3369 size-thumbnail\" src=\"https:\/\/wp.ufpel.edu.br\/nulab\/files\/2016\/11\/P1010491-212x159.jpg\" sizes=\"(max-width: 200px) 100vw, 200px\" srcset=\"https:\/\/wp.ufpel.edu.br\/nulab\/files\/2016\/11\/P1010491-212x159.jpg 212w, https:\/\/wp.ufpel.edu.br\/nulab\/files\/2016\/11\/P1010491-424x318.jpg 424w, https:\/\/wp.ufpel.edu.br\/nulab\/files\/2016\/11\/P1010491-768x576.jpg 768w\" alt=\"p1010491\" width=\"200\" height=\"150\" \/><\/a>\u00a0<a href=\"https:\/\/wp.ufpel.edu.br\/nulab\/files\/2016\/11\/P1010492.jpg\" target=\"_blank\" rel=\"noopener noreferrer\"><img class=\"alignnone wp-image-3370 size-thumbnail\" src=\"https:\/\/wp.ufpel.edu.br\/nulab\/files\/2016\/11\/P1010492-212x159.jpg\" sizes=\"(max-width: 200px) 100vw, 200px\" srcset=\"https:\/\/wp.ufpel.edu.br\/nulab\/files\/2016\/11\/P1010492-212x159.jpg 212w, https:\/\/wp.ufpel.edu.br\/nulab\/files\/2016\/11\/P1010492-424x318.jpg 424w, https:\/\/wp.ufpel.edu.br\/nulab\/files\/2016\/11\/P1010492-768x576.jpg 768w\" alt=\"p1010492\" width=\"200\" height=\"150\" \/><\/a><\/p>\n<p><strong>Unidade:<\/strong>\u00a0Instituto de Biologia (IB)<br \/>\n<strong>Curso:<\/strong>\u00a0Ci\u00eancias Biol\u00f3gicas, Agronomia, Biotecnologia<br \/>\n<strong>C\u00f3digo NULAB:<\/strong>\u00a090521<\/p>\n<p><strong>Descri\u00e7\u00e3o<br \/>\n<\/strong>O Laborat\u00f3rio de Invertebrados est\u00e1 estruturado e equipado para o desenvolvimento de estudos e pesquisas cient\u00edficas nas \u00e1reas da Morfologia, Citogen\u00e9tica e Bioac\u00fastica, atendendo o Instituto de Biologia da UFPel, bem como outros institutos ou departamentos de \u00e1reas relacionadas. Atualmente \u00e9 coordenado pelo Professor Edison Zefa que desenvolve pesquisa cient\u00edfica nas \u00e1reas de Comportamento, Bioac\u00fastica, Citogen\u00e9tica e Taxonomia de Orthoptera.<\/p>\n<p><strong>Localiza\u00e7\u00e3o<\/strong><br \/>\n<strong>Campus:<\/strong>\u00a0Cap\u00e3o do Le\u00e3o<br \/>\n<strong>Pr\u00e9dio\/Bloco:<\/strong>\u00a023<br \/>\n<strong>Sala:<\/strong>\u00a07<\/p>\n<p><strong>Contato<\/strong><br \/>\n<strong>Nome:<\/strong>\u00a0Prof.\u00a0Edison Zefa<br \/>\n<strong>E-mail<\/strong>: edzefa@gmail.com<\/p>\n<p><strong>Equipamentos<\/strong><br \/>\nEstereomicrosc\u00f3pios com c\u00e2mara clara<br \/>\nEstereomicrosc\u00f3pios Zeiss Discovery V20 equipados para captura de imagens<br \/>\nMicrosc\u00f3pios \u00f3pticos com c\u00e2mera digital<br \/>\nC\u00e2meras digitais port\u00e1teis<br \/>\nFilmadora digital<br \/>\nGravador NagraE<br \/>\nGravador Sony-DAT<br \/>\nGravadores digitais<br \/>\nMicrofones direcionais e parab\u00f3lica<\/p>\n<p><a href=\"https:\/\/drive.google.com\/file\/d\/1JhGML34X8L1dsh2IcmtdywrAryFmh0tu\/view?usp=sharing\" target=\"_blank\" rel=\"noopener\">Regimento<\/a> &#8211;<\/p>\n<p>Plano de gerenciamento de res\u00edduos &#8211;<\/p>\n","protected":false},"excerpt":{"rendered":"<p>\u00a0 Unidade:\u00a0Instituto de Biologia (IB) Curso:\u00a0Ci\u00eancias Biol\u00f3gicas, Agronomia, Biotecnologia C\u00f3digo NULAB:\u00a090521 Descri\u00e7\u00e3o O Laborat\u00f3rio de Invertebrados est\u00e1 estruturado e equipado para o desenvolvimento de estudos e pesquisas cient\u00edficas nas \u00e1reas da Morfologia, Citogen\u00e9tica e Bioac\u00fastica, atendendo o Instituto de Biologia da UFPel, bem como outros institutos ou departamentos de \u00e1reas relacionadas. Atualmente \u00e9 coordenado pelo [&hellip;]<\/p>\n","protected":false},"author":488,"featured_media":0,"parent":516,"menu_order":0,"comment_status":"closed","ping_status":"closed","template":"","meta":{"jetpack_post_was_ever_published":false,"footnotes":""},"class_list":["post-4573","page","type-page","status-publish","hentry"],"jetpack_sharing_enabled":true,"jetpack_shortlink":"https:\/\/wp.me\/P6S2gY-1bL","_links":{"self":[{"href":"https:\/\/wp.ufpel.edu.br\/ib\/wp-json\/wp\/v2\/pages\/4573","targetHints":{"allow":["GET"]}}],"collection":[{"href":"https:\/\/wp.ufpel.edu.br\/ib\/wp-json\/wp\/v2\/pages"}],"about":[{"href":"https:\/\/wp.ufpel.edu.br\/ib\/wp-json\/wp\/v2\/types\/page"}],"author":[{"embeddable":true,"href":"https:\/\/wp.ufpel.edu.br\/ib\/wp-json\/wp\/v2\/users\/488"}],"replies":[{"embeddable":true,"href":"https:\/\/wp.ufpel.edu.br\/ib\/wp-json\/wp\/v2\/comments?post=4573"}],"version-history":[{"count":3,"href":"https:\/\/wp.ufpel.edu.br\/ib\/wp-json\/wp\/v2\/pages\/4573\/revisions"}],"predecessor-version":[{"id":4720,"href":"https:\/\/wp.ufpel.edu.br\/ib\/wp-json\/wp\/v2\/pages\/4573\/revisions\/4720"}],"up":[{"embeddable":true,"href":"https:\/\/wp.ufpel.edu.br\/ib\/wp-json\/wp\/v2\/pages\/516"}],"wp:attachment":[{"href":"https:\/\/wp.ufpel.edu.br\/ib\/wp-json\/wp\/v2\/media?parent=4573"}],"curies":[{"name":"wp","href":"https:\/\/api.w.org\/{rel}","templated":true}]}}

Laboratório de Zoologia de Invertebrados (INVERT)

<p><a href="https://wp.ufpel.edu.br/nulab/files/2016/11/P1010491.jpg" target="_blank" rel="noopener noreferrer"><img class="alignnone wp-image-3369 size-thumbnail" src="https://wp.ufpel.edu.br/nulab/files/2016/11/P1010491-212x159.jpg" sizes="(max-width: 200px) 100vw, 200px" srcset="https://wp.ufpel.edu.br/nulab/files/2016/11/P1010491-212x159.jpg 212w, https://wp.ufpel.edu.br/nulab/files/2016/11/P1010491-424x318.jpg 424w, https://wp.ufpel.edu.br/nulab/files/2016/11/P1010491-768x576.jpg 768w" alt="p1010491" width="200" height="150" /></a> <a href="https://wp.ufpel.edu.br/nulab/files/2016/11/P1010492.jpg" target="_blank" rel="noopener noreferrer"><img class="alignnone wp-image-3370 size-thumbnail" src="https://wp.ufpel.edu.br/nulab/files/2016/11/P1010492-212x159.jpg" sizes="(max-width: 200px) 100vw, 200px" srcset="https://wp.ufpel.edu.br/nulab/files/2016/11/P1010492-212x159.jpg 212w, https://wp.ufpel.edu.br/nulab/files/2016/11/P1010492-424x318.jpg 424w, https://wp.ufpel.edu.br/nulab/files/2016/11/P1010492-768x576.jpg 768w" alt="p1010492" width="200" height="150" /></a></p>
<p><strong>Unidade:</strong> Instituto de Biologia (IB)<br />
<strong>Curso:</strong> Ciências Biológicas, Agronomia, Biotecnologia<br />
<strong>Código NULAB:</strong> 90521</p>
<p><strong>Descrição<br />
</strong>O Laboratório de Invertebrados está estruturado e equipado para o desenvolvimento de estudos e pesquisas científicas nas áreas da Morfologia, Citogenética e Bioacústica, atendendo o Instituto de Biologia da UFPel, bem como outros institutos ou departamentos de áreas relacionadas. Atualmente é coordenado pelo Professor Edison Zefa que desenvolve pesquisa científica nas áreas de Comportamento, Bioacústica, Citogenética e Taxonomia de Orthoptera.</p>
<p><strong>Localização</strong><br />
<strong>Campus:</strong> Capão do Leão<br />
<strong>Prédio/Bloco:</strong> 23<br />
<strong>Sala:</strong> 7</p>
<p><strong>Contato</strong><br />
<strong>Nome:</strong> Prof. Edison Zefa<br />
<strong>E-mail</strong>: edzefa@gmail.com</p>
<p><strong>Equipamentos</strong><br />
Estereomicroscópios com câmara clara<br />
Estereomicroscópios Zeiss Discovery V20 equipados para captura de imagens<br />
Microscópios ópticos com câmera digital<br />
Câmeras digitais portáteis<br />
Filmadora digital<br />
Gravador NagraE<br />
Gravador Sony-DAT<br />
Gravadores digitais<br />
Microfones direcionais e parabólica</p>
<p><a href="https://drive.google.com/file/d/1JhGML34X8L1dsh2IcmtdywrAryFmh0tu/view?usp=sharing" target="_blank" rel="noopener">Regimento</a> &#8211;</p>
<p>Plano de gerenciamento de resíduos &#8211;</p>

<p>  Unidade: Instituto de Biologia (IB) Curso: Ciências Biológicas, Agronomia, Biotecnologia Código NULAB: 90521 Descrição O Laboratório de Invertebrados está estruturado e equipado para o desenvolvimento de estudos e pesquisas científicas nas áreas da Morfologia, Citogenética e Bioacústica, atendendo o Instituto de Biologia da UFPel, bem como outros institutos ou departamentos de áreas relacionadas. Atualmente é coordenado pelo [&hellip;]</p>
