{"id":332,"date":"2015-08-15T22:51:28","date_gmt":"2015-08-16T01:51:28","guid":{"rendered":"https:\/\/wp.ufpel.edu.br\/ib\/?page_id=332"},"modified":"2019-02-11T08:59:48","modified_gmt":"2019-02-11T10:59:48","slug":"rafael-antunes-dias","status":"publish","type":"page","link":"https:\/\/wp.ufpel.edu.br\/ib\/rafael-antunes-dias\/","title":{"rendered":"Rafael Antunes Dias"},"content":{"rendered":"<p><strong>\u00a0Rafael Antunes Dias &#8211;<\/strong>\u00a0Professor\u00a0Auxiliar<\/p>\n<p><strong>Pr\u00e9dio:<\/strong>\u00a023 (<em>Campus<\/em> Cap\u00e3o do Le\u00e3o)<\/p>\n<p><strong>Sala: <\/strong>Identifica\u00e7\u00e3o na porta<\/p>\n<p><strong>Telefone:<\/strong><\/p>\n<p><strong>E-mail:<\/strong>\u00a0rafael.dias@ufpel.edu.br<\/p>\n<p><a href=\"http:\/\/lattes.cnpq.br\/2418010151929319\"><strong>Lattes<\/strong><\/a><\/p>\n<p>&nbsp;<\/p>\n<p><strong>Disciplinas:<\/strong><\/p>\n<p><em>Gradua\u00e7\u00e3o<\/em><\/p>\n<p>&#8211; Ecologia III<\/p>\n<p>&#8211; Ecologia Geral II<\/p>\n<p>&#8211; Fundamentos de Biogeografia<\/p>\n<p>&#8211; Biologia da Conserva\u00e7\u00e3o<\/p>\n<p>&#8211; Invent\u00e1rios de Fauna: Aspectos Te\u00f3ricos e Anal\u00edticos<\/p>\n<p>&nbsp;<\/p>\n<p><strong>Linhas de pesquisa:<\/strong><\/p>\n<p>\u2013 Estrutura\u00e7\u00e3o de comunidades ecol\u00f3gicas;<\/p>\n<p>\u2013 Mensura\u00e7\u00e3o e conserva\u00e7\u00e3o da diversidade animal;<\/p>\n<p>\u2013 Ecologia funcional (\u00eanfase em aves).<\/p>\n<p>&nbsp;<\/p>\n","protected":false},"excerpt":{"rendered":"<p>\u00a0Rafael Antunes Dias &#8211;\u00a0Professor\u00a0Auxiliar Pr\u00e9dio:\u00a023 (Campus Cap\u00e3o do Le\u00e3o) Sala: Identifica\u00e7\u00e3o na porta Telefone: E-mail:\u00a0rafael.dias@ufpel.edu.br Lattes &nbsp; Disciplinas: Gradua\u00e7\u00e3o &#8211; Ecologia III &#8211; Ecologia Geral II &#8211; Fundamentos de Biogeografia &#8211; Biologia da Conserva\u00e7\u00e3o &#8211; Invent\u00e1rios de Fauna: Aspectos Te\u00f3ricos e Anal\u00edticos &nbsp; Linhas de pesquisa: \u2013 Estrutura\u00e7\u00e3o de comunidades ecol\u00f3gicas; \u2013 Mensura\u00e7\u00e3o e conserva\u00e7\u00e3o [&hellip;]<\/p>\n","protected":false},"author":488,"featured_media":0,"parent":0,"menu_order":0,"comment_status":"closed","ping_status":"closed","template":"","meta":{"jetpack_post_was_ever_published":false,"footnotes":""},"class_list":["post-332","page","type-page","status-publish","hentry"],"jetpack_sharing_enabled":true,"jetpack_shortlink":"https:\/\/wp.me\/P6S2gY-5m","_links":{"self":[{"href":"https:\/\/wp.ufpel.edu.br\/ib\/wp-json\/wp\/v2\/pages\/332","targetHints":{"allow":["GET"]}}],"collection":[{"href":"https:\/\/wp.ufpel.edu.br\/ib\/wp-json\/wp\/v2\/pages"}],"about":[{"href":"https:\/\/wp.ufpel.edu.br\/ib\/wp-json\/wp\/v2\/types\/page"}],"author":[{"embeddable":true,"href":"https:\/\/wp.ufpel.edu.br\/ib\/wp-json\/wp\/v2\/users\/488"}],"replies":[{"embeddable":true,"href":"https:\/\/wp.ufpel.edu.br\/ib\/wp-json\/wp\/v2\/comments?post=332"}],"version-history":[{"count":6,"href":"https:\/\/wp.ufpel.edu.br\/ib\/wp-json\/wp\/v2\/pages\/332\/revisions"}],"predecessor-version":[{"id":1220,"href":"https:\/\/wp.ufpel.edu.br\/ib\/wp-json\/wp\/v2\/pages\/332\/revisions\/1220"}],"wp:attachment":[{"href":"https:\/\/wp.ufpel.edu.br\/ib\/wp-json\/wp\/v2\/media?parent=332"}],"curies":[{"name":"wp","href":"https:\/\/api.w.org\/{rel}","templated":true}]}}

<p><strong> Rafael Antunes Dias &#8211;</strong> Professor Auxiliar</p>
<p><strong>Prédio:</strong> 23 (<em>Campus</em> Capão do Leão)</p>
<p><strong>Sala: </strong>Identificação na porta</p>
<p><strong>Telefone:</strong></p>
<p><strong>E-mail:</strong> rafael.dias@ufpel.edu.br</p>
<p><a href="http://lattes.cnpq.br/2418010151929319"><strong>Lattes</strong></a></p>
<p>&nbsp;</p>
<p><strong>Disciplinas:</strong></p>
<p><em>Graduação</em></p>
<p>&#8211; Ecologia III</p>
<p>&#8211; Ecologia Geral II</p>
<p>&#8211; Fundamentos de Biogeografia</p>
<p>&#8211; Biologia da Conservação</p>
<p>&#8211; Inventários de Fauna: Aspectos Teóricos e Analíticos</p>
<p>&nbsp;</p>
<p><strong>Linhas de pesquisa:</strong></p>
<p>– Estruturação de comunidades ecológicas;</p>
<p>– Mensuração e conservação da diversidade animal;</p>
<p>– Ecologia funcional (ênfase em aves).</p>
<p>&nbsp;</p>

<p> Rafael Antunes Dias &#8211; Professor Auxiliar Prédio: 23 (Campus Capão do Leão) Sala: Identificação na porta Telefone: E-mail: rafael.dias@ufpel.edu.br Lattes &nbsp; Disciplinas: Graduação &#8211; Ecologia III &#8211; Ecologia Geral II &#8211; Fundamentos de Biogeografia &#8211; Biologia da Conservação &#8211; Inventários de Fauna: Aspectos Teóricos e Analíticos &nbsp; Linhas de pesquisa: – Estruturação de comunidades ecológicas; – Mensuração e conservação [&hellip;]</p>
