{"id":294,"date":"2015-08-15T22:35:30","date_gmt":"2015-08-16T01:35:30","guid":{"rendered":"https:\/\/wp.ufpel.edu.br\/ib\/?page_id=294"},"modified":"2022-07-22T15:37:53","modified_gmt":"2022-07-22T18:37:53","slug":"leila-de-fatima-nogueira-macias","status":"publish","type":"page","link":"https:\/\/wp.ufpel.edu.br\/ib\/leila-de-fatima-nogueira-macias\/","title":{"rendered":"Leila de F\u00e1tima Nogueira Macias"},"content":{"rendered":"<p style=\"text-align: justify;\"><strong>\u00a0Leila de F\u00e1tima Nogueira Macias &#8211;<\/strong> Professor Titular (Aposentadoria PORTARIA N\u00ba 290, DE 21 DE FEVEREIRO DE 2022)<\/p>\n<p><strong>Pr\u00e9dio:<\/strong>\u00a022 (Campus Cap\u00e3o do Le\u00e3o)<\/p>\n<p><strong>Sala:<\/strong>\u00a0Identifica\u00e7\u00e3o na porta<\/p>\n<p><strong>Telefone:<\/strong><strong>\u00a0<\/strong>(53)\u00a03275-7342<\/p>\n<p><strong>E-mail:<\/strong><strong>\u00a0<\/strong>lfnmacias@gmail.com<\/p>\n<p><a href=\"http:\/\/lattes.cnpq.br\/2741219141701996\"><strong>Lattes<\/strong><\/a><\/p>\n<p>&nbsp;<\/p>\n<p><strong>Disciplinas:<\/strong><\/p>\n<p><em>Gradua\u00e7\u00e3o<\/em><\/p>\n<p>&#8211; Morfologia de Faner\u00f3gamas &#8211; Curso de Ci\u00eancias Biol\u00f3gicas<\/p>\n<p>&#8211; Sistem\u00e1tica de Faner\u00f3gamas &#8211; Curso de Ci\u00eancias Biol\u00f3gicas<\/p>\n<p>&#8211; Morfologia e Sistem\u00e1tica de Faner\u00f3gamas<\/p>\n<p><em>P\u00f3s-Gradua\u00e7\u00e3o<\/em><\/p>\n<p>&#8211; T\u00f3picos em Biologia &#8211; PPG Ensino de Ci\u00eancias e Matem\u00e1tica<\/p>\n<p>&#8211; Eco-Morfologia de Frutos &#8211; PPG Fruticultura<\/p>\n<p>&#8211; Biologia Floral e Dispers\u00e3o de Angiospermas<\/p>\n<p>&#8211; Biologia e suas Metodologias &#8211; PPG Ensino de Ci\u00eancias e Matem\u00e1tica<\/p>\n<p>&nbsp;<\/p>\n<p><strong>Linhas de pesquisa:<\/strong><\/p>\n<p>&#8211; Ensino de Bot\u00e2nica<\/p>\n","protected":false},"excerpt":{"rendered":"<p>\u00a0Leila de F\u00e1tima Nogueira Macias &#8211; Professor Titular (Aposentadoria PORTARIA N\u00ba 290, DE 21 DE FEVEREIRO DE 2022) Pr\u00e9dio:\u00a022 (Campus Cap\u00e3o do Le\u00e3o) Sala:\u00a0Identifica\u00e7\u00e3o na porta Telefone:\u00a0(53)\u00a03275-7342 E-mail:\u00a0lfnmacias@gmail.com Lattes &nbsp; Disciplinas: Gradua\u00e7\u00e3o &#8211; Morfologia de Faner\u00f3gamas &#8211; Curso de Ci\u00eancias Biol\u00f3gicas &#8211; Sistem\u00e1tica de Faner\u00f3gamas &#8211; Curso de Ci\u00eancias Biol\u00f3gicas &#8211; Morfologia e Sistem\u00e1tica de [&hellip;]<\/p>\n","protected":false},"author":488,"featured_media":0,"parent":0,"menu_order":0,"comment_status":"closed","ping_status":"closed","template":"","meta":{"jetpack_post_was_ever_published":false,"footnotes":""},"class_list":["post-294","page","type-page","status-publish","hentry"],"jetpack_sharing_enabled":true,"jetpack_shortlink":"https:\/\/wp.me\/P6S2gY-4K","_links":{"self":[{"href":"https:\/\/wp.ufpel.edu.br\/ib\/wp-json\/wp\/v2\/pages\/294","targetHints":{"allow":["GET"]}}],"collection":[{"href":"https:\/\/wp.ufpel.edu.br\/ib\/wp-json\/wp\/v2\/pages"}],"about":[{"href":"https:\/\/wp.ufpel.edu.br\/ib\/wp-json\/wp\/v2\/types\/page"}],"author":[{"embeddable":true,"href":"https:\/\/wp.ufpel.edu.br\/ib\/wp-json\/wp\/v2\/users\/488"}],"replies":[{"embeddable":true,"href":"https:\/\/wp.ufpel.edu.br\/ib\/wp-json\/wp\/v2\/comments?post=294"}],"version-history":[{"count":17,"href":"https:\/\/wp.ufpel.edu.br\/ib\/wp-json\/wp\/v2\/pages\/294\/revisions"}],"predecessor-version":[{"id":3641,"href":"https:\/\/wp.ufpel.edu.br\/ib\/wp-json\/wp\/v2\/pages\/294\/revisions\/3641"}],"wp:attachment":[{"href":"https:\/\/wp.ufpel.edu.br\/ib\/wp-json\/wp\/v2\/media?parent=294"}],"curies":[{"name":"wp","href":"https:\/\/api.w.org\/{rel}","templated":true}]}}

Leila de Fátima Nogueira Macias

<p style="text-align: justify;"><strong> Leila de Fátima Nogueira Macias &#8211;</strong> Professor Titular (Aposentadoria PORTARIA Nº 290, DE 21 DE FEVEREIRO DE 2022)</p>
<p><strong>Prédio:</strong> 22 (Campus Capão do Leão)</p>
<p><strong>Sala:</strong> Identificação na porta</p>
<p><strong>Telefone:</strong><strong> </strong>(53) 3275-7342</p>
<p><strong>E-mail:</strong><strong> </strong>lfnmacias@gmail.com</p>
<p><a href="http://lattes.cnpq.br/2741219141701996"><strong>Lattes</strong></a></p>
<p>&nbsp;</p>
<p><strong>Disciplinas:</strong></p>
<p><em>Graduação</em></p>
<p>&#8211; Morfologia de Fanerógamas &#8211; Curso de Ciências Biológicas</p>
<p>&#8211; Sistemática de Fanerógamas &#8211; Curso de Ciências Biológicas</p>
<p>&#8211; Morfologia e Sistemática de Fanerógamas</p>
<p><em>Pós-Graduação</em></p>
<p>&#8211; Tópicos em Biologia &#8211; PPG Ensino de Ciências e Matemática</p>
<p>&#8211; Eco-Morfologia de Frutos &#8211; PPG Fruticultura</p>
<p>&#8211; Biologia Floral e Dispersão de Angiospermas</p>
<p>&#8211; Biologia e suas Metodologias &#8211; PPG Ensino de Ciências e Matemática</p>
<p>&nbsp;</p>
<p><strong>Linhas de pesquisa:</strong></p>
<p>&#8211; Ensino de Botânica</p>

<p> Leila de Fátima Nogueira Macias &#8211; Professor Titular (Aposentadoria PORTARIA Nº 290, DE 21 DE FEVEREIRO DE 2022) Prédio: 22 (Campus Capão do Leão) Sala: Identificação na porta Telefone: (53) 3275-7342 E-mail: lfnmacias@gmail.com Lattes &nbsp; Disciplinas: Graduação &#8211; Morfologia de Fanerógamas &#8211; Curso de Ciências Biológicas &#8211; Sistemática de Fanerógamas &#8211; Curso de Ciências Biológicas &#8211; Morfologia e Sistemática de [&hellip;]</p>
