{"id":255,"date":"2015-08-15T22:27:14","date_gmt":"2015-08-16T01:27:14","guid":{"rendered":"https:\/\/wp.ufpel.edu.br\/ib\/?page_id=255"},"modified":"2016-02-15T08:42:41","modified_gmt":"2016-02-15T10:42:41","slug":"fabio-ricardo-pablos-de-souza","status":"publish","type":"page","link":"https:\/\/wp.ufpel.edu.br\/ib\/fabio-ricardo-pablos-de-souza\/","title":{"rendered":"F\u00e1bio Ricardo Pablos de Souza"},"content":{"rendered":"<p><strong>F\u00e1bio Ricardo Pablos de Souza\u00a0&#8211;<\/strong>\u00a0Professor\u00a0Adjunto<\/p>\n<p><strong>Pr\u00e9dio:<\/strong>\u00a023 (Campus Cap\u00e3o do Le\u00e3o)<\/p>\n<p><strong>Sala:<\/strong><\/p>\n<p><strong>Telefone:<\/strong><strong>\u00a0<\/strong><\/p>\n<p><strong>E-mail:<\/strong><\/p>\n<p><a href=\"http:\/\/buscatextual.cnpq.br\/buscatextual\/visualizacv.do?id=K4766350D5\"><strong>Lattes<\/strong><\/a><\/p>\n<p><strong>Disciplinas que ministra:<\/strong><br \/>\nGradua\u00e7\u00e3o<br \/>\n-Gen\u00e9tica aplicada \u00e0 Psicologia, Gen\u00e9tica e evolu\u00e7\u00e3o humana, Biologia molecular<\/p>\n<p>P\u00f3s-gradua\u00e7\u00e3o<br \/>\n-Evolu\u00e7\u00e3o, T\u00f3picos de Gen\u00e9tica Molecular Aplicada \u00e0 Estudos da Biodiversidade<\/p>\n<p>&nbsp;<\/p>\n<p><strong>Linhas de pesquisa:<\/strong><br \/>\n-Biologia molecular aplicada ao melhoramento de animais dom\u00e9sticos, Diversidade gen\u00e9tica de popula\u00e7\u00f5es naturais<\/p>\n","protected":false},"excerpt":{"rendered":"<p>F\u00e1bio Ricardo Pablos de Souza\u00a0&#8211;\u00a0Professor\u00a0Adjunto Pr\u00e9dio:\u00a023 (Campus Cap\u00e3o do Le\u00e3o) Sala: Telefone:\u00a0 E-mail: Lattes Disciplinas que ministra: Gradua\u00e7\u00e3o -Gen\u00e9tica aplicada \u00e0 Psicologia, Gen\u00e9tica e evolu\u00e7\u00e3o humana, Biologia molecular P\u00f3s-gradua\u00e7\u00e3o -Evolu\u00e7\u00e3o, T\u00f3picos de Gen\u00e9tica Molecular Aplicada \u00e0 Estudos da Biodiversidade &nbsp; Linhas de pesquisa: -Biologia molecular aplicada ao melhoramento de animais dom\u00e9sticos, Diversidade gen\u00e9tica de popula\u00e7\u00f5es [&hellip;]<\/p>\n","protected":false},"author":488,"featured_media":0,"parent":0,"menu_order":0,"comment_status":"closed","ping_status":"closed","template":"","meta":{"jetpack_post_was_ever_published":false,"footnotes":""},"class_list":["post-255","page","type-page","status-publish","hentry"],"jetpack_sharing_enabled":true,"jetpack_shortlink":"https:\/\/wp.me\/P6S2gY-47","_links":{"self":[{"href":"https:\/\/wp.ufpel.edu.br\/ib\/wp-json\/wp\/v2\/pages\/255","targetHints":{"allow":["GET"]}}],"collection":[{"href":"https:\/\/wp.ufpel.edu.br\/ib\/wp-json\/wp\/v2\/pages"}],"about":[{"href":"https:\/\/wp.ufpel.edu.br\/ib\/wp-json\/wp\/v2\/types\/page"}],"author":[{"embeddable":true,"href":"https:\/\/wp.ufpel.edu.br\/ib\/wp-json\/wp\/v2\/users\/488"}],"replies":[{"embeddable":true,"href":"https:\/\/wp.ufpel.edu.br\/ib\/wp-json\/wp\/v2\/comments?post=255"}],"version-history":[{"count":4,"href":"https:\/\/wp.ufpel.edu.br\/ib\/wp-json\/wp\/v2\/pages\/255\/revisions"}],"predecessor-version":[{"id":877,"href":"https:\/\/wp.ufpel.edu.br\/ib\/wp-json\/wp\/v2\/pages\/255\/revisions\/877"}],"wp:attachment":[{"href":"https:\/\/wp.ufpel.edu.br\/ib\/wp-json\/wp\/v2\/media?parent=255"}],"curies":[{"name":"wp","href":"https:\/\/api.w.org\/{rel}","templated":true}]}}

Fábio Ricardo Pablos de Souza

<p><strong>Fábio Ricardo Pablos de Souza &#8211;</strong> Professor Adjunto</p>
<p><strong>Prédio:</strong> 23 (Campus Capão do Leão)</p>
<p><strong>Sala:</strong></p>
<p><strong>Telefone:</strong><strong> </strong></p>
<p><strong>E-mail:</strong></p>
<p><a href="http://buscatextual.cnpq.br/buscatextual/visualizacv.do?id=K4766350D5"><strong>Lattes</strong></a></p>
<p><strong>Disciplinas que ministra:</strong><br />
Graduação<br />
-Genética aplicada à Psicologia, Genética e evolução humana, Biologia molecular</p>
<p>Pós-graduação<br />
-Evolução, Tópicos de Genética Molecular Aplicada à Estudos da Biodiversidade</p>
<p>&nbsp;</p>
<p><strong>Linhas de pesquisa:</strong><br />
-Biologia molecular aplicada ao melhoramento de animais domésticos, Diversidade genética de populações naturais</p>

<p>Fábio Ricardo Pablos de Souza &#8211; Professor Adjunto Prédio: 23 (Campus Capão do Leão) Sala: Telefone:  E-mail: Lattes Disciplinas que ministra: Graduação -Genética aplicada à Psicologia, Genética e evolução humana, Biologia molecular Pós-graduação -Evolução, Tópicos de Genética Molecular Aplicada à Estudos da Biodiversidade &nbsp; Linhas de pesquisa: -Biologia molecular aplicada ao melhoramento de animais domésticos, Diversidade genética de populações [&hellip;]</p>
