{"id":253,"date":"2015-08-15T22:27:01","date_gmt":"2015-08-16T01:27:01","guid":{"rendered":"https:\/\/wp.ufpel.edu.br\/ib\/?page_id=253"},"modified":"2018-09-17T16:16:22","modified_gmt":"2018-09-17T19:16:22","slug":"eugena-jacira-bolacel-braga","status":"publish","type":"page","link":"https:\/\/wp.ufpel.edu.br\/ib\/eugena-jacira-bolacel-braga\/","title":{"rendered":"Eugena Jacira Bolacel Braga"},"content":{"rendered":"<p><strong>Eugenia Jacira Bolacel Braga &#8211;<\/strong>\u00a0Professor\u00a0Assistente<\/p>\n<p><strong>Sala:<\/strong>\u00a0LCTP, Pr\u00e9dio 14, Campus\u00a0Cap\u00e3o do Le\u00e3o<\/p>\n<p><strong>Telefone:<\/strong>\u00a0(53) 3275-7344<\/p>\n<p><strong>Endere\u00e7os eletr\u00f4nicos: <\/strong>jacirabraga@hotmail.com<\/p>\n<p><a href=\"http:\/\/lattes.cnpq.br\/7705049074927773\"><strong>Lattes<\/strong><\/a><\/p>\n<p>&nbsp;<\/p>\n<p><strong>Disciplinas:<\/strong><\/p>\n<p><em>Gradua\u00e7\u00e3o<\/em><\/p>\n<p>&#8211; Fisiologia Vegetal &#8211; Curso de Agronomia<\/p>\n<p>&#8211; Fisiologia Vegetal I \u2013 Curso de Ci\u00eancias Biol\u00f3gicas<\/p>\n<p><em>P\u00f3s-Gradua\u00e7\u00e3o<\/em><\/p>\n<p>&#8211; Crescimento e Desenvolvimento de Plantas \u2013 PPG Fisiologia Vegetal<\/p>\n<p>&#8211; Laborat\u00f3rio de Fisiologia Vegetal II &#8211; PPG Fisiologia Vegetal<\/p>\n<p>&#8211; Est\u00e1gios de Doc\u00eancia Orientado I e II &#8211; PPG Fisiologia Vegetal<\/p>\n<p>&#8211; Biotecnologia Vegetal &#8211; PPG Fisiologia Vegetal<\/p>\n<p>&#8211; Fisiologia da P\u00f3s-colheita &#8211; PPG\u00a0Fisiologia Vegetal<\/p>\n<p>&nbsp;<\/p>\n<p><strong>Linhas de pesquisa:<\/strong><\/p>\n<p>&#8211; Micropropaga\u00e7\u00e3o de Plantas<\/p>\n<p>&#8211; Fisiologia Molecular<\/p>\n","protected":false},"excerpt":{"rendered":"<p>Eugenia Jacira Bolacel Braga &#8211;\u00a0Professor\u00a0Assistente Sala:\u00a0LCTP, Pr\u00e9dio 14, Campus\u00a0Cap\u00e3o do Le\u00e3o Telefone:\u00a0(53) 3275-7344 Endere\u00e7os eletr\u00f4nicos: jacirabraga@hotmail.com Lattes &nbsp; Disciplinas: Gradua\u00e7\u00e3o &#8211; Fisiologia Vegetal &#8211; Curso de Agronomia &#8211; Fisiologia Vegetal I \u2013 Curso de Ci\u00eancias Biol\u00f3gicas P\u00f3s-Gradua\u00e7\u00e3o &#8211; Crescimento e Desenvolvimento de Plantas \u2013 PPG Fisiologia Vegetal &#8211; Laborat\u00f3rio de Fisiologia Vegetal II &#8211; PPG [&hellip;]<\/p>\n","protected":false},"author":488,"featured_media":0,"parent":0,"menu_order":0,"comment_status":"closed","ping_status":"closed","template":"","meta":{"jetpack_post_was_ever_published":false,"footnotes":""},"class_list":["post-253","page","type-page","status-publish","hentry"],"jetpack_sharing_enabled":true,"jetpack_shortlink":"https:\/\/wp.me\/P6S2gY-45","_links":{"self":[{"href":"https:\/\/wp.ufpel.edu.br\/ib\/wp-json\/wp\/v2\/pages\/253","targetHints":{"allow":["GET"]}}],"collection":[{"href":"https:\/\/wp.ufpel.edu.br\/ib\/wp-json\/wp\/v2\/pages"}],"about":[{"href":"https:\/\/wp.ufpel.edu.br\/ib\/wp-json\/wp\/v2\/types\/page"}],"author":[{"embeddable":true,"href":"https:\/\/wp.ufpel.edu.br\/ib\/wp-json\/wp\/v2\/users\/488"}],"replies":[{"embeddable":true,"href":"https:\/\/wp.ufpel.edu.br\/ib\/wp-json\/wp\/v2\/comments?post=253"}],"version-history":[{"count":8,"href":"https:\/\/wp.ufpel.edu.br\/ib\/wp-json\/wp\/v2\/pages\/253\/revisions"}],"predecessor-version":[{"id":1134,"href":"https:\/\/wp.ufpel.edu.br\/ib\/wp-json\/wp\/v2\/pages\/253\/revisions\/1134"}],"wp:attachment":[{"href":"https:\/\/wp.ufpel.edu.br\/ib\/wp-json\/wp\/v2\/media?parent=253"}],"curies":[{"name":"wp","href":"https:\/\/api.w.org\/{rel}","templated":true}]}}

<p><strong>Eugenia Jacira Bolacel Braga &#8211;</strong> Professor Assistente</p>
<p><strong>Sala:</strong> LCTP, Prédio 14, Campus Capão do Leão</p>
<p><strong>Telefone:</strong> (53) 3275-7344</p>
<p><strong>Endereços eletrônicos: </strong>jacirabraga@hotmail.com</p>
<p><a href="http://lattes.cnpq.br/7705049074927773"><strong>Lattes</strong></a></p>
<p>&nbsp;</p>
<p><strong>Disciplinas:</strong></p>
<p><em>Graduação</em></p>
<p>&#8211; Fisiologia Vegetal &#8211; Curso de Agronomia</p>
<p>&#8211; Fisiologia Vegetal I – Curso de Ciências Biológicas</p>
<p><em>Pós-Graduação</em></p>
<p>&#8211; Crescimento e Desenvolvimento de Plantas – PPG Fisiologia Vegetal</p>
<p>&#8211; Laboratório de Fisiologia Vegetal II &#8211; PPG Fisiologia Vegetal</p>
<p>&#8211; Estágios de Docência Orientado I e II &#8211; PPG Fisiologia Vegetal</p>
<p>&#8211; Biotecnologia Vegetal &#8211; PPG Fisiologia Vegetal</p>
<p>&#8211; Fisiologia da Pós-colheita &#8211; PPG Fisiologia Vegetal</p>
<p>&nbsp;</p>
<p><strong>Linhas de pesquisa:</strong></p>
<p>&#8211; Micropropagação de Plantas</p>
<p>&#8211; Fisiologia Molecular</p>

<p>Eugenia Jacira Bolacel Braga &#8211; Professor Assistente Sala: LCTP, Prédio 14, Campus Capão do Leão Telefone: (53) 3275-7344 Endereços eletrônicos: jacirabraga@hotmail.com Lattes &nbsp; Disciplinas: Graduação &#8211; Fisiologia Vegetal &#8211; Curso de Agronomia &#8211; Fisiologia Vegetal I – Curso de Ciências Biológicas Pós-Graduação &#8211; Crescimento e Desenvolvimento de Plantas – PPG Fisiologia Vegetal &#8211; Laboratório de Fisiologia Vegetal II &#8211; PPG [&hellip;]</p>
