{"id":232,"date":"2015-08-15T22:22:35","date_gmt":"2015-08-16T01:22:35","guid":{"rendered":"https:\/\/wp.ufpel.edu.br\/ib\/?page_id=232"},"modified":"2016-02-07T01:29:18","modified_gmt":"2016-02-07T03:29:18","slug":"cristiano-agra-iserhard","status":"publish","type":"page","link":"https:\/\/wp.ufpel.edu.br\/ib\/cristiano-agra-iserhard\/","title":{"rendered":"Cristiano Agra Iserhard"},"content":{"rendered":"<p><strong>Cristiano Agra Iserhard &#8211;<\/strong>\u00a0Professor\u00a0Adjunto<\/p>\n<p><strong>Pr\u00e9dio:<\/strong>\u00a023 (Campus Cap\u00e3o do Le\u00e3o)<\/p>\n<p><strong>Sala:<\/strong>\u00a0Identificada na porta<\/p>\n<p><strong>Telefone:<\/strong><strong>\u00a0<\/strong>(53)\u00a03275-7340<\/p>\n<p><strong>E-mail:<\/strong>\u00a0cristianoagra@yahoo.com.br<\/p>\n<p><a href=\"http:\/\/lattes.cnpq.br\/6722497708487528\"><strong>Lattes<\/strong><\/a><\/p>\n<p>&nbsp;<\/p>\n<p><strong>Disciplinas:<\/strong><\/p>\n<p><em>Gradua\u00e7\u00e3o<\/em><\/p>\n<p>&#8211; Invent\u00e1rios de Fauna: aspectos te\u00f3ricos e anal\u00edticos &#8211; Curso de Ci\u00eancias Biol\u00f3gicas;<\/p>\n<p>&#8211; Ecologia II &#8211; Curso de Ci\u00eancias Biol\u00f3gicas;<\/p>\n<p>&#8211; Ecologia &#8211; Curso de Agronomia;<\/p>\n<p>&#8211; Ecologia &#8211; Curso de Engenharia Agr\u00edcola;<\/p>\n<p>&#8211; Ecologia &#8211; Curso de Engenharia Industrial Madeireira;<\/p>\n<p>&#8211; Zoologia de Campo &#8211; Curso de Ci\u00eancias Biol\u00f3gicas.<\/p>\n<p>&nbsp;<\/p>\n<p>&nbsp;<\/p>\n<p><strong>Linhas de pesquisa:<\/strong><\/p>\n<p>&#8211; Ecologia de Comunidades;<\/p>\n<p>&#8211; Diversidade e Conserva\u00e7\u00e3o de Borboletas Neotropicais;<\/p>\n<p>&#8211; Invent\u00e1rios de Fauna.<\/p>\n","protected":false},"excerpt":{"rendered":"<p>Cristiano Agra Iserhard &#8211;\u00a0Professor\u00a0Adjunto Pr\u00e9dio:\u00a023 (Campus Cap\u00e3o do Le\u00e3o) Sala:\u00a0Identificada na porta Telefone:\u00a0(53)\u00a03275-7340 E-mail:\u00a0cristianoagra@yahoo.com.br Lattes &nbsp; Disciplinas: Gradua\u00e7\u00e3o &#8211; Invent\u00e1rios de Fauna: aspectos te\u00f3ricos e anal\u00edticos &#8211; Curso de Ci\u00eancias Biol\u00f3gicas; &#8211; Ecologia II &#8211; Curso de Ci\u00eancias Biol\u00f3gicas; &#8211; Ecologia &#8211; Curso de Agronomia; &#8211; Ecologia &#8211; Curso de Engenharia Agr\u00edcola; &#8211; Ecologia &#8211; [&hellip;]<\/p>\n","protected":false},"author":488,"featured_media":0,"parent":0,"menu_order":0,"comment_status":"closed","ping_status":"closed","template":"","meta":{"jetpack_post_was_ever_published":false,"footnotes":""},"class_list":["post-232","page","type-page","status-publish","hentry"],"jetpack_sharing_enabled":true,"jetpack_shortlink":"https:\/\/wp.me\/P6S2gY-3K","_links":{"self":[{"href":"https:\/\/wp.ufpel.edu.br\/ib\/wp-json\/wp\/v2\/pages\/232","targetHints":{"allow":["GET"]}}],"collection":[{"href":"https:\/\/wp.ufpel.edu.br\/ib\/wp-json\/wp\/v2\/pages"}],"about":[{"href":"https:\/\/wp.ufpel.edu.br\/ib\/wp-json\/wp\/v2\/types\/page"}],"author":[{"embeddable":true,"href":"https:\/\/wp.ufpel.edu.br\/ib\/wp-json\/wp\/v2\/users\/488"}],"replies":[{"embeddable":true,"href":"https:\/\/wp.ufpel.edu.br\/ib\/wp-json\/wp\/v2\/comments?post=232"}],"version-history":[{"count":6,"href":"https:\/\/wp.ufpel.edu.br\/ib\/wp-json\/wp\/v2\/pages\/232\/revisions"}],"predecessor-version":[{"id":808,"href":"https:\/\/wp.ufpel.edu.br\/ib\/wp-json\/wp\/v2\/pages\/232\/revisions\/808"}],"wp:attachment":[{"href":"https:\/\/wp.ufpel.edu.br\/ib\/wp-json\/wp\/v2\/media?parent=232"}],"curies":[{"name":"wp","href":"https:\/\/api.w.org\/{rel}","templated":true}]}}

<p><strong>Cristiano Agra Iserhard &#8211;</strong> Professor Adjunto</p>
<p><strong>Prédio:</strong> 23 (Campus Capão do Leão)</p>
<p><strong>Sala:</strong> Identificada na porta</p>
<p><strong>Telefone:</strong><strong> </strong>(53) 3275-7340</p>
<p><strong>E-mail:</strong> cristianoagra@yahoo.com.br</p>
<p><a href="http://lattes.cnpq.br/6722497708487528"><strong>Lattes</strong></a></p>
<p>&nbsp;</p>
<p><strong>Disciplinas:</strong></p>
<p><em>Graduação</em></p>
<p>&#8211; Inventários de Fauna: aspectos teóricos e analíticos &#8211; Curso de Ciências Biológicas;</p>
<p>&#8211; Ecologia II &#8211; Curso de Ciências Biológicas;</p>
<p>&#8211; Ecologia &#8211; Curso de Agronomia;</p>
<p>&#8211; Ecologia &#8211; Curso de Engenharia Agrícola;</p>
<p>&#8211; Ecologia &#8211; Curso de Engenharia Industrial Madeireira;</p>
<p>&#8211; Zoologia de Campo &#8211; Curso de Ciências Biológicas.</p>
<p>&nbsp;</p>
<p>&nbsp;</p>
<p><strong>Linhas de pesquisa:</strong></p>
<p>&#8211; Ecologia de Comunidades;</p>
<p>&#8211; Diversidade e Conservação de Borboletas Neotropicais;</p>
<p>&#8211; Inventários de Fauna.</p>

<p>Cristiano Agra Iserhard &#8211; Professor Adjunto Prédio: 23 (Campus Capão do Leão) Sala: Identificada na porta Telefone: (53) 3275-7340 E-mail: cristianoagra@yahoo.com.br Lattes &nbsp; Disciplinas: Graduação &#8211; Inventários de Fauna: aspectos teóricos e analíticos &#8211; Curso de Ciências Biológicas; &#8211; Ecologia II &#8211; Curso de Ciências Biológicas; &#8211; Ecologia &#8211; Curso de Agronomia; &#8211; Ecologia &#8211; Curso de Engenharia Agrícola; &#8211; Ecologia &#8211; [&hellip;]</p>
