{"id":46,"date":"2022-03-09T09:18:45","date_gmt":"2022-03-09T12:18:45","guid":{"rendered":"https:\/\/wp.ufpel.edu.br\/hypolito\/?page_id=46"},"modified":"2022-03-14T11:55:17","modified_gmt":"2022-03-14T14:55:17","slug":"pos-graduacao","status":"publish","type":"page","link":"https:\/\/wp.ufpel.edu.br\/hypolito\/pos-graduacao\/","title":{"rendered":"P\u00f3S-GRADUA\u00c7\u00c3O"},"content":{"rendered":"<p><a href=\"https:\/\/wp.ufpel.edu.br\/hypolito\/pos-graduacao\/mestrado-doutorado\/\">MESTRADO | DOUTORADO<\/a><\/p>\n<p><a href=\"https:\/\/wp.ufpel.edu.br\/hypolito\/pos-graduacao\/dinter\">DINTER<\/a><\/p>\n<p><a href=\"https:\/\/wp.ufpel.edu.br\/hypolito\/pos-graduacao\/enfermagem\">ENFERMAGEM<\/a><\/p>\n<p><a href=\"https:\/\/wp.ufpel.edu.br\/hypolito\/pos-graduacao\/especializacao\">ESPECIALIZA\u00c7\u00c3O<\/a><\/p>\n","protected":false},"excerpt":{"rendered":"<p>MESTRADO | DOUTORADO DINTER ENFERMAGEM ESPECIALIZA\u00c7\u00c3O<\/p>\n","protected":false},"author":297,"featured_media":0,"parent":0,"menu_order":2,"comment_status":"closed","ping_status":"closed","template":"","meta":{"footnotes":""},"class_list":["post-46","page","type-page","status-publish","hentry"],"_links":{"self":[{"href":"https:\/\/wp.ufpel.edu.br\/hypolito\/wp-json\/wp\/v2\/pages\/46","targetHints":{"allow":["GET"]}}],"collection":[{"href":"https:\/\/wp.ufpel.edu.br\/hypolito\/wp-json\/wp\/v2\/pages"}],"about":[{"href":"https:\/\/wp.ufpel.edu.br\/hypolito\/wp-json\/wp\/v2\/types\/page"}],"author":[{"embeddable":true,"href":"https:\/\/wp.ufpel.edu.br\/hypolito\/wp-json\/wp\/v2\/users\/297"}],"replies":[{"embeddable":true,"href":"https:\/\/wp.ufpel.edu.br\/hypolito\/wp-json\/wp\/v2\/comments?post=46"}],"version-history":[{"count":6,"href":"https:\/\/wp.ufpel.edu.br\/hypolito\/wp-json\/wp\/v2\/pages\/46\/revisions"}],"predecessor-version":[{"id":145,"href":"https:\/\/wp.ufpel.edu.br\/hypolito\/wp-json\/wp\/v2\/pages\/46\/revisions\/145"}],"wp:attachment":[{"href":"https:\/\/wp.ufpel.edu.br\/hypolito\/wp-json\/wp\/v2\/media?parent=46"}],"curies":[{"name":"wp","href":"https:\/\/api.w.org\/{rel}","templated":true}]}}