{"id":204,"date":"2022-04-24T17:59:40","date_gmt":"2022-04-24T20:59:40","guid":{"rendered":"https:\/\/wp.ufpel.edu.br\/hypolito\/?page_id=204"},"modified":"2022-04-24T17:59:40","modified_gmt":"2022-04-24T20:59:40","slug":"seminario-avancado-politicas-educacionais-e-sistemas-de-avaliacao","status":"publish","type":"page","link":"https:\/\/wp.ufpel.edu.br\/hypolito\/seminario-avancado-politicas-educacionais-e-sistemas-de-avaliacao\/","title":{"rendered":"SEMIN\u00c1RIO AVAN\u00c7ADO: POL\u00cdTICAS EDUCACIONAIS E SISTEMAS DE AVALIA\u00c7\u00c3O"},"content":{"rendered":"<div id=\"document86529_86481\" class=\"document sousDocument\">\n<h4><span id=\"document_86481_titre\" class=\"edit\">40 ANOS DE CONTRBUI\u00c7\u00c3O \u00c0 AVALIA\u00c7\u00c3O EDUCACIONAL<\/span><\/h4>\n<div class=\"contenu clearfix\">\n<div id=\"document_86481_vignette\"><a href=\"https:\/\/eduportfolio.org\/fichiers\/download\/854809\/1\">avalia2_sandra.pdf<\/a>\u00a0(220.6 ko)<\/div>\n<div class=\"description\">\n<div id=\"document_86481_fichier\" class=\"consulter\"><\/div>\n<\/div>\n<\/div>\n<\/div>\n<div id=\"document86529_86537\" class=\"document sousDocument\">\n<h4><span id=\"document_86537_titre\" class=\"edit\">A AVALIA\u00c7\u00c3O EDUCACIONAL COMO OBJETO DE RECOMENDA\u00c7\u00d5ES INTERNACIONAIS.<\/span><\/h4>\n<div class=\"contenu clearfix\">\n<div id=\"document_86537_vignette\"><a href=\"https:\/\/eduportfolio.org\/fichiers\/download\/854810\/1\">avalia3.pdf<\/a>\u00a0(218.4 ko)<\/div>\n<div class=\"description\">\n<div id=\"document_86537_fichier\" class=\"consulter\"><\/div>\n<\/div>\n<\/div>\n<\/div>\n<div id=\"document86529_86536\" class=\"document sousDocument\">\n<h4><span id=\"document_86536_titre\" class=\"edit\">CONSTRUINDO SISTEMAS DE CONTROLE EM ESCOLAS URBANAS.<\/span><\/h4>\n<div class=\"contenu clearfix\">\n<div id=\"document_86536_vignette\"><a href=\"https:\/\/eduportfolio.org\/fichiers\/download\/854811\/1\">darling-hammond_ascher.pdf<\/a>\u00a0(342.9 ko)<\/div>\n<div class=\"description\">\n<div id=\"document_86536_fichier\" class=\"consulter\"><\/div>\n<\/div>\n<\/div>\n<\/div>\n<div id=\"document86529_86545\" class=\"document sousDocument\">\n<h4><span id=\"document_86545_titre\" class=\"edit\">Fundamentos de um programa de avalia\u00e7\u00e3o educacional.<\/span><\/h4>\n<div class=\"contenu clearfix\">\n<div id=\"document_86545_vignette\"><a href=\"https:\/\/eduportfolio.org\/fichiers\/download\/854833\/1\">avalia_heraldo1.pdf<\/a>\u00a0(159.4 ko)<\/div>\n<div class=\"description\">\n<div id=\"document_86545_fichier\" class=\"consulter\"><\/div>\n<\/div>\n<\/div>\n<\/div>\n<div id=\"document86529_86546\" class=\"document sousDocument\">\n<h4><span id=\"document_86546_titre\" class=\"edit\">Avalia\u00e7\u00f5es nacionais em larga escala: an\u00e1lises e propostas.<\/span><\/h4>\n<div class=\"contenu clearfix\">\n<div id=\"document_86546_vignette\"><a href=\"https:\/\/eduportfolio.org\/fichiers\/download\/854836\/1\">avalia_heraldo2.pdf<\/a>\u00a0(328.3 ko)<\/div>\n<div class=\"description\">\n<div id=\"document_86546_fichier\" class=\"consulter\"><\/div>\n<\/div>\n<\/div>\n<\/div>\n<div id=\"document86529_86543\" class=\"document sousDocument\">\n<h4><span id=\"document_86543_titre\" class=\"edit\">Os saberes locais e internacionais como possibilidades de contribui\u00e7\u00e3o para Pol\u00edticas P\u00fablicas e a Avalia\u00e7\u00e3o Educacional.<\/span><\/h4>\n<div class=\"contenu clearfix\">\n<div id=\"document_86543_vignette\"><a href=\"https:\/\/eduportfolio.org\/fichiers\/download\/854837\/1\">avalia1.pdf<\/a>\u00a0(2 Mo)<\/div>\n<div class=\"description\">\n<div id=\"document_86543_fichier\" class=\"consulter\"><\/div>\n<\/div>\n<\/div>\n<\/div>\n<div id=\"document86529_86544\" class=\"document sousDocument\">\n<h4><span id=\"document_86544_titre\" class=\"edit\">POL\u00cdTICAS DE AVALIA\u00c7\u00c3O DA EDUCA\u00c7\u00c3O E QUASE MERCADO NO BRASIL<\/span><\/h4>\n<div class=\"contenu clearfix\">\n<div id=\"document_86544_vignette\"><a href=\"https:\/\/eduportfolio.org\/fichiers\/download\/854838\/1\">sandra_romualdo.pdf<\/a>\u00a0(76.1 ko)<\/div>\n<div class=\"description\">\n<div id=\"document_86544_fichier\" class=\"consulter\"><\/div>\n<\/div>\n<\/div>\n<\/div>\n<div id=\"document86529_86540\" class=\"document sousDocument\">\n<h4><span id=\"document_86540_titre\" class=\"edit\">A AVALIA\u00c7\u00c3O E AS REFORMAS DOS ANOS DE 1990: NOVAS FORMAS DE EXCLUS\u00c3O, VELHAS FORMAS DE SUBORDINA\u00c7\u00c3O<\/span><\/h4>\n<div class=\"contenu clearfix\">\n<div id=\"document_86540_vignette\"><a href=\"https:\/\/eduportfolio.org\/fichiers\/download\/854839\/1\">freitas2.pdf<\/a>\u00a0(368.6 ko)<\/div>\n<div class=\"description\">\n<div id=\"document_86540_fichier\" class=\"consulter\"><\/div>\n<\/div>\n<\/div>\n<\/div>\n<div id=\"document86529_86539\" class=\"document sousDocument\">\n<h4><span id=\"document_86539_titre\" class=\"edit\">A AVALIA\u00c7\u00c3O NA EDUCA\u00c7\u00c3O B\u00c1SICA nos anos 90 segundo os peri\u00f3dicos acad\u00eamicos<\/span><\/h4>\n<div class=\"contenu clearfix\">\n<div id=\"document_86539_vignette\"><a href=\"https:\/\/eduportfolio.org\/fichiers\/download\/854840\/1\">avaliacao_90_elba.pdf<\/a>\u00a0(228.2 ko)<\/div>\n<div class=\"description\">\n<div id=\"document_86539_fichier\" class=\"consulter\"><\/div>\n<\/div>\n<\/div>\n<\/div>\n<div id=\"document86529_86538\" class=\"document sousDocument\">\n<h4><span id=\"document_86538_titre\" class=\"edit\">A AVALIA\u00c7\u00c3O NA EDUCA\u00c7\u00c3O B\u00c1SICA ENTRE DOIS MODELOS<\/span><\/h4>\n<div class=\"contenu clearfix\">\n<div id=\"document_86538_vignette\"><a href=\"https:\/\/eduportfolio.org\/fichiers\/download\/854841\/1\">elba_barreto_E_S.pdf<\/a>\u00a0(60.8 ko)<\/div>\n<div class=\"description\">\n<div id=\"document_86538_fichier\" class=\"consulter\"><\/div>\n<\/div>\n<\/div>\n<\/div>\n<div id=\"document86529_86541\" class=\"document sousDocument\">\n<h4><span id=\"document_86541_titre\" class=\"edit\">O FUTURO DAS POL\u00cdTICAS DE RESPONSABILIZA\u00c7\u00c3O EDUCACIONAL NO BRASIL<\/span><\/h4>\n<div class=\"contenu clearfix\">\n<div id=\"document_86541_vignette\"><a href=\"https:\/\/eduportfolio.org\/fichiers\/download\/854842\/1\">minas_avalia.pdf<\/a>\u00a0(624.9 ko)<\/div>\n<div class=\"description\">\n<div id=\"document_86541_fichier\" class=\"consulter\"><\/div>\n<\/div>\n<\/div>\n<\/div>\n<div id=\"document86529_86530\" class=\"document sousDocument\">\n<h4><span id=\"document_86530_titre\" class=\"edit\">Pol\u00edticas P\u00fablicas para o Ensino Fundamental: Par\u00e2metros Curriculares Nacionais e Sistema Nacional de Avalia\u00e7\u00e3o (SAEB)<\/span><\/h4>\n<div class=\"contenu clearfix\">\n<div id=\"document_86530_vignette\"><a href=\"https:\/\/eduportfolio.org\/fichiers\/download\/854843\/1\">luciola.pdf<\/a>\u00a0(108.8 ko)<\/div>\n<div class=\"description\">\n<div id=\"document_86530_fichier\" class=\"consulter\"><\/div>\n<\/div>\n<\/div>\n<\/div>\n<div id=\"document86529_86516\" class=\"document sousDocument\">\n<h4><span id=\"document_86516_titre\" class=\"edit\">POSS\u00cdVEIS IMPACTOS DAS POL\u00cdTICAS DE AVALIA\u00c7\u00c3O NO CURR\u00cdCULO ESCOLAR<\/span><\/h4>\n<div class=\"contenu clearfix\">\n<div id=\"document_86516_vignette\"><a href=\"https:\/\/eduportfolio.org\/fichiers\/download\/854844\/1\">sandra.pdf<\/a>\u00a0(180.6 ko)<\/div>\n<div class=\"description\">\n<div id=\"document_86516_fichier\" class=\"consulter\"><\/div>\n<\/div>\n<\/div>\n<\/div>\n<div id=\"document86529_86542\" class=\"document sousDocument\">\n<h4><span id=\"document_86542_titre\" class=\"edit\">IMPLICA\u00c7\u00d5ES DO PROGRAMA DINHEIRO DIRETO NA ESCOLA PARA A GEST\u00c3O DA ESCOLA P\u00daBLICA<\/span><\/h4>\n<div class=\"contenu clearfix\">\n<div id=\"document_86542_vignette\"><a href=\"https:\/\/eduportfolio.org\/fichiers\/download\/854845\/1\">peroni2.pdf<\/a>\u00a0(86.2 ko)<\/div>\n<div class=\"description\">\n<div id=\"document_86542_fichier\" class=\"consulter\"><\/div>\n<\/div>\n<\/div>\n<\/div>\n<div id=\"document86529_86519\" class=\"document sousDocument\">\n<h4><span id=\"document_86519_titre\" class=\"edit\">QUALIDADE NEGOCIADA: AVALIA\u00c7\u00c3O E CONTRA-REGULA\u00c7\u00c3O NA ESCOLA P\u00daBLICA<\/span><\/h4>\n<div class=\"contenu clearfix\">\n<div id=\"document_86519_vignette\"><a href=\"https:\/\/eduportfolio.org\/fichiers\/download\/854852\/1\">freitas1.pdf<\/a>\u00a0(134.9 ko)<\/div>\n<div class=\"description\">\n<div id=\"document_86519_fichier\" class=\"consulter\"><\/div>\n<\/div>\n<\/div>\n<\/div>\n<div id=\"document86529_86533\" class=\"document sousDocument\">\n<h4><span id=\"document_86533_titre\" class=\"edit\">ESTADO E TERCEIRO SETOR: AS NOVAS REGULA\u00c7\u00d5ES ENTRE O P\u00daBLICO E O PRIVADO NA GEST\u00c3O DA EDUCA\u00c7\u00c3O B\u00c1SICA BRASILEIRA<\/span><\/h4>\n<div class=\"contenu clearfix\">\n<div id=\"document_86533_vignette\"><a href=\"https:\/\/eduportfolio.org\/fichiers\/download\/840671\/1\">peroni_3_setor.pdf<\/a>\u00a0(144.1 ko)<\/div>\n<div class=\"description\">\n<div id=\"document_86533_fichier\" class=\"consulter\"><\/div>\n<\/div>\n<\/div>\n<\/div>\n<div id=\"document86529_86535\" class=\"document sousDocument\">\n<h4><span id=\"document_86535_titre\" class=\"edit\">GOVERNAR O ESTADO PARA A PARTICIPA\u00c7\u00c3O DE ENTIDADES PRIVADAS NA PROVIS\u00c3O, FINANCIAMENTO E GEST\u00c3O DOS SISTEMAS EDUCATIVOS NA UNI\u00c3O EUROPEIA<\/span><\/h4>\n<div class=\"contenu clearfix\">\n<div id=\"document_86535_vignette\"><a href=\"https:\/\/eduportfolio.org\/fichiers\/download\/840670\/1\">clementina_europa.pdf<\/a>\u00a0(400.8 ko)<\/div>\n<div class=\"description\">\n<div id=\"document_86535_fichier\" class=\"consulter\"><\/div>\n<\/div>\n<\/div>\n<\/div>\n<div id=\"document86529_86534\" class=\"document sousDocument\">\n<h4><span id=\"document_86534_titre\" class=\"edit\">A TRANSFORMA\u00c7\u00c3O DA EDUCA\u00c7\u00c3O EM MERCADORIA NO BRASIL<\/span><\/h4>\n<div class=\"contenu clearfix\">\n<div id=\"document_86534_vignette\"><a href=\"https:\/\/eduportfolio.org\/fichiers\/download\/840668\/1\">romualdo.pdf<\/a>\u00a0(168.4 ko)<\/div>\n<div class=\"description\">\n<div id=\"document_86534_fichier\" class=\"consulter\"><\/div>\n<\/div>\n<\/div>\n<\/div>\n<div id=\"document86529_86531\" class=\"document sousDocument\">\n<h4><span id=\"document_86531_titre\" class=\"edit\">A QUEST\u00c3O DO RENDIMENTO ESCOLAR NO BRASIL: UMA REFLEX\u00c3O HIST\u00d3RICA (1934\/1971)<\/span><\/h4>\n<div class=\"contenu clearfix\">\n<div id=\"document_86531_vignette\"><a href=\"https:\/\/eduportfolio.org\/fichiers\/download\/831615\/1\">Texto 1_Berenice Corsetti.pdf<\/a>\u00a0(170.3 ko)<\/div>\n<div class=\"description\">\n<div id=\"document_86531_fichier\" class=\"consulter\"><\/div>\n<\/div>\n<\/div>\n<\/div>\n<div id=\"document86529_86532\" class=\"document sousDocument\">\n<h4><span id=\"document_86532_titre\" class=\"edit\">A QUALIDADE DA EDUCA\u00c7\u00c3O: PERSPECTIVAS E DESAFIOS<\/span><\/h4>\n<div class=\"contenu clearfix\">\n<div id=\"document_86532_vignette\"><a href=\"https:\/\/eduportfolio.org\/fichiers\/download\/834092\/1\">avalia_dourado.pdf<\/a>\u00a0(118.7 ko)<\/div>\n<div class=\"description\">\n<div id=\"document_86532_fichier\" class=\"consulter\"><\/div>\n<\/div>\n<\/div>\n<\/div>\n<div id=\"document86529_86547\" class=\"document sousDocument\">\n<h4><span id=\"document_86547_titre\" class=\"edit\">A Performatividade nas pol\u00edticas de curr\u00edculo<\/span><\/h4>\n<div class=\"contenu clearfix\">\n<div id=\"document_86547_vignette\"><a href=\"https:\/\/eduportfolio.org\/fichiers\/download\/866052\/1\">Alice_performatividade.pdf<\/a>\u00a0(194.7 ko)<\/div>\n<\/div>\n<\/div>\n","protected":false},"excerpt":{"rendered":"<p>40 ANOS DE CONTRBUI\u00c7\u00c3O \u00c0 AVALIA\u00c7\u00c3O EDUCACIONAL avalia2_sandra.pdf\u00a0(220.6 ko) A AVALIA\u00c7\u00c3O EDUCACIONAL COMO OBJETO DE RECOMENDA\u00c7\u00d5ES INTERNACIONAIS. avalia3.pdf\u00a0(218.4 ko) CONSTRUINDO SISTEMAS DE CONTROLE EM ESCOLAS URBANAS. darling-hammond_ascher.pdf\u00a0(342.9 ko) Fundamentos de um programa de avalia\u00e7\u00e3o educacional. avalia_heraldo1.pdf\u00a0(159.4 ko) Avalia\u00e7\u00f5es nacionais em larga escala: an\u00e1lises e propostas. avalia_heraldo2.pdf\u00a0(328.3 ko) Os saberes locais e internacionais como possibilidades de [&hellip;]<\/p>\n","protected":false},"author":297,"featured_media":0,"parent":0,"menu_order":0,"comment_status":"closed","ping_status":"closed","template":"","meta":{"footnotes":""},"class_list":["post-204","page","type-page","status-publish","hentry"],"_links":{"self":[{"href":"https:\/\/wp.ufpel.edu.br\/hypolito\/wp-json\/wp\/v2\/pages\/204","targetHints":{"allow":["GET"]}}],"collection":[{"href":"https:\/\/wp.ufpel.edu.br\/hypolito\/wp-json\/wp\/v2\/pages"}],"about":[{"href":"https:\/\/wp.ufpel.edu.br\/hypolito\/wp-json\/wp\/v2\/types\/page"}],"author":[{"embeddable":true,"href":"https:\/\/wp.ufpel.edu.br\/hypolito\/wp-json\/wp\/v2\/users\/297"}],"replies":[{"embeddable":true,"href":"https:\/\/wp.ufpel.edu.br\/hypolito\/wp-json\/wp\/v2\/comments?post=204"}],"version-history":[{"count":1,"href":"https:\/\/wp.ufpel.edu.br\/hypolito\/wp-json\/wp\/v2\/pages\/204\/revisions"}],"predecessor-version":[{"id":206,"href":"https:\/\/wp.ufpel.edu.br\/hypolito\/wp-json\/wp\/v2\/pages\/204\/revisions\/206"}],"wp:attachment":[{"href":"https:\/\/wp.ufpel.edu.br\/hypolito\/wp-json\/wp\/v2\/media?parent=204"}],"curies":[{"name":"wp","href":"https:\/\/api.w.org\/{rel}","templated":true}]}}