{"id":39,"date":"2013-05-28T12:37:34","date_gmt":"2013-05-28T15:37:34","guid":{"rendered":"https:\/\/wp.ufpel.edu.br\/hugoguedes\/?page_id=39"},"modified":"2019-08-29T11:28:08","modified_gmt":"2019-08-29T14:28:08","slug":"artigos-em-periodicos","status":"publish","type":"page","link":"https:\/\/wp.ufpel.edu.br\/hugoguedes\/producao-cientifica\/artigos-em-periodicos\/","title":{"rendered":"Artigos em peri\u00f3dicos"},"content":{"rendered":"<p style=\"text-align: justify\"><strong>Ano 2019:<\/strong><\/p>\n<p style=\"text-align: justify\">1. <a href=\"http:\/\/www.scielo.br\/scielo.php?script=sci_arttext&amp;pid=S0102-77862019000200283&amp;tlng=pt\"><img src=\"https:\/\/i1.wp.com\/wp.ufpel.edu.br\/hidrologiaemodelagemhidrologica\/files\/2015\/11\/doi.jpg?zoom=1.25&amp;resize=30%2C16&amp;ssl=1\" alt=\"doi\" \/><\/a>PRIEBE, P. S. ; MANKE, E. B. ;\u00a0Guedes, Hugo A. S.\u00a0. <strong>Tend\u00eancias em S\u00e9ries Temporais de Precipita\u00e7\u00e3o no Norte do Estado do Rio Grande do Sul, Brasil.<\/strong> REVISTA BRASILEIRA DE METEOROLOGIA, v. 34, p. 283-291, 2019.<\/p>\n<p style=\"text-align: justify\">2. <a href=\"https:\/\/www.doi.editoracubo.com.br\/10.4322\/dae.2019.014\"><img src=\"https:\/\/i1.wp.com\/wp.ufpel.edu.br\/hidrologiaemodelagemhidrologica\/files\/2015\/11\/doi.jpg?zoom=1.25&amp;resize=30%2C16&amp;ssl=1\" alt=\"doi\" \/><\/a>GUEVARA, M. D. F. ; MELLO, A. ; CORREA, E. K. ;\u00a0Guedes, Hugo A. S.\u00a0; CORREA, L. B. ; NAZARI, M. . <strong>Fitotoxicidade em \u00e1guas residu\u00e1rias dom\u00e9sticas utilizando sementes como bioindicadores<\/strong>. REVISTA DAE, v. 67, p. 44-51, 2019.<\/p>\n<p style=\"text-align: justify\">\n<p style=\"text-align: justify\"><strong>Ano 2018:<\/strong><\/p>\n<p style=\"text-align: justify\">1. <a href=\"http:\/\/www.scielo.br\/scielo.php?script=sci_arttext&amp;pid=S1413-41522018000500973&amp;lng=pt&amp;tlng=pt\"><img src=\"https:\/\/i1.wp.com\/wp.ufpel.edu.br\/hidrologiaemodelagemhidrologica\/files\/2015\/11\/doi.jpg?zoom=1.25&amp;resize=30%2C16&amp;ssl=1\" alt=\"doi\" \/><\/a>CECCONELLO, S. T. ; CENTENO, L. N. ;\u00a0Guedes, Hugo A. S. . <strong>\u00cdndice de qualidade de \u00e1gua modificado pela an\u00e1lise multivariada: estudo de caso do Arroio Pelotas, RS, Brasil.<\/strong> ENGENHARIA SANIT\u00c1RIA E AMBIENTAL (ONLINE), v. 23, p. 973-978, 2018.<\/p>\n<p style=\"text-align: justify\">2. <a href=\"http:\/\/www.scielo.br\/scielo.php?script=sci_arttext&amp;pid=S1413-41522018000200275&amp;lng=pt&amp;tlng=pt\"><img src=\"https:\/\/i1.wp.com\/wp.ufpel.edu.br\/hidrologiaemodelagemhidrologica\/files\/2015\/11\/doi.jpg?zoom=1.25&amp;resize=30%2C16&amp;ssl=1\" alt=\"doi\" \/><\/a>GOMES, S. H. R. ; Guedes, Hugo A. S. ; MELO, T. M. ; CORREA, L. B. ; ANDREAZZA, R. . <strong>Modelagem sazonal da qualidade da \u00e1gua do Rio dos Sinos\/RS utilizando o modelo QUAL-UFMG.<\/strong> ENGENHARIA SANIT\u00c1RIA E AMBIENTAL (ONLINE), v. 23, p. 275-285, 2018.<\/p>\n<p style=\"text-align: justify\">3. <a href=\"http:\/\/www.portaldeperiodicos.unisul.br\/index.php\/gestao_ambiental\/article\/view\/6202\"><img src=\"https:\/\/i1.wp.com\/wp.ufpel.edu.br\/hidrologiaemodelagemhidrologica\/files\/2015\/11\/doi.jpg?zoom=1.25&amp;resize=30%2C16&amp;ssl=1\" alt=\"doi\" \/><\/a>DECKER, A. ; PACHECO, M. ; QUADRO, M. S. ;\u00a0Guedes, Hugo A. S.\u00a0; NADALETI, W. C. ; ANDREAZZA, R. . <strong>AN\u00c1LISE AMBIENTAL E QUALIDADE DA \u00c1GUA DA LAGOA DOS PATOS NAS PROXIMIDADES DE UMA TRADICIONAL COMUNIDADE DE PESCADORES<\/strong>. Revista Gest\u00e3o e Sustentabilidade Ambiental, v. 7, p. 105-123, 2018.<\/p>\n<p style=\"text-align: justify\">\n<p style=\"text-align: justify\"><strong>Ano 2017:<\/strong><\/p>\n<p style=\"text-align: justify\">1. <a href=\"https:\/\/online.unisc.br\/seer\/index.php\/tecnologica\/article\/view\/7939\"><img src=\"https:\/\/i1.wp.com\/wp.ufpel.edu.br\/hidrologiaemodelagemhidrologica\/files\/2015\/11\/doi.jpg?zoom=1.25&amp;resize=30%2C16&amp;ssl=1\" alt=\"doi\" \/><\/a>CENTENO, L. N. ; CECCONELLO, S. T. ;\u00a0Guedes, Hugo A. S.\u00a0; LEANDRO, D. . <strong>Utiliza\u00e7\u00e3o da estat\u00edstica multivariada como ferramenta para identifica\u00e7\u00e3o das poss\u00edveis fontes de polui\u00e7\u00e3o do Arroio Lavras do Sul\/RS, Brasil.<\/strong> Tecno-l\u00f3gica (Santa Cruz do Sul . Online), v. 21, p. 24-29, 2017.<\/p>\n<p style=\"text-align: justify\">2. <a href=\"http:\/\/www.scielo.br\/scielo.php?script=sci_arttext&amp;pid=S1980-993X2017000500855&amp;lng=pt&amp;nrm=iso&amp;tlng=pt\"><img src=\"https:\/\/i1.wp.com\/wp.ufpel.edu.br\/hidrologiaemodelagemhidrologica\/files\/2015\/11\/doi.jpg?zoom=1.25&amp;resize=30%2C16&amp;ssl=1\" alt=\"doi\" \/><\/a>BAZZO, K\u00c1SSIA REGINA ;\u00a0Guedes, Hugo Alexandre Soares\u00a0; CASTRO, ANDR\u00c9A SOUZA ; SIQUEIRA, TIRZAH MOREIRA ; TEIXEIRA-GANDRA, CLAUDIA FERNANDA ALMEIDA . <strong>Regionaliza\u00e7\u00e3o da vaz\u00e3o Q95: compara\u00e7\u00e3o de m\u00e9todos para a bacia hidrogr\u00e1fica do Rio Taquari-Antas, RS.<\/strong> Revista Ambiente e Agua, v. 12, p. 855-870, 2017.<\/p>\n<p style=\"text-align: justify\">3. <a href=\"https:\/\/periodicos.ufpel.edu.br\/ojs2\/index.php\/RBES\/article\/view\/12245\"><img src=\"https:\/\/i1.wp.com\/wp.ufpel.edu.br\/hidrologiaemodelagemhidrologica\/files\/2015\/11\/doi.jpg?zoom=1.25&amp;resize=30%2C16&amp;ssl=1\" alt=\"doi\" \/><\/a>TORMAM, M. F. ; BORK, C. K. ;\u00a0Guedes, Hugo A. S.\u00a0; MANZKE, J. S. ; FERRAO, A. L. L. C. . <strong>Variabilidade sazonal da qualidade da \u00e1gua na Lagoa Mirim, RS, Brasil.<\/strong> Revista Brasileira de Engenharia e Sustentabilidade, v. 4, p. 54-59, 2017.<\/p>\n<p style=\"text-align: justify\">\n<p style=\"text-align: justify\"><strong>Ano 2016:<\/strong><\/p>\n<p style=\"text-align: justify\">1. <a href=\"https:\/\/revistas.ufpr.br\/agraria\/article\/view\/46320\"><img src=\"https:\/\/i1.wp.com\/wp.ufpel.edu.br\/hidrologiaemodelagemhidrologica\/files\/2015\/11\/doi.jpg?zoom=1.25&amp;resize=30%2C16&amp;ssl=1\" alt=\"doi\" \/><\/a>CALDEIRA, T. L. ; BESKOW, S.\u00a0;\u00a0MELLO, C. R.\u00a0; VARGAS, M. M. ;\u00a0Guedes, Hugo A. S.\u00a0;\u00a0FARIA, L. C.\u00a0. <strong>DAILY RAINFALL DISAGGREGATION: AN ANALYSIS FOR THE RIO GRANDE DO SUL STATE &#8211; DESAGREGA\u00c7\u00c3O DE CHUVA DI\u00c1RIA: UMA AN\u00c1LISE PARA O ESTADO DO RIO GRANDE DO SUL<\/strong>. Scientia Agraria (Online), v. 16, p. 1-21, 2016.<\/p>\n<p style=\"text-align: justify\">2. <a href=\"http:\/\/www.scielo.br\/scielo.php?script=sci_arttext&amp;pid=S0100-69162016000300492&amp;lng=en&amp;tlng=en\"><img src=\"https:\/\/i1.wp.com\/wp.ufpel.edu.br\/hidrologiaemodelagemhidrologica\/files\/2015\/11\/doi.jpg?zoom=1.25&amp;resize=30%2C16&amp;ssl=1\" alt=\"doi\" \/><\/a>DAME, R. C. F.\u00a0; TEIXEIRA-GANDRA, C. F. A. ;\u00a0Guedes, Hugo A. S.\u00a0; SILVA, G. M. ; SILVEIRA, S. C. R. . <strong>Intensity-Duration-Frequency relationships: stochastic modeling and disaggregation of daily rainfall in the lagoa Mirim watershed, Rio Grande do Sul, Brazil<\/strong>. Engenharia Agr\u00edcola (Online), v. 36, p. 492-502, 2016.<\/p>\n<p style=\"text-align: justify\">3. <a href=\"http:\/\/www.scielo.br\/scielo.php?script=sci_arttext&amp;pid=S0100-69162016000601050&amp;lng=en&amp;tlng=en\"><img src=\"https:\/\/i1.wp.com\/wp.ufpel.edu.br\/hidrologiaemodelagemhidrologica\/files\/2015\/11\/doi.jpg?zoom=1.25&amp;resize=30%2C16&amp;ssl=1\" alt=\"doi\" \/><\/a>OLIVEIRA, I. de C. e\u00a0;\u00a0SILVA, D. D.\u00a0;\u00a0Guedes, Hugo A. S. ; Dergam, J. A. ;\u00a0RIBEIRO, C. B. M.\u00a0. <strong>ONE- AND TWO-DIMENSIONAL ECOHYDRAULIC MODELING OF FORMOSO RIVER (MG)<\/strong>. Engenharia Agr\u00edcola (Online), v. 36, p. 1050-1062, 2016.<\/p>\n<p style=\"text-align: justify\">4. <a href=\"http:\/\/periodicos.iffarroupilha.edu.br\/index.php\/cienciainovacao\/article\/view\/119\"><img src=\"https:\/\/i1.wp.com\/wp.ufpel.edu.br\/hidrologiaemodelagemhidrologica\/files\/2015\/11\/doi.jpg?zoom=1.25&amp;resize=30%2C16&amp;ssl=1\" alt=\"doi\" \/><\/a>CENTENO, L. N. ; CECCONELLO, S. T. ;\u00a0Guedes, Hugo A. S.\u00a0; LEANDRO, D. ; MORAES, P. B. . <strong>Monitoramento da qualidade da \u00e1gua do arroio S\u00e3o Louren\u00e7o\/RS<\/strong>. Revista de Ci\u00eancia e Inova\u00e7\u00e3o, v. 1, p. 67-76, 2016.<\/p>\n<p style=\"text-align: justify\">5. <a href=\"http:\/\/www.scielo.br\/scielo.php?script=sci_arttext&amp;pid=S0001-37652016000602429&amp;lng=en&amp;tlng=en\"><img src=\"https:\/\/i1.wp.com\/wp.ufpel.edu.br\/hidrologiaemodelagemhidrologica\/files\/2015\/11\/doi.jpg?zoom=1.25&amp;resize=30%2C16&amp;ssl=1\" alt=\"doi\" \/><\/a>Guedes, Hugo A. S.; SILVA, DEMETRIUS D. ; DERGAM, JORGE A. ; ELESBON, ABRAH\u00c3O A. A. . <strong>Ecohydrological modeling and environmental flow regime in the Formoso River, Minas Gerais State, Brazil.<\/strong> Anais da Academia Brasileira de Ci\u00eancias (Online), v. 88, p. 2429-2440, 2016.<\/p>\n<p style=\"text-align: justify\">\n<p style=\"text-align: justify\"><strong>Ano 2015:<\/strong><\/p>\n<p style=\"text-align: justify\">1. <a href=\"http:\/\/www.scielo.br\/scielo.php?script=sci_arttext&amp;pid=S0100-69162015000500838&amp;lng=en&amp;tlng=en\"><img src=\"https:\/\/i1.wp.com\/wp.ufpel.edu.br\/hidrologiaemodelagemhidrologica\/files\/2015\/11\/doi.jpg?zoom=1.25&amp;resize=30%2C16&amp;ssl=1\" alt=\"doi\" \/><\/a>ELESBON, A. A. A.\u00a0;\u00a0SILVA, D. D.\u00a0;\u00a0Guedes, Hugo A. S. ;\u00a0RIBEIRO, C. B. M.\u00a0;\u00a0SEDIYAMA, G. C.\u00a0;\u00a0RIBEIRO, C.A.A.S.\u00a0. <strong>Multivariate statistical analysis to support the minimum streamflow regionalization.<\/strong> Engenharia Agr\u00edcola (Online), v. 35, p. 838-851, 2015.<\/p>\n<p style=\"text-align: justify\">2. <a href=\"http:\/\/www.scielo.br\/scielo.php?script=sci_arttext&amp;pid=S1415-43662015000300197&amp;lng=pt&amp;tlng=pt\"><img src=\"https:\/\/i1.wp.com\/wp.ufpel.edu.br\/hidrologiaemodelagemhidrologica\/files\/2015\/11\/doi.jpg?zoom=1.25&amp;resize=30%2C16&amp;ssl=1\" alt=\"doi\" \/><\/a>CALDEIRA, T. L. ;\u00a0BESKOW, S.\u00a0;\u00a0MELLO, C. R.\u00a0;\u00a0FARIA, L. C.\u00a0; SOUZA, M. R. ;\u00a0Guedes, Hugo A. S. . <strong>Modelagem probabil\u00edstica de eventos de precipita\u00e7\u00e3o extrema no estado do Rio Grande do Sul.<\/strong> Revista Brasileira de Engenharia Agr\u00edcola e Ambiental (Online), v. 19, p. 197-203, 2015.<\/p>\n<p style=\"text-align: justify\">3. <a href=\"https:\/\/www.sciencedirect.com\/science\/article\/pii\/S221458181500066X?via%3Dihub\"><img src=\"https:\/\/i1.wp.com\/wp.ufpel.edu.br\/hidrologiaemodelagemhidrologica\/files\/2015\/11\/doi.jpg?zoom=1.25&amp;resize=30%2C16&amp;ssl=1\" alt=\"doi\" \/><\/a>BESKOW, S.\u00a0; CALDEIRA, T. L. ;\u00a0MELLO, C. R.\u00a0;\u00a0FARIA, L. C.\u00a0;\u00a0GUEDES, H. A. S.\u00a0. <strong>Multiparameter probability distributions for heavy rainfall modeling in extreme southern Brazil.<\/strong> Journal of Hydrology: Regional Studies, v. 4, p. 123-133, 2015.<\/p>\n<p style=\"text-align: justify\">\n<p style=\"text-align: justify\"><strong>Ano 2014:<\/strong><\/p>\n<p style=\"text-align: justify\">1. <a href=\"http:\/\/www.scielo.br\/scielo.php?script=sci_arttext&amp;pid=S1415-43662014000900015&amp;lng=pt&amp;tlng=pt\"><img src=\"https:\/\/i1.wp.com\/wp.ufpel.edu.br\/hidrologiaemodelagemhidrologica\/files\/2015\/11\/doi.jpg?zoom=1.25&amp;resize=30%2C16&amp;ssl=1\" alt=\"doi\" \/><\/a>ELESBON, A. A. A.\u00a0;\u00a0SILVA, D. D. ;\u00a0SEDIYAMA, G. C.\u00a0;\u00a0MONTENEGRO, A. A. A.\u00a0;\u00a0RIBEIRO, C.A.A.S.\u00a0;\u00a0Guedes, Hugo Alexandre Soares\u00a0. <strong>Proposta metodol\u00f3gica para projeto de redes hidrom\u00e9tricas: parte I- espacializa\u00e7\u00e3o n\u00e3o tendenciosa dos dados hidrol\u00f3gicos<\/strong>. Revista Brasileira de Engenharia Agr\u00edcola e Ambiental (Online), v. 18, p. 980-985, 2014.<\/p>\n<p style=\"text-align: justify\">2. <a href=\"http:\/\/www.scielo.br\/scielo.php?script=sci_arttext&amp;pid=S1415-43662014001000006&amp;lng=pt&amp;tlng=pt\"><img src=\"https:\/\/i1.wp.com\/wp.ufpel.edu.br\/hidrologiaemodelagemhidrologica\/files\/2015\/11\/doi.jpg?zoom=1.25&amp;resize=30%2C16&amp;ssl=1\" alt=\"doi\" \/><\/a>ELESBON, A. A. A.\u00a0;\u00a0SILVA, D. D.\u00a0;\u00a0SEDIYAMA, G. C.\u00a0;\u00a0MONTENEGRO, A. A. A.\u00a0;\u00a0RIBEIRO, C.A.A.S.\u00a0;\u00a0Guedes, Hugo Alexandre Soares\u00a0. <strong>Proposta metodol\u00f3gica para projeto de redes hidrom\u00e9tricas: parte II &#8211; exclus\u00e3o, rearranjo e inclus\u00e3o de esta\u00e7\u00f5es<\/strong>. Revista Brasileira de Engenharia Agr\u00edcola e Ambiental (Online), v. 18, p. 1023-1030, 2014.<\/p>\n<p style=\"text-align: justify\">3. <a href=\"https:\/\/www.abrh.org.br\/SGCv3\/index.php?PUB=1&amp;ID=173&amp;SUMARIO=4891\"><img src=\"https:\/\/i1.wp.com\/wp.ufpel.edu.br\/hidrologiaemodelagemhidrologica\/files\/2015\/11\/doi.jpg?zoom=1.25&amp;resize=30%2C16&amp;ssl=1\" alt=\"doi\" \/><\/a>Guedes, Hugo A. S.;\u00a0SILVA, D. D.\u00a0; Dergam, J. A. ; Elesbon, Abrah\u00e3o Alexandre Alden . <strong>Estabelecimento do Regime de Vaz\u00f5es Ecol\u00f3gicas no Rio Formoso\/MG com base em Esp\u00e9cies Neotropicais.<\/strong> Revista Brasileira de Recursos H\u00eddricos, v. 19, p. 72-82, 2014.<\/p>\n<p style=\"text-align: justify\">\n","protected":false},"excerpt":{"rendered":"<p>Ano 2019: 1. PRIEBE, P. S. ; MANKE, E. B. ;\u00a0Guedes, Hugo A. S.\u00a0. Tend\u00eancias em S\u00e9ries Temporais de Precipita\u00e7\u00e3o no Norte do Estado do Rio Grande do Sul, Brasil. REVISTA BRASILEIRA DE METEOROLOGIA, v. 34, p. 283-291, 2019. 2. GUEVARA, M. D. F. ; MELLO, A. ; CORREA, E. K. ;\u00a0Guedes, Hugo A. S.\u00a0; [&hellip;]<\/p>\n","protected":false},"author":271,"featured_media":0,"parent":34,"menu_order":2,"comment_status":"closed","ping_status":"closed","template":"","meta":{"footnotes":""},"class_list":["post-39","page","type-page","status-publish","hentry"],"_links":{"self":[{"href":"https:\/\/wp.ufpel.edu.br\/hugoguedes\/wp-json\/wp\/v2\/pages\/39","targetHints":{"allow":["GET"]}}],"collection":[{"href":"https:\/\/wp.ufpel.edu.br\/hugoguedes\/wp-json\/wp\/v2\/pages"}],"about":[{"href":"https:\/\/wp.ufpel.edu.br\/hugoguedes\/wp-json\/wp\/v2\/types\/page"}],"author":[{"embeddable":true,"href":"https:\/\/wp.ufpel.edu.br\/hugoguedes\/wp-json\/wp\/v2\/users\/271"}],"replies":[{"embeddable":true,"href":"https:\/\/wp.ufpel.edu.br\/hugoguedes\/wp-json\/wp\/v2\/comments?post=39"}],"version-history":[{"count":4,"href":"https:\/\/wp.ufpel.edu.br\/hugoguedes\/wp-json\/wp\/v2\/pages\/39\/revisions"}],"predecessor-version":[{"id":1306,"href":"https:\/\/wp.ufpel.edu.br\/hugoguedes\/wp-json\/wp\/v2\/pages\/39\/revisions\/1306"}],"up":[{"embeddable":true,"href":"https:\/\/wp.ufpel.edu.br\/hugoguedes\/wp-json\/wp\/v2\/pages\/34"}],"wp:attachment":[{"href":"https:\/\/wp.ufpel.edu.br\/hugoguedes\/wp-json\/wp\/v2\/media?parent=39"}],"curies":[{"name":"wp","href":"https:\/\/api.w.org\/{rel}","templated":true}]}}