{"id":32,"date":"2013-05-28T12:34:20","date_gmt":"2013-05-28T15:34:20","guid":{"rendered":"https:\/\/wp.ufpel.edu.br\/hugoguedes\/?page_id=32"},"modified":"2019-08-29T10:19:14","modified_gmt":"2019-08-29T13:19:14","slug":"projetos-em-andamento","status":"publish","type":"page","link":"https:\/\/wp.ufpel.edu.br\/hugoguedes\/projetos-de-pesquisa\/projetos-em-andamento\/","title":{"rendered":"Em andamento"},"content":{"rendered":"<ul>\n<li style=\"text-align: justify\"><strong>Monitoramento da qualidade de \u00e1gua na Lagoa Mirim, RS, Brasil, utilizando dados de sensoriamento remoto. C\u00f3digo COCEPE: 9065<\/strong><\/li>\n<\/ul>\n<p style=\"text-align: justify\">A Lagoa Mirim est\u00e1 localizada na fronteira do Brasil com Uruguai, no sul do Rio Grande do Sul, tendo um regime de \u00e1guas compartilhadas entre os dois pa\u00edses. A relev\u00e2ncia dessa lagoa para a regi\u00e3o sul decorre de sua utiliza\u00e7\u00e3o para navega\u00e7\u00e3o, irriga\u00e7\u00e3o, principalmente de arroz e utiliza\u00e7\u00e3o das margens com atividades de pecu\u00e1ria entre outras. A Lagoa Mirim \u00e9 considerada a segunda maior lagoa do Brasil, e possui uma grande import\u00e2ncia no aspecto econ\u00f4mico, social e ambiental. Em geral, dentre os fatores mais nocivos \u00e0 sa\u00fade dos habitats est\u00e3o a eutrofiza\u00e7\u00e3o, os contaminantes org\u00e2nicos e inorg\u00e2nicos, as altera\u00e7\u00f5es morfol\u00f3gicas e os efeitos das mudan\u00e7as clim\u00e1ticas, como acidifica\u00e7\u00e3o e aumento da temperatura da \u00e1gua. A eutrofiza\u00e7\u00e3o, assim como as altera\u00e7\u00f5es morfol\u00f3gicas nos lagos, influ\u00eancia na transpar\u00eancia da \u00e1gua que \u00e9 uma propriedade essencial e relaciona-se com a disponibilidade de luz. Considerando todos esses aspectos, \u00e9 de suma import\u00e2ncia a realiza\u00e7\u00e3o do monitoramento da qualidade da \u00e1gua sobre os mananciais. O sensoriamento remoto \u00f3ptico tem se tornado uma alternativa para auxiliar estudos de \u00e1guas interiores, como lagos, devido \u00e0 ampla faixa de imageamento e alta frequ\u00eancia de aquisi\u00e7\u00e3o de dados para um cont\u00ednuo monitoramento. Os sensores orbitais \u00f3pticos como OLI\/Landsat-8 e MSI\/Sentinel-2, apresentam uma \u00f3tima oportunidade para pesquisas nas \u00e1guas interiores. As caracter\u00edsticas espectrais e espaciais aprimoradas dos dados destes sensores servem como base para aplica\u00e7\u00e3o no monitoramento da qualidade de \u00e1gua com grande \u00eaxito, visto que s\u00e3o aplicadas em v\u00e1rias pesquisas cientificas na atualidade. A Lagoa Mirim \u00e9 relativamente rasa, em alguns locais no norte da lagoa a profundidade v\u00e1ria de 1 a 2 metros e mais ao sul pode chegar at\u00e9 6 metros. Em decorr\u00eancia da utiliza\u00e7\u00e3o para navega\u00e7\u00e3o, em alguns locais ocorre o processo de dragagem de s\u00f3lidos, o que justifica o monitoramento de s\u00f3lidos em suspens\u00e3o nesse importante manancial. O monitoramento do f\u00f3sforo \u00e9 muito importante para controlar a eutrofiza\u00e7\u00e3o nas \u00e1guas superficiais, embora na maioria dos estudos com uso do sensoriamento remoto esse elemento n\u00e3o seja considerado um constituinte opticamente ativo. No entanto, a concentra\u00e7\u00e3o de f\u00f3sforo pode estar correlacionada com as concentra\u00e7\u00f5es dos s\u00f3lidos suspensos, mat\u00e9ria org\u00e2nica dissolvida colorida e com a clorofila-a. Sendo assim, \u00e9 necess\u00e1rio o uso da correla\u00e7\u00e3o e regress\u00e3o para estimar o valor do f\u00f3sforo total, com o uso da an\u00e1lise multivariada. Desta forma, o projeto proposto tem como objetivo geral desenvolver um sistema para o monitoramento de par\u00e2metros de qualidade de \u00e1gua na Lagoa Mirim, localizada no extremo sul do Estado do Rio Grande do Sul, utilizando os sensores OLI\/Landsat-8 e MSI\/Sentinel-2.<\/p>\n<p>&nbsp;<\/p>\n<ul>\n<li><strong>Modelagem emp\u00edrica de Clorofila-a combinando sensoriamento remoto orbital e dados in situ na Lagoa Mirim, RS, Brasil. C\u00f3digo COCEPE: 9064<\/strong><\/li>\n<\/ul>\n<p style=\"text-align: justify\">Os recursos h\u00eddricos s\u00e3o fundamentais para a manuten\u00e7\u00e3o da vida terrestre e dos servi\u00e7os ecossist\u00eamicos. Nesse sentido, as \u00e1guas interiores representam uma importante fonte desses recursos, fornecendo habitats para animais e vegetais, formando componentes essenciais no ciclo global do carbono e outros nutrientes. No entanto, como diversos outros ecossistemas, lagos e rios est\u00e3o amea\u00e7ados pelos efeitos sin\u00e9rgicos de press\u00f5es antr\u00f3picas, como o enriquecimento de nutrientes e outras polui\u00e7\u00f5es org\u00e2nicas e inorg\u00e2nicas, altera\u00e7\u00f5es clim\u00e1ticas, acidifica\u00e7\u00e3o, estabelecimento e dissemina\u00e7\u00e3o de esp\u00e9cies invasoras, entre diversos outros. Uma das principais amea\u00e7as \u00e0s \u00e1guas interiores \u00e9 a eutrofiza\u00e7\u00e3o, que ocorre devido \u00e0 polui\u00e7\u00e3o pelo excesso de nutrientes na \u00e1gua, que causam o afloramento de algas no corpo h\u00eddrico. Assim como as altera\u00e7\u00f5es morfol\u00f3gicas nos lagos, a eutrofiza\u00e7\u00e3o influencia a transpar\u00eancia da \u00e1gua, que por sua vez, influencia diretamente na disponibilidade de luz. A disponibilidade luminosa \u00e9 fundamental para os processos biol\u00f3gicos, qu\u00edmicos e f\u00edsicos em lagos, como a produ\u00e7\u00e3o prim\u00e1ria e a forma\u00e7\u00e3o de macr\u00f3fitas, as quais servir\u00e3o como bioindicadores dos eventos de mudan\u00e7as clim\u00e1ticas e altera\u00e7\u00f5es da qualidade da \u00e1gua. O esquema de amostragem baseado na coleta pontual de medi\u00e7\u00f5es \u00e9 um m\u00e9todo que consome tempo, dinheiro e recursos humanos, n\u00e3o representando a variabilidade espacial de maneira cont\u00ednua. Dessa forma, uma maneira de superar essas limita\u00e7\u00f5es \u00e9 usando o sensoriamento remoto. O sensoriamento remoto oferece uma fonte significativa de informa\u00e7\u00f5es que podem ser usadas em m\u00e9todos para o monitoramento operacional em larga escala da qualidade da \u00e1gua. Neste contexto, o sensoriamento remoto \u00f3ptico tem se tornado uma alternativa para auxiliar estudos de \u00e1guas interiores, como lagos, devido \u00e0 ampla faixa de imageamento e alta frequ\u00eancia de aquisi\u00e7\u00e3o de dados para um cont\u00ednuo monitoramento, tendo o potencial de complementar as abordagens convencionais de monitoramento in situ. Diante do exposto, torna-se importante o desenvolvimento de metodologias que otimizem o monitoramento da qualidade das \u00e1guas interiores. A extens\u00e3o da Lagoa Mirim favorece a utiliza\u00e7\u00e3o de dados de sensoriamento remoto para estudos de qualidade de \u00e1gua e, nesse contexto, o presente trabalho tem o objetivo de desenvolver um modelo emp\u00edrico para o monitoramento da clorofila-a nesse local. Sendo assim, o projeto proposto tem como objetivo geral modelar empiricamente a clorofila-a combinando imagens dos sensores OLI\/Landasat-8 e MSI\/Sentinel-2 com dados in situ na Lagoa Mirim, localizada no extremo sul do Estado do Rio Grande do Sul, Brasil.<\/p>\n","protected":false},"excerpt":{"rendered":"<p>Monitoramento da qualidade de \u00e1gua na Lagoa Mirim, RS, Brasil, utilizando dados de sensoriamento remoto. C\u00f3digo COCEPE: 9065 A Lagoa Mirim est\u00e1 localizada na fronteira do Brasil com Uruguai, no sul do Rio Grande do Sul, tendo um regime de \u00e1guas compartilhadas entre os dois pa\u00edses. A relev\u00e2ncia dessa lagoa para a regi\u00e3o sul decorre [&hellip;]<\/p>\n","protected":false},"author":271,"featured_media":0,"parent":30,"menu_order":0,"comment_status":"closed","ping_status":"closed","template":"","meta":{"footnotes":""},"class_list":["post-32","page","type-page","status-publish","hentry"],"_links":{"self":[{"href":"https:\/\/wp.ufpel.edu.br\/hugoguedes\/wp-json\/wp\/v2\/pages\/32","targetHints":{"allow":["GET"]}}],"collection":[{"href":"https:\/\/wp.ufpel.edu.br\/hugoguedes\/wp-json\/wp\/v2\/pages"}],"about":[{"href":"https:\/\/wp.ufpel.edu.br\/hugoguedes\/wp-json\/wp\/v2\/types\/page"}],"author":[{"embeddable":true,"href":"https:\/\/wp.ufpel.edu.br\/hugoguedes\/wp-json\/wp\/v2\/users\/271"}],"replies":[{"embeddable":true,"href":"https:\/\/wp.ufpel.edu.br\/hugoguedes\/wp-json\/wp\/v2\/comments?post=32"}],"version-history":[{"count":6,"href":"https:\/\/wp.ufpel.edu.br\/hugoguedes\/wp-json\/wp\/v2\/pages\/32\/revisions"}],"predecessor-version":[{"id":1277,"href":"https:\/\/wp.ufpel.edu.br\/hugoguedes\/wp-json\/wp\/v2\/pages\/32\/revisions\/1277"}],"up":[{"embeddable":true,"href":"https:\/\/wp.ufpel.edu.br\/hugoguedes\/wp-json\/wp\/v2\/pages\/30"}],"wp:attachment":[{"href":"https:\/\/wp.ufpel.edu.br\/hugoguedes\/wp-json\/wp\/v2\/media?parent=32"}],"curies":[{"name":"wp","href":"https:\/\/api.w.org\/{rel}","templated":true}]}}