{"id":2,"date":"2013-05-27T13:38:11","date_gmt":"2013-05-27T13:38:11","guid":{"rendered":"https:\/\/wp.ufpel.edu.br\/hugoguedes\/?page_id=2"},"modified":"2019-10-18T11:10:48","modified_gmt":"2019-10-18T14:10:48","slug":"pagina-exemplo","status":"publish","type":"page","link":"https:\/\/wp.ufpel.edu.br\/hugoguedes\/pagina-exemplo\/","title":{"rendered":"Sobre o Prof. Hugo"},"content":{"rendered":"<p style=\"text-align: justify\"><a href=\"https:\/\/wp.ufpel.edu.br\/hugoguedes\/files\/2019\/10\/20180926_093613.jpg\"><img class=\"alignnone  wp-image-1345\" src=\"https:\/\/wp.ufpel.edu.br\/hugoguedes\/files\/2019\/10\/20180926_093613-400x300.jpg\" alt=\"\" width=\"324\" height=\"243\" srcset=\"https:\/\/wp.ufpel.edu.br\/hugoguedes\/files\/2019\/10\/20180926_093613-400x300.jpg 400w, https:\/\/wp.ufpel.edu.br\/hugoguedes\/files\/2019\/10\/20180926_093613-768x576.jpg 768w, https:\/\/wp.ufpel.edu.br\/hugoguedes\/files\/2019\/10\/20180926_093613-1024x768.jpg 1024w\" sizes=\"(max-width: 324px) 100vw, 324px\" \/><\/a><\/p>\n<p style=\"text-align: justify\">O professor e pesquisador <strong>Hugo Alexandre Soares Guedes<\/strong> possui gradua\u00e7\u00e3o em Engenharia Civil pela Universidade Federal de Juiz de Fora (2007). Mestrado (2009) e Doutorado (2013) em Engenharia Agr\u00edcola (Recursos H\u00eddricos e Ambientais) pela Universidade Federal de Vi\u00e7osa (UFV). Atualmente \u00e9 Professor Adjunto da Universidade Federal de Pelotas (Centro de Engenharias &#8211; Engenharia Civil), atuando nas \u00e1reas de Hidr\u00e1ulica, Sistemas Urbanos de \u00c1gua e Drenagem Urbana. Membro permanente e coordenador adjunto (2019-2021) do Programa de P\u00f3s-Gradua\u00e7\u00e3o em Recursos H\u00eddricos (Mestrado e Doutorado) da UFPel. Pesquisador inserido nos Grupos de Pesquisa cadastrados no CNPq: Planejamento e Manejo Integrado dos Recursos H\u00eddricos para o Desenvolvimento Sustent\u00e1vel da Agricultura (UFV), Hidrologia e Modelagem Hidrol\u00f3gica em Bacias Hidrogr\u00e1ficas (UFPel), Rede Tem\u00e1tica de Bio-\u00f3ptica Aqu\u00e1tica (UFPel) e An\u00e1lise Ambiental (UFPel). Revisor de peri\u00f3dicos nacionais e internacionais, tais como: Water Resources Management, Remote Sensing, Revista Mineira de Recursos H\u00eddricos, Revista Brasileira de Engenharia Agr\u00edcola e Ambiental, Environmental Monitoring and Assessment, Revista Ambiente &amp; \u00c1gua, Engenharia Agr\u00edcola, Ci\u00eancia Rural, Engenharia Sanit\u00e1ria e Ambiental, Revista Brasileira de Recursos H\u00eddricos e Revista Brasileira de Ci\u00eancias Ambientais. Membro da Associa\u00e7\u00e3o Brasileira de Recursos H\u00eddricos (ABRH). Concluiu orienta\u00e7\u00f5es e co-orienta\u00e7\u00f5es de alunos de gradua\u00e7\u00e3o, mestrado e doutorado (UFPel e UFV) nas \u00e1reas de Recursos H\u00eddricos e Meio Ambiente. Atualmente, suas linhas de pesquisa concentram-se na modelagem da qualidade de \u00e1gua em bacias hidrogr\u00e1ficas, dispers\u00e3o de poluentes em ambientes aqu\u00e1ticos, autodepura\u00e7\u00e3o, modelagem hidrol\u00f3gica, sistemas de informa\u00e7\u00f5es geogr\u00e1ficas e sensoriamento remoto aplicado aos recursos h\u00eddricos, planejamento e gest\u00e3o sustent\u00e1vel dos recursos h\u00eddricos e modelagem ecol\u00f3gica em ecossistemas aqu\u00e1ticos.<\/p>\n<p style=\"text-align: justify\">Curr\u00edculo na Plataforma Lattes:<\/p>\n<p style=\"text-align: justify\"><a title=\"Curr\u00edculo na Plataforma Lattes\" href=\"http:\/\/lattes.cnpq.br\/5120976859905217\" target=\"_blank\" rel=\"noopener noreferrer\">http:\/\/lattes.cnpq.br\/5120976859905217<\/a><\/p>\n<p style=\"text-align: justify\">Contato:<\/p>\n<p style=\"text-align: justify\"><strong>hugo.guedes@ufpel.edu.br<\/strong><\/p>\n<p><strong>hugo.hydro@gmail.com<\/strong><\/p>\n","protected":false},"excerpt":{"rendered":"<p>O professor e pesquisador Hugo Alexandre Soares Guedes possui gradua\u00e7\u00e3o em Engenharia Civil pela Universidade Federal de Juiz de Fora (2007). Mestrado (2009) e Doutorado (2013) em Engenharia Agr\u00edcola (Recursos H\u00eddricos e Ambientais) pela Universidade Federal de Vi\u00e7osa (UFV). Atualmente \u00e9 Professor Adjunto da Universidade Federal de Pelotas (Centro de Engenharias &#8211; Engenharia Civil), atuando [&hellip;]<\/p>\n","protected":false},"author":271,"featured_media":0,"parent":0,"menu_order":0,"comment_status":"closed","ping_status":"closed","template":"","meta":{"footnotes":""},"class_list":["post-2","page","type-page","status-publish","hentry"],"_links":{"self":[{"href":"https:\/\/wp.ufpel.edu.br\/hugoguedes\/wp-json\/wp\/v2\/pages\/2","targetHints":{"allow":["GET"]}}],"collection":[{"href":"https:\/\/wp.ufpel.edu.br\/hugoguedes\/wp-json\/wp\/v2\/pages"}],"about":[{"href":"https:\/\/wp.ufpel.edu.br\/hugoguedes\/wp-json\/wp\/v2\/types\/page"}],"author":[{"embeddable":true,"href":"https:\/\/wp.ufpel.edu.br\/hugoguedes\/wp-json\/wp\/v2\/users\/271"}],"replies":[{"embeddable":true,"href":"https:\/\/wp.ufpel.edu.br\/hugoguedes\/wp-json\/wp\/v2\/comments?post=2"}],"version-history":[{"count":9,"href":"https:\/\/wp.ufpel.edu.br\/hugoguedes\/wp-json\/wp\/v2\/pages\/2\/revisions"}],"predecessor-version":[{"id":1348,"href":"https:\/\/wp.ufpel.edu.br\/hugoguedes\/wp-json\/wp\/v2\/pages\/2\/revisions\/1348"}],"wp:attachment":[{"href":"https:\/\/wp.ufpel.edu.br\/hugoguedes\/wp-json\/wp\/v2\/media?parent=2"}],"curies":[{"name":"wp","href":"https:\/\/api.w.org\/{rel}","templated":true}]}}