{"id":19,"date":"2013-05-28T11:56:56","date_gmt":"2013-05-28T14:56:56","guid":{"rendered":"https:\/\/wp.ufpel.edu.br\/hugoguedes\/?page_id=19"},"modified":"2019-10-17T10:44:41","modified_gmt":"2019-10-17T13:44:41","slug":"drenagem-urbana","status":"publish","type":"page","link":"https:\/\/wp.ufpel.edu.br\/hugoguedes\/ensino\/drenagem-urbana\/","title":{"rendered":"Drenagem Urbana"},"content":{"rendered":"<p><span style=\"color: #000000\"><strong>Plano de Ensino:<\/strong><\/span><\/p>\n<p><a href=\"https:\/\/wp.ufpel.edu.br\/hugoguedes\/files\/2019\/08\/Plano-de-ensino_2019_DU.pdf\">Plano de ensino_2019_DU<\/a><\/p>\n<p>&nbsp;<\/p>\n<p><strong>Apresenta\u00e7\u00f5es:<\/strong><\/p>\n<p><a href=\"https:\/\/wp.ufpel.edu.br\/hugoguedes\/files\/2019\/08\/Aula-1.pdf\">Aula 1<\/a><\/p>\n<p><a href=\"https:\/\/wp.ufpel.edu.br\/hugoguedes\/files\/2019\/08\/Aula-2.pdf\">Aula 2<\/a><\/p>\n<p><a href=\"https:\/\/wp.ufpel.edu.br\/hugoguedes\/files\/2019\/08\/Aula-3.pdf\">Aula 3<\/a><\/p>\n<p><a href=\"https:\/\/wp.ufpel.edu.br\/hugoguedes\/files\/2019\/09\/Aula-4.pdf\">Aula 4<\/a><\/p>\n<p><a href=\"https:\/\/wp.ufpel.edu.br\/hugoguedes\/files\/2019\/09\/Aula-5.pdf\">Aula 5<\/a><\/p>\n<p><a href=\"https:\/\/wp.ufpel.edu.br\/hugoguedes\/files\/2019\/10\/Microdrenagem.pdf\">Microdrenagem<\/a><\/p>\n<p>&nbsp;<\/p>\n<p><strong>Material complementar:<\/strong><\/p>\n<p><a href=\"https:\/\/wp.ufpel.edu.br\/hugoguedes\/files\/2019\/08\/Lei-11445-5-janeiro-2007-Lei-do-Saneamento.pdf\">Lei 11445 5 janeiro 2007- Lei do Saneamento<\/a><\/p>\n<p><a href=\"https:\/\/wp.ufpel.edu.br\/hugoguedes\/files\/2019\/08\/Estatuto-da-Cidade.pdf\">Estatuto da Cidade<\/a><\/p>\n<p><a href=\"https:\/\/wp.ufpel.edu.br\/hugoguedes\/files\/2019\/08\/Plano-Diretor-de-Pelotas.pdf\">Plano Diretor de Pelotas<\/a><\/p>\n<p><a href=\"https:\/\/wp.ufpel.edu.br\/hugoguedes\/files\/2019\/09\/Drecreto-18611_2014.pdf\">Drecreto 18611_2014<\/a><\/p>\n<p><a href=\"https:\/\/wp.ufpel.edu.br\/hugoguedes\/files\/2018\/09\/Silveira-e-Goldengum-2007-RBRH-v.12-n.2-2007.pdf\">Silveira e Goldengum (2007) &#8211; RBRH v.12 n.2 2007<\/a><\/p>\n<p><a href=\"https:\/\/wp.ufpel.edu.br\/hugoguedes\/files\/2019\/10\/Solu\u00e7\u00e3o-do-exerc\u00edcio-sobre-Pavimento-Perme\u00e1vel.pdf\">Solu\u00e7\u00e3o do exerc\u00edcio sobre Pavimento Perme\u00e1vel<\/a><\/p>\n<p>&nbsp;<\/p>\n<p>&nbsp;<\/p>\n<p>&nbsp;<\/p>\n<p>&nbsp;<\/p>\n<p>&nbsp;<\/p>\n","protected":false},"excerpt":{"rendered":"<p>Plano de Ensino: Plano de ensino_2019_DU &nbsp; Apresenta\u00e7\u00f5es: Aula 1 Aula 2 Aula 3 Aula 4 Aula 5 Microdrenagem &nbsp; Material complementar: Lei 11445 5 janeiro 2007- Lei do Saneamento Estatuto da Cidade Plano Diretor de Pelotas Drecreto 18611_2014 Silveira e Goldengum (2007) &#8211; RBRH v.12 n.2 2007 Solu\u00e7\u00e3o do exerc\u00edcio sobre Pavimento Perme\u00e1vel &nbsp; [&hellip;]<\/p>\n","protected":false},"author":271,"featured_media":0,"parent":7,"menu_order":3,"comment_status":"closed","ping_status":"closed","template":"","meta":{"footnotes":""},"class_list":["post-19","page","type-page","status-publish","hentry"],"_links":{"self":[{"href":"https:\/\/wp.ufpel.edu.br\/hugoguedes\/wp-json\/wp\/v2\/pages\/19","targetHints":{"allow":["GET"]}}],"collection":[{"href":"https:\/\/wp.ufpel.edu.br\/hugoguedes\/wp-json\/wp\/v2\/pages"}],"about":[{"href":"https:\/\/wp.ufpel.edu.br\/hugoguedes\/wp-json\/wp\/v2\/types\/page"}],"author":[{"embeddable":true,"href":"https:\/\/wp.ufpel.edu.br\/hugoguedes\/wp-json\/wp\/v2\/users\/271"}],"replies":[{"embeddable":true,"href":"https:\/\/wp.ufpel.edu.br\/hugoguedes\/wp-json\/wp\/v2\/comments?post=19"}],"version-history":[{"count":67,"href":"https:\/\/wp.ufpel.edu.br\/hugoguedes\/wp-json\/wp\/v2\/pages\/19\/revisions"}],"predecessor-version":[{"id":1337,"href":"https:\/\/wp.ufpel.edu.br\/hugoguedes\/wp-json\/wp\/v2\/pages\/19\/revisions\/1337"}],"up":[{"embeddable":true,"href":"https:\/\/wp.ufpel.edu.br\/hugoguedes\/wp-json\/wp\/v2\/pages\/7"}],"wp:attachment":[{"href":"https:\/\/wp.ufpel.edu.br\/hugoguedes\/wp-json\/wp\/v2\/media?parent=19"}],"curies":[{"name":"wp","href":"https:\/\/api.w.org\/{rel}","templated":true}]}}