{"id":1284,"date":"2019-08-29T10:29:26","date_gmt":"2019-08-29T13:29:26","guid":{"rendered":"https:\/\/wp.ufpel.edu.br\/hugoguedes\/?page_id=1284"},"modified":"2019-08-29T10:32:43","modified_gmt":"2019-08-29T13:32:43","slug":"em-andamento","status":"publish","type":"page","link":"https:\/\/wp.ufpel.edu.br\/hugoguedes\/producao-cientifica\/tese-de-doutorado\/em-andamento\/","title":{"rendered":"Em andamento"},"content":{"rendered":"<p>Discente: <strong>Rosim\u00e9ri da Silva Fraga<\/strong><\/p>\n<p>T\u00edtulo da tese: Monitoramento da qualidade da \u00e1gua na Lagoa Mirim, RS, Brasil, utilizando dados de sensoriamento remoto<\/p>\n<p>Orienta\u00e7\u00e3o: Hugo Alexandre Soares Guedes (orientador)<\/p>\n<p>Data Prov\u00e1vel de defesa: Mar\u00e7o de 2020<\/p>\n","protected":false},"excerpt":{"rendered":"<p>Discente: Rosim\u00e9ri da Silva Fraga T\u00edtulo da tese: Monitoramento da qualidade da \u00e1gua na Lagoa Mirim, RS, Brasil, utilizando dados de sensoriamento remoto Orienta\u00e7\u00e3o: Hugo Alexandre Soares Guedes (orientador) Data Prov\u00e1vel de defesa: Mar\u00e7o de 2020<\/p>\n","protected":false},"author":271,"featured_media":0,"parent":35,"menu_order":0,"comment_status":"closed","ping_status":"closed","template":"","meta":{"footnotes":""},"class_list":["post-1284","page","type-page","status-publish","hentry"],"_links":{"self":[{"href":"https:\/\/wp.ufpel.edu.br\/hugoguedes\/wp-json\/wp\/v2\/pages\/1284","targetHints":{"allow":["GET"]}}],"collection":[{"href":"https:\/\/wp.ufpel.edu.br\/hugoguedes\/wp-json\/wp\/v2\/pages"}],"about":[{"href":"https:\/\/wp.ufpel.edu.br\/hugoguedes\/wp-json\/wp\/v2\/types\/page"}],"author":[{"embeddable":true,"href":"https:\/\/wp.ufpel.edu.br\/hugoguedes\/wp-json\/wp\/v2\/users\/271"}],"replies":[{"embeddable":true,"href":"https:\/\/wp.ufpel.edu.br\/hugoguedes\/wp-json\/wp\/v2\/comments?post=1284"}],"version-history":[{"count":3,"href":"https:\/\/wp.ufpel.edu.br\/hugoguedes\/wp-json\/wp\/v2\/pages\/1284\/revisions"}],"predecessor-version":[{"id":1288,"href":"https:\/\/wp.ufpel.edu.br\/hugoguedes\/wp-json\/wp\/v2\/pages\/1284\/revisions\/1288"}],"up":[{"embeddable":true,"href":"https:\/\/wp.ufpel.edu.br\/hugoguedes\/wp-json\/wp\/v2\/pages\/35"}],"wp:attachment":[{"href":"https:\/\/wp.ufpel.edu.br\/hugoguedes\/wp-json\/wp\/v2\/media?parent=1284"}],"curies":[{"name":"wp","href":"https:\/\/api.w.org\/{rel}","templated":true}]}}