{"id":13,"date":"2013-10-21T14:33:30","date_gmt":"2013-10-21T16:33:30","guid":{"rendered":"https:\/\/wp.ufpel.edu.br\/hotelaria\/?page_id=13"},"modified":"2025-10-22T22:01:53","modified_gmt":"2025-10-23T01:01:53","slug":"a-profissao","status":"publish","type":"page","link":"https:\/\/wp.ufpel.edu.br\/hotelaria\/a-profissao\/","title":{"rendered":"A Profiss\u00e3o"},"content":{"rendered":"<p>O profissional de\u00a0Hotelaria\u00a0\u00e9 respons\u00e1vel pelo\u00a0<strong>funcionamento<\/strong>\u00a0e pela\u00a0<strong>dire\u00e7\u00e3o<\/strong>\u00a0de hot\u00e9is, resorts, pousadas, flats, spas e est\u00e2ncias. Ele atua nos servi\u00e7os de acomoda\u00e7\u00e3o, alimenta\u00e7\u00e3o, recrea\u00e7\u00e3o e lazer. Contrata, orienta e supervisiona funcion\u00e1rios, cuida das quest\u00f5es financeiras, organiza as compras e mant\u00e9m as instala\u00e7\u00f5es.<\/p>\n<p>Pode participar da montagem de novos empreendimentos e definir estrat\u00e9gias de comunica\u00e7\u00e3o e marketing conforme seu p\u00fablico-alvo e as caracter\u00edsticas econ\u00f4micas e socioculturais da regi\u00e3o.<\/p>\n<p>A forma\u00e7\u00e3o tamb\u00e9m habilita o profissional para trabalhar em hospitais (hotelaria hospitalar), parques tem\u00e1ticos, centros gastron\u00f4micos, cruzeiros mar\u00edtimos, organizar eventos, e administrar condom\u00ednios comerciais, como shopping centers.<\/p>\n<p>Ademais, o profissional tecn\u00f3logo em hotelaria, pode trabalhar no servi\u00e7o p\u00fablico, prestar consultorias, e seguir na carreira acad\u00eamica.<\/p>\n","protected":false},"excerpt":{"rendered":"<p>O profissional de\u00a0Hotelaria\u00a0\u00e9 respons\u00e1vel pelo\u00a0funcionamento\u00a0e pela\u00a0dire\u00e7\u00e3o\u00a0de hot\u00e9is, resorts, pousadas, flats, spas e est\u00e2ncias. Ele atua nos servi\u00e7os de acomoda\u00e7\u00e3o, alimenta\u00e7\u00e3o, recrea\u00e7\u00e3o e lazer. Contrata, orienta e supervisiona funcion\u00e1rios, cuida das quest\u00f5es financeiras, organiza as compras e mant\u00e9m as instala\u00e7\u00f5es. Pode participar da montagem de novos empreendimentos e definir estrat\u00e9gias de comunica\u00e7\u00e3o e marketing conforme seu [&hellip;]<\/p>\n","protected":false},"author":292,"featured_media":0,"parent":0,"menu_order":1,"comment_status":"closed","ping_status":"closed","template":"","meta":{"jetpack_post_was_ever_published":false,"footnotes":""},"class_list":["post-13","page","type-page","status-publish","hentry"],"jetpack_sharing_enabled":true,"jetpack_shortlink":"https:\/\/wp.me\/P6g82V-d","_links":{"self":[{"href":"https:\/\/wp.ufpel.edu.br\/hotelaria\/wp-json\/wp\/v2\/pages\/13","targetHints":{"allow":["GET"]}}],"collection":[{"href":"https:\/\/wp.ufpel.edu.br\/hotelaria\/wp-json\/wp\/v2\/pages"}],"about":[{"href":"https:\/\/wp.ufpel.edu.br\/hotelaria\/wp-json\/wp\/v2\/types\/page"}],"author":[{"embeddable":true,"href":"https:\/\/wp.ufpel.edu.br\/hotelaria\/wp-json\/wp\/v2\/users\/292"}],"replies":[{"embeddable":true,"href":"https:\/\/wp.ufpel.edu.br\/hotelaria\/wp-json\/wp\/v2\/comments?post=13"}],"version-history":[{"count":6,"href":"https:\/\/wp.ufpel.edu.br\/hotelaria\/wp-json\/wp\/v2\/pages\/13\/revisions"}],"predecessor-version":[{"id":518,"href":"https:\/\/wp.ufpel.edu.br\/hotelaria\/wp-json\/wp\/v2\/pages\/13\/revisions\/518"}],"wp:attachment":[{"href":"https:\/\/wp.ufpel.edu.br\/hotelaria\/wp-json\/wp\/v2\/media?parent=13"}],"curies":[{"name":"wp","href":"https:\/\/api.w.org\/{rel}","templated":true}]}}