{"id":195,"date":"2019-03-22T19:02:46","date_gmt":"2019-03-22T22:02:46","guid":{"rendered":"https:\/\/wp.ufpel.edu.br\/hortasurbanas\/?page_id=195"},"modified":"2024-06-28T15:03:43","modified_gmt":"2024-06-28T18:03:43","slug":"producao-mudas","status":"publish","type":"page","link":"https:\/\/wp.ufpel.edu.br\/hortasurbanas\/?page_id=195","title":{"rendered":"Produ\u00e7\u00e3o de Mudas Hort\u00edcolas"},"content":{"rendered":"<p><span style=\"font-family: 'times new roman', times, serif;\">A oficina de Produ\u00e7\u00e3o de Mudas Hort\u00edcolas \u00e9 coordenada pela <strong>profa. dra. Adriane Marinho de Assis<\/strong> e tem como objetivos apresentar e discutir os principais aspectos relacionados com a produ\u00e7\u00e3o de mudas hort\u00edcolas, que v\u00e3o desde a escolha da esp\u00e9cie vegetal, os m\u00e9todos de propaga\u00e7\u00e3o e semeadura, os substratos usados e demais fatores que devem ser considerados no manejo das mudas.<\/span><\/p>\n<p><span style=\"font-family: 'times new roman', times, serif;\">Na oficina, Adriane apresenta os m\u00e9todos de propaga\u00e7\u00e3o e os materiais que podem ser utilizados a fim de reaproveitar res\u00edduos dom\u00e9sticos, como caixas de ovos, bem como os principais aspectos a serem considerados na semeadura e manejo de mudas. Ap\u00f3s esse primeiro momento te\u00f3rico-expositivo, as e os participantes p\u00f5em em pr\u00e1tica os conhecimentos constru\u00eddos.<\/span><\/p>\n<table style=\"width: 100%; border-collapse: collapse;\" border=\"0\">\n<tbody>\n<tr>\n<td style=\"width: 23.9091%;\"><span style=\"font-family: 'times new roman', times, serif;\"><img loading=\"lazy\" decoding=\"async\" class=\"wp-image-330 alignleft\" style=\"text-align: justify;\" src=\"https:\/\/wp.ufpel.edu.br\/hortasurbanas\/files\/2019\/03\/IMG-20181021-WA0019-e1566750179554-400x241.jpg\" alt=\"\" width=\"361\" height=\"218\" \/><\/span><\/td>\n<td style=\"width: 23.9091%;\"><span style=\"font-family: 'times new roman', times, serif;\"><img loading=\"lazy\" decoding=\"async\" class=\"wp-image-329 alignnone\" style=\"text-align: justify;\" src=\"https:\/\/wp.ufpel.edu.br\/hortasurbanas\/files\/2019\/03\/IMG-20181021-WA0017-400x225.jpg\" alt=\"\" width=\"361\" height=\"203\" \/><\/span><\/td>\n<\/tr>\n<\/tbody>\n<\/table>\n<div><\/div>\n<div><\/div>\n<div>\n<div><span style=\"font-family: 'times new roman', times, serif;\"><strong>Materiais necess\u00e1rios:<\/strong><\/span><\/div>\n<div>\n<ul>\n<li><span style=\"font-weight: 400; font-family: 'times new roman', times, serif;\">&#8211; Bandeja com alv\u00e9olos (de prefer\u00eancia, oriunda de pl\u00e1stico reciclado): pelo menos, 01 bandeja a cada 02 participantes.<\/span><\/li>\n<li><span style=\"font-weight: 400; font-family: 'times new roman', times, serif;\">&#8211; 1 Saco de substrato S10-Beifort\u00ae (16 Litros).<\/span><\/li>\n<li><span style=\"font-weight: 400; font-family: 'times new roman', times, serif;\">&#8211; 1 Saco de Fibra de Coco Amafibra (106 Litros)- padr\u00e3o 70 ou similar.<\/span><\/li>\n<li><span style=\"font-weight: 400; font-family: 'times new roman', times, serif;\">&#8211; Sementes de esp\u00e9cies hort\u00edcolas: 50 para 02 participantes.<\/span><\/li>\n<li><span style=\"font-family: 'times new roman', times, serif;\"><span style=\"font-weight: 400;\">Tesoura de poda e tesoura de colheita* (* \u00e9 a tesoura usada na colheita de <\/span><span style=\"font-weight: 400;\">uva, por exemplo): o ideal \u00e9 ter, pelo menos, 01 tesoura de poda e 01 de <\/span><span style=\"font-weight: 400;\">colheita a cada 02 participantes.<\/span><\/span><\/li>\n<li><span style=\"font-weight: 400; font-family: 'times new roman', times, serif;\">Regador.<\/span><\/li>\n<li><span style=\"font-weight: 400; font-family: 'times new roman', times, serif;\">Placas para a identifica\u00e7\u00e3o das mudas nas bandejas.<\/span><\/li>\n<\/ul>\n<\/div>\n<\/div>\n<div><\/div>\n<div><span style=\"font-family: 'times new roman', times, serif;\"><strong>Refer\u00eancias<\/strong><\/span><\/div>\n<div>\n<p><span style=\"font-weight: 400; font-family: 'times new roman', times, serif;\">FACHINELLO, J.C.; Hoffmann, A.; NACHTIGAL, J.C. Propaga\u00e7\u00e3o de plantas frut\u00edferas. Bras\u00edlia: Embrapa Informa\u00e7\u00f5es Tecnol\u00f3gicas, 2005. 221p.<\/span><\/p>\n<p><span style=\"font-weight: 400; font-family: 'times new roman', times, serif;\">FERMINO, M.H.; K\u00c4MPF, A.N. Substrato para Plantas: A base da produ\u00e7\u00e3o vegetal em recipientes. Porto Alegre: Genesis, 2000. 312 p.<\/span><\/p>\n<p><span style=\"font-weight: 400; font-family: 'times new roman', times, serif;\">FURLANI, A.M.C. Caracteriza\u00e7\u00e3o, manejo e qualidade de substratos para produ\u00e7\u00e3o de plantas. Campinas: Instituto Agron\u00f4mico, 2002. 122 p. (Documentos IAC, 70).<\/span><\/p>\n<\/div>\n","protected":false},"excerpt":{"rendered":"<p>A oficina de Produ\u00e7\u00e3o de Mudas Hort\u00edcolas \u00e9 coordenada pela profa. dra. Adriane Marinho de Assis e tem como objetivos apresentar e discutir os principais aspectos relacionados com a produ\u00e7\u00e3o de mudas hort\u00edcolas, que v\u00e3o desde a escolha da esp\u00e9cie vegetal, os m\u00e9todos de propaga\u00e7\u00e3o e semeadura, os substratos usados [&hellip;]<\/p>\n","protected":false},"author":873,"featured_media":0,"parent":0,"menu_order":0,"comment_status":"closed","ping_status":"closed","template":"","meta":{"footnotes":""},"class_list":["post-195","page","type-page","status-publish","hentry","post"],"_links":{"self":[{"href":"https:\/\/wp.ufpel.edu.br\/hortasurbanas\/index.php?rest_route=\/wp\/v2\/pages\/195","targetHints":{"allow":["GET"]}}],"collection":[{"href":"https:\/\/wp.ufpel.edu.br\/hortasurbanas\/index.php?rest_route=\/wp\/v2\/pages"}],"about":[{"href":"https:\/\/wp.ufpel.edu.br\/hortasurbanas\/index.php?rest_route=\/wp\/v2\/types\/page"}],"author":[{"embeddable":true,"href":"https:\/\/wp.ufpel.edu.br\/hortasurbanas\/index.php?rest_route=\/wp\/v2\/users\/873"}],"replies":[{"embeddable":true,"href":"https:\/\/wp.ufpel.edu.br\/hortasurbanas\/index.php?rest_route=%2Fwp%2Fv2%2Fcomments&post=195"}],"version-history":[{"count":19,"href":"https:\/\/wp.ufpel.edu.br\/hortasurbanas\/index.php?rest_route=\/wp\/v2\/pages\/195\/revisions"}],"predecessor-version":[{"id":2595,"href":"https:\/\/wp.ufpel.edu.br\/hortasurbanas\/index.php?rest_route=\/wp\/v2\/pages\/195\/revisions\/2595"}],"wp:attachment":[{"href":"https:\/\/wp.ufpel.edu.br\/hortasurbanas\/index.php?rest_route=%2Fwp%2Fv2%2Fmedia&parent=195"}],"curies":[{"name":"wp","href":"https:\/\/api.w.org\/{rel}","templated":true}]}}