{"id":180,"date":"2019-03-22T18:54:37","date_gmt":"2019-03-22T21:54:37","guid":{"rendered":"https:\/\/wp.ufpel.edu.br\/hortasurbanas\/?page_id=180"},"modified":"2024-07-05T19:24:40","modified_gmt":"2024-07-05T22:24:40","slug":"justificativas","status":"publish","type":"page","link":"https:\/\/wp.ufpel.edu.br\/hortasurbanas\/?page_id=180","title":{"rendered":"Justificativas"},"content":{"rendered":"<div id=\"pl-180\"  class=\"panel-layout\" ><div id=\"pg-180-0\"  class=\"panel-grid panel-no-style\" ><div id=\"pgc-180-0-0\"  class=\"panel-grid-cell\" ><div id=\"panel-180-0-0-0\" class=\"so-panel widget widget_sow-editor panel-first-child\" data-index=\"0\" ><div\n\t\t\t\n\t\t\tclass=\"so-widget-sow-editor so-widget-sow-editor-base\"\n\t\t\t\n\t\t>\n<div class=\"siteorigin-widget-tinymce textwidget\">\n\t<p><span style=\"font-family: impact, sans-serif; font-size: 18pt;\">JUSTIFICATIVAS<\/span><\/p>\n<\/div>\n<\/div><\/div><div id=\"panel-180-0-0-1\" class=\"so-panel widget widget_sow-editor panel-last-child\" data-index=\"1\" ><div\n\t\t\t\n\t\t\tclass=\"so-widget-sow-editor so-widget-sow-editor-base\"\n\t\t\t\n\t\t>\n<div class=\"siteorigin-widget-tinymce textwidget\">\n\t<p style=\"text-align: justify;\"><span class=\"fontstyle0\" style=\"font-family: 'times new roman', times, serif;\">A cidade que hoje \u00e9 l\u00f3cus de todos, \u00e9 tamb\u00e9m o maior s\u00edmbolo desta artificializa\u00e7\u00e3o, desta dist\u00e2ncia dos seres humanos e da natureza. E na cidade que o esgoto, a polui\u00e7\u00e3o da \u00e1gua e o res\u00edduo s\u00f3lido mostram o quanto a natureza est\u00e1 maltratada, mas tamb\u00e9m maltratados est\u00e3o boa parte das pessoas que comem mal ou n\u00e3o comem, vivem em habita\u00e7\u00f5es prec\u00e1rias e sofrem sem ter empregos. A cidade que artificializou, excluiu a natureza, produziu um espa\u00e7o geogr\u00e1fico no qual as desigualdades sociais s\u00e3o latentes. E nesta cidade que possui tantos problemas sociais, que s\u00e3o tamb\u00e9m ambientais, \u00e9 que se deve pensar em alternativas, para que o direito \u00e0s cidades tenha a sua urbanidade voltada para uma racionalidade ambiental<\/span><\/p>\n<p style=\"text-align: justify;\"><span style=\"font-family: 'times new roman', times, serif;\"><span class=\"fontstyle0\">As hortas permitem a produ\u00e7\u00e3o de alimentos, mas ao usar insumos para sua implementa\u00e7\u00e3o permitem minimizar o lixo nas cidades, uma vez que promovem a reciclagem de nutrientes; ajudam a manuten\u00e7\u00e3o da biodiversidade urbana, pois permitem que plantas e <\/span><span class=\"fontstyle0\">animais habitem a cidade; uma vez que est\u00e3o em terrenos muitas vezes com entulhos, melhoram a limpeza das cidades, transformando a est\u00e9tica do urbano; proporcionam espa\u00e7o de lazer e sociabilidade para quem trabalha, mas tamb\u00e9m para quem visita as hortas; criam espa\u00e7os para desenvolvimento de educa\u00e7\u00e3o ambiental de escolas e comunidades; contribuem para seguran\u00e7a alimentar e para pr\u00e1ticas medicinais alternativas e mais baratas, uma vez que passam a serem consumidos produtos mais saud\u00e1veis; atuam no combate a fome, pois passa a se produzir o que come e contribuem para o estabelecimento de uma rela\u00e7\u00e3o diferente com o consumo, valorizando o que \u00e9 produzido pelo grupo.<\/span><\/span><\/p>\n<\/div>\n<\/div><\/div><\/div><\/div><\/div>","protected":false},"excerpt":{"rendered":"<p>JUSTIFICATIVAS A cidade que hoje \u00e9 l\u00f3cus de todos, \u00e9 tamb\u00e9m o maior s\u00edmbolo desta artificializa\u00e7\u00e3o, desta dist\u00e2ncia dos seres humanos e da natureza. E na cidade que o esgoto, a polui\u00e7\u00e3o da \u00e1gua e o res\u00edduo s\u00f3lido mostram o quanto a natureza est\u00e1 maltratada, mas tamb\u00e9m maltratados est\u00e3o boa [&hellip;]<\/p>\n","protected":false},"author":873,"featured_media":0,"parent":0,"menu_order":0,"comment_status":"closed","ping_status":"closed","template":"","meta":{"footnotes":""},"class_list":["post-180","page","type-page","status-publish","hentry","post"],"_links":{"self":[{"href":"https:\/\/wp.ufpel.edu.br\/hortasurbanas\/index.php?rest_route=\/wp\/v2\/pages\/180","targetHints":{"allow":["GET"]}}],"collection":[{"href":"https:\/\/wp.ufpel.edu.br\/hortasurbanas\/index.php?rest_route=\/wp\/v2\/pages"}],"about":[{"href":"https:\/\/wp.ufpel.edu.br\/hortasurbanas\/index.php?rest_route=\/wp\/v2\/types\/page"}],"author":[{"embeddable":true,"href":"https:\/\/wp.ufpel.edu.br\/hortasurbanas\/index.php?rest_route=\/wp\/v2\/users\/873"}],"replies":[{"embeddable":true,"href":"https:\/\/wp.ufpel.edu.br\/hortasurbanas\/index.php?rest_route=%2Fwp%2Fv2%2Fcomments&post=180"}],"version-history":[{"count":8,"href":"https:\/\/wp.ufpel.edu.br\/hortasurbanas\/index.php?rest_route=\/wp\/v2\/pages\/180\/revisions"}],"predecessor-version":[{"id":2784,"href":"https:\/\/wp.ufpel.edu.br\/hortasurbanas\/index.php?rest_route=\/wp\/v2\/pages\/180\/revisions\/2784"}],"wp:attachment":[{"href":"https:\/\/wp.ufpel.edu.br\/hortasurbanas\/index.php?rest_route=%2Fwp%2Fv2%2Fmedia&parent=180"}],"curies":[{"name":"wp","href":"https:\/\/api.w.org\/{rel}","templated":true}]}}