{"id":135,"date":"2019-03-22T18:36:12","date_gmt":"2019-03-22T21:36:12","guid":{"rendered":"https:\/\/wp.ufpel.edu.br\/hortasurbanas\/?page_id=135"},"modified":"2024-07-05T23:09:45","modified_gmt":"2024-07-06T02:09:45","slug":"o-projeto","status":"publish","type":"page","link":"https:\/\/wp.ufpel.edu.br\/hortasurbanas\/","title":{"rendered":"In\u00edcio"},"content":{"rendered":"<div id=\"pl-135\"  class=\"panel-layout\" ><div id=\"pg-135-0\"  class=\"panel-grid panel-no-style\" ><div id=\"pgc-135-0-0\"  class=\"panel-grid-cell\" ><div id=\"panel-135-0-0-0\" class=\"so-panel widget widget_block panel-first-child panel-last-child\" data-index=\"0\" ><\/div><\/div><\/div><div id=\"pg-135-1\"  class=\"panel-grid panel-no-style\" ><div id=\"pgc-135-1-0\"  class=\"panel-grid-cell\" ><div id=\"panel-135-1-0-0\" class=\"so-panel widget widget_sow-editor panel-first-child\" data-index=\"1\" ><div\n\t\t\t\n\t\t\tclass=\"so-widget-sow-editor so-widget-sow-editor-base\"\n\t\t\t\n\t\t>\n<div class=\"siteorigin-widget-tinymce textwidget\">\n\t<p><span style=\"font-family: impact, sans-serif; font-size: 18pt;\">O PROJETO<\/span><\/p>\n<\/div>\n<\/div><\/div><div id=\"panel-135-1-0-1\" class=\"so-panel widget widget_sow-editor panel-last-child\" data-index=\"2\" ><div\n\t\t\t\n\t\t\tclass=\"so-widget-sow-editor so-widget-sow-editor-base\"\n\t\t\t\n\t\t>\n<div class=\"siteorigin-widget-tinymce textwidget\">\n\t<p style=\"text-align: justify;\"><span style=\"font-family: 'times new roman', times, serif;\">O projeto Hortas Urbanas visa incentivar a organiza\u00e7\u00e3o de hortas org\u00e2nicas na comunidade pelotense. S\u00e3o reaplicadas tecnologias sociais, selecionadas, e de baixo custo, que envolvem compostagem, aduba\u00e7\u00e3o verde, canteiros com garrafas pet, caldas para controle de insetos e doen\u00e7as, coleta de \u00e1gua da chuva e manejo com plantas medicinais.<\/span><\/p>\n<p style=\"text-align: justify;\"><span style=\"font-family: 'times new roman', times, serif;\">Tamb\u00e9m s\u00e3o estimulados projetos culin\u00e1rios de produ\u00e7\u00e3o agr\u00edcola com plantas aliment\u00edcias n\u00e3o convencionais. O projeto aponta para a\u00e7\u00f5es que tornem a cidade mais sustent\u00e1vel, criando uma paisagem que auxilie ao meio ambiente, permitindo que as pessoas que mais precisem possam ter alimentos saud\u00e1veis. Entende-se a horta urbana como uma tecnologia social, que se utiliza de outras tantas tecnologias sociais, que podem transformar a cidade.<\/span><\/p>\n<p style=\"text-align: justify;\"><span style=\"font-family: 'times new roman', times, serif;\">\u00c9 uma proposta que j\u00e1 conta com experi\u00eancias dos participantes e se pretende aprimorar um processo que j\u00e1 vem sendo aplicado. O trabalho inicia com acordos entre comunidade e universidade para escolha dos cultivos a serem feitos, das tecnologias a serem empregadas, dos destino a serem dados com os produtos da horta e das tarefas a serem realizados pelo grupo. Logo ap\u00f3s se iniciam ciclos de cinemas e oficinas para forma\u00e7\u00e3o, preparo da terra, planta\u00e7\u00e3o, cuidados e colheita.<\/span><\/p>\n<p style=\"text-align: justify;\"><span style=\"font-family: 'times new roman', times, serif;\">Como resultado se pretende que a comunidade realize o ciclo de produ\u00e7\u00e3o e possa se alimentar da cultura efetivada, tornando Pelotas uma cidade mais sustent\u00e1vel. A metodologia adotada \u00e9 da pesquisa-a\u00e7\u00e3o, na qual existe reflex\u00e3o, a\u00e7\u00e3o e reflex\u00e3o, partilhado com a comunidade envolvida, e a equipe da universidade se coloca numa posi\u00e7\u00e3o de facilitador, pesquisador.<\/span><\/p>\n<\/div>\n<\/div><\/div><\/div><\/div><div id=\"pg-135-2\"  class=\"panel-grid panel-no-style\" ><div id=\"pgc-135-2-0\"  class=\"panel-grid-cell\" ><div id=\"panel-135-2-0-0\" class=\"so-panel widget widget_block panel-first-child panel-last-child\" data-index=\"3\" ><\/div><\/div><\/div><div id=\"pg-135-3\"  class=\"panel-grid panel-has-style\" ><div class=\"siteorigin-panels-stretch panel-row-style panel-row-style-for-135-3\" data-stretch-type=\"full\" ><div id=\"pgc-135-3-0\"  class=\"panel-grid-cell\" ><div id=\"panel-135-3-0-0\" class=\"so-panel widget widget_sow-features panel-first-child panel-last-child\" data-index=\"4\" ><div class=\"panel-widget-style panel-widget-style-for-135-3-0-0\" ><div\n\t\t\t\n\t\t\tclass=\"so-widget-sow-features so-widget-sow-features-default-f025bafee5c3-135\"\n\t\t\t\n\t\t><ul\n\tclass=\"sow-features-list\n\tsow-features-responsive\">\n\n\t\t\t<li\n\t\t\tclass=\"sow-features-feature sow-icon-container-position-top\"\n\t\t\tstyle=\"display: flex; flex-direction: column; width: calc(33.333% - 30px);\"\n\t\t>\n\t\t\t\n\t\t\t\t\t\t\t<div class=\"sow-features-feature-right-left-container\" style=\"display: flex; flex-direction: inherit;\">\n\t\t\t\t\t\t\t<div\t\t\t\tclass=\"sow-icon-container sow-container-none\"\n\t\t\t\tstyle=\"color: ; \"\n\t\t\t\t\n\t\t\t\t\t\t\t>\n\t\t\t\t<span class=\"sow-icon-elegantline\" data-sow-icon=\"&#xe05b;\"\n\t\tstyle=\"font-size: 20px; color: #2d2d2d\" \n\t\taria-hidden=\"true\"><\/span>\t\t\t<\/div>\n\n\t\t\t<div class=\"textwidget\">\n\t\t\t\t\t\t\t\t\t<div class=\"sow-features-feature-content\">\n\t\t\t\t\n\t\t\t\t\t\t\t\t\t<h5 class=\"sow-features-feature-title\">\n\t\t\t\t\t\t\t\t\t\t\t\t\t<a\n\t\t\t\t\t\t\t\thref=\"https:\/\/wp.ufpel.edu.br\/hortasurbanas\/?page_id=164\"\n\t\t\t\t\t\t\t\t\t\t\t\t\t\t\t>\n\t\t\t\t\t\t\tQuem somos\t\t\t\t\t\t\t<\/a>\n\t\t\t\t\t\t\t\t\t\t\t\t<\/h5>\n\t\t\t\t\n\t\t\t\t\t\t\t\t\t<div class=\"sow-features-feature-text\">\n\t\t\t\t\t<p><span style=\"font-size: 10pt\">Hortas Urbanas \u00e9 uma equipe interdisciplinar em atua\u00e7\u00e3o desde 2017. \u00c9 composta por acad\u00eamicos e professores da UFPel e outras institui\u00e7\u00f5es parceiras. Acesse aqui para saber mais.<\/span><\/p>\n\t\t\t\t\t<\/div>\n\t\t\t\t\t\t\t\t\t\t<\/div>\n\t\t\t\t\t<p class=\"sow-more-text\">\n\t\t\t\t\t\t<a href=\"https:\/\/wp.ufpel.edu.br\/hortasurbanas\/?page_id=164\" >\t\t\t\t\t\tLeia mais\t\t\t\t\t\t<\/a>\t\t\t\t\t<\/p>\n\t\t\t\t\t\t\t<\/div>\n\t\t\t\t\t\t\t<\/div>\n\t\t\t\t\t\t\t\t<\/li>\n\n\t\t\t<li\n\t\t\tclass=\"sow-features-feature sow-icon-container-position-top\"\n\t\t\tstyle=\"display: flex; flex-direction: column; width: calc(33.333% - 30px);\"\n\t\t>\n\t\t\t\n\t\t\t\t\t\t\t<div class=\"sow-features-feature-right-left-container\" style=\"display: flex; flex-direction: inherit;\">\n\t\t\t\t\t\t\t<div\t\t\t\tclass=\"sow-icon-container sow-container-none\"\n\t\t\t\tstyle=\"color: ; \"\n\t\t\t\t\n\t\t\t\t\t\t\t>\n\t\t\t\t<span class=\"sow-icon-elegantline\" data-sow-icon=\"&#xe04e;\"\n\t\tstyle=\"font-size: 20px; color: #2d2d2d\" \n\t\taria-hidden=\"true\"><\/span>\t\t\t<\/div>\n\n\t\t\t<div class=\"textwidget\">\n\t\t\t\t\t\t\t\t\t<div class=\"sow-features-feature-content\">\n\t\t\t\t\n\t\t\t\t\t\t\t\t\t<h5 class=\"sow-features-feature-title\">\n\t\t\t\t\t\t\t\t\t\t\t\t\t<a\n\t\t\t\t\t\t\t\thref=\"https:\/\/wp.ufpel.edu.br\/hortasurbanas\/?page_id=131\"\n\t\t\t\t\t\t\t\t\t\t\t\t\t\t\t>\n\t\t\t\t\t\t\tObjetivos\t\t\t\t\t\t\t<\/a>\n\t\t\t\t\t\t\t\t\t\t\t\t<\/h5>\n\t\t\t\t\n\t\t\t\t\t\t\t\t\t<div class=\"sow-features-feature-text\">\n\t\t\t\t\t<p><span style=\"font-size: 10pt\">Nosso objetivo principal \u00e9 o desenvolvimento de cidades socialmente justas e ambientalmente sustent\u00e1veis. Mas n\u00e3o s\u00f3! Vem saber mais.<\/span><\/p>\n\t\t\t\t\t<\/div>\n\t\t\t\t\t\t\t\t\t\t<\/div>\n\t\t\t\t\t<p class=\"sow-more-text\">\n\t\t\t\t\t\t<a href=\"https:\/\/wp.ufpel.edu.br\/hortasurbanas\/?page_id=131\" >\t\t\t\t\t\tLeia mais\t\t\t\t\t\t<\/a>\t\t\t\t\t<\/p>\n\t\t\t\t\t\t\t<\/div>\n\t\t\t\t\t\t\t<\/div>\n\t\t\t\t\t\t\t\t<\/li>\n\n\t\t\t<li\n\t\t\tclass=\"sow-features-feature sow-icon-container-position-top\"\n\t\t\tstyle=\"display: flex; flex-direction: column; width: calc(33.333% - 30px);\"\n\t\t>\n\t\t\t\n\t\t\t\t\t\t\t<div class=\"sow-features-feature-right-left-container\" style=\"display: flex; flex-direction: inherit;\">\n\t\t\t\t\t\t\t<div\t\t\t\tclass=\"sow-icon-container sow-container-none\"\n\t\t\t\tstyle=\"color: ; \"\n\t\t\t\t\n\t\t\t\t\t\t\t>\n\t\t\t\t<span class=\"sow-icon-elegantline\" data-sow-icon=\"&#xe006;\"\n\t\tstyle=\"font-size: 20px; color: #2d2d2d\" \n\t\taria-hidden=\"true\"><\/span>\t\t\t<\/div>\n\n\t\t\t<div class=\"textwidget\">\n\t\t\t\t\t\t\t\t\t<div class=\"sow-features-feature-content\">\n\t\t\t\t\n\t\t\t\t\t\t\t\t\t<h5 class=\"sow-features-feature-title\">\n\t\t\t\t\t\t\t\t\t\t\t\t\t<a\n\t\t\t\t\t\t\t\thref=\"https:\/\/wp.ufpel.edu.br\/hortasurbanas\/?page_id=180\"\n\t\t\t\t\t\t\t\t\t\t\t\t\t\t\t>\n\t\t\t\t\t\t\tJustificativas\t\t\t\t\t\t\t<\/a>\n\t\t\t\t\t\t\t\t\t\t\t\t<\/h5>\n\t\t\t\t\n\t\t\t\t\t\t\t\t\t<div class=\"sow-features-feature-text\">\n\t\t\t\t\t<p><span style=\"font-size: 10pt\">O desenvolvimento econ\u00f4mico das cidades tem legado desafios significativos para a sustentabilidade socioambiental. Entenda melhor as problem\u00e1ticas que norteiam nossa atua\u00e7\u00e3o!<\/span><\/p>\n\t\t\t\t\t<\/div>\n\t\t\t\t\t\t\t\t\t\t<\/div>\n\t\t\t\t\t<p class=\"sow-more-text\">\n\t\t\t\t\t\t<a href=\"https:\/\/wp.ufpel.edu.br\/hortasurbanas\/?page_id=180\" >\t\t\t\t\t\tLeia mais\t\t\t\t\t\t<\/a>\t\t\t\t\t<\/p>\n\t\t\t\t\t\t\t<\/div>\n\t\t\t\t\t\t\t<\/div>\n\t\t\t\t\t\t\t\t<\/li>\n\n\t<\/ul>\n<\/div><\/div><\/div><\/div><\/div><\/div><div id=\"pg-135-4\"  class=\"panel-grid panel-has-style\" ><div class=\"siteorigin-panels-stretch panel-row-style panel-row-style-for-135-4\" data-stretch-type=\"full-width-stretch\" ><div id=\"pgc-135-4-0\"  class=\"panel-grid-cell\" ><div class=\"panel-cell-style panel-cell-style-for-135-4-0\" ><div id=\"panel-135-4-0-0\" class=\"so-panel widget widget_siteorigin-panels-builder panel-first-child panel-last-child\" data-index=\"5\" ><div id=\"pl-w668734dda8989\"  class=\"panel-layout\" ><div id=\"pg-w668734dda8989-0\"  class=\"panel-grid panel-no-style\" ><div id=\"pgc-w668734dda8989-0-0\"  class=\"panel-grid-cell\" ><div id=\"panel-w668734dda8989-0-0-0\" class=\"so-panel widget widget_sow-headline panel-first-child panel-last-child\" data-index=\"0\" ><div\n\t\t\t\n\t\t\tclass=\"so-widget-sow-headline so-widget-sow-headline-default-92706a727b5a so-widget-fittext-wrapper\"\n\t\t\t data-fit-text-compressor=\"0.85\"\n\t\t><div class=\"sow-headline-container \">\n\t\t\t\t\t\t\t<h2 class=\"sow-headline\">\n\t\t\t\t\t\tVoc\u00ea j\u00e1 conhece nosso livro?\t\t\t\t\t\t<\/h2>\n\t\t\t\t\t\t\t\t\t\t\t\t<p class=\"sow-sub-headline\">\n\t\t\t\t\t\tO livro \"Hortas Urbanas: quando a sustentabilidade encontra a cidade\" \u00e9 resultado de um longo trabalho coletivo transdisciplinar. Re\u00fane discuss\u00f5es te\u00f3rico-instrumentais em torno de canteiros org\u00e2nicos, com o objetivo de divulgar as a\u00e7\u00f5es e reflex\u00f5es que vem sendo constru\u00eddas a partir do Projeto de Extens\u00e3o Hortas Urbanas junto \u00e0 comunidade pelotense.\t\t\t\t\t\t<\/p>\n\t\t\t\t\t\t<\/div>\n<\/div><\/div><\/div><\/div><div id=\"pg-w668734dda8989-1\"  class=\"panel-grid panel-no-style\" ><div id=\"pgc-w668734dda8989-1-0\"  class=\"panel-grid-cell panel-grid-cell-mobile-last\" ><div id=\"panel-w668734dda8989-1-0-0\" class=\"so-panel widget widget_sow-button panel-first-child panel-last-child\" data-index=\"1\" ><div\n\t\t\t\n\t\t\tclass=\"so-widget-sow-button so-widget-sow-button-flat-89e452363380\"\n\t\t\t\n\t\t><div class=\"ow-button-base ow-button-align-center\"\n>\n\t\t\t<a\n\t\t\t\t\thref=\"https:\/\/drive.google.com\/file\/d\/1Lk3DFY7bQLQl0DUVb-y3mkJW3nrrgX_-\/view\"\n\t\t\t\t\tclass=\"sowb-button ow-icon-placement-left ow-button-hover\" target=\"_blank\" rel=\"noopener noreferrer\" download=\"\" \t>\n\t\t<span>\n\t\t\t<span class=\"sow-icon-fontawesome sow-far\" data-sow-icon=\"&#xf25a;\"\n\t\tstyle=\"\" \n\t\taria-hidden=\"true\"><\/span>\n\t\t\tAcesse aqui!\t\t<\/span>\n\t\t\t<\/a>\n\t<\/div>\n<\/div><\/div><\/div><div id=\"pgc-w668734dda8989-1-1\"  class=\"panel-grid-cell panel-grid-cell-empty\" ><\/div><\/div><\/div><\/div><\/div><\/div><div id=\"pgc-135-4-1\"  class=\"panel-grid-cell panel-grid-cell-empty\" ><\/div><div id=\"pgc-135-4-2\"  class=\"panel-grid-cell\" ><div id=\"panel-135-4-2-0\" class=\"so-panel widget widget_sow-image panel-first-child panel-last-child\" data-index=\"6\" ><div\n\t\t\t\n\t\t\tclass=\"so-widget-sow-image so-widget-sow-image-default-8b5b6f678277-135\"\n\t\t\t\n\t\t>\n<div class=\"sow-image-container\">\n\t\t<img \n\tsrc=\"https:\/\/wp.ufpel.edu.br\/hortasurbanas\/files\/2024\/07\/capa_livro_OLIVEIRA_2021_hortas_urbanas-264x400.jpg\" width=\"264\" height=\"400\" srcset=\"https:\/\/wp.ufpel.edu.br\/hortasurbanas\/files\/2024\/07\/capa_livro_OLIVEIRA_2021_hortas_urbanas-264x400.jpg 264w, https:\/\/wp.ufpel.edu.br\/hortasurbanas\/files\/2024\/07\/capa_livro_OLIVEIRA_2021_hortas_urbanas-198x300.jpg 198w, https:\/\/wp.ufpel.edu.br\/hortasurbanas\/files\/2024\/07\/capa_livro_OLIVEIRA_2021_hortas_urbanas.jpg 519w\" sizes=\"(max-width: 264px) 100vw, 264px\" alt=\"\" \t\tclass=\"so-widget-image\"\/>\n\t<\/div>\n\n<\/div><\/div><\/div><\/div><\/div><\/div>","protected":false},"excerpt":{"rendered":"<p>O PROJETO O projeto Hortas Urbanas visa incentivar a organiza\u00e7\u00e3o de hortas org\u00e2nicas na comunidade pelotense. S\u00e3o reaplicadas tecnologias sociais, selecionadas, e de baixo custo, que envolvem compostagem, aduba\u00e7\u00e3o verde, canteiros com garrafas pet, caldas para controle de insetos e doen\u00e7as, coleta de \u00e1gua da chuva e manejo com plantas [&hellip;]<\/p>\n","protected":false},"author":873,"featured_media":0,"parent":0,"menu_order":0,"comment_status":"closed","ping_status":"closed","template":"","meta":{"footnotes":""},"class_list":["post-135","page","type-page","status-publish","hentry","post"],"_links":{"self":[{"href":"https:\/\/wp.ufpel.edu.br\/hortasurbanas\/index.php?rest_route=\/wp\/v2\/pages\/135","targetHints":{"allow":["GET"]}}],"collection":[{"href":"https:\/\/wp.ufpel.edu.br\/hortasurbanas\/index.php?rest_route=\/wp\/v2\/pages"}],"about":[{"href":"https:\/\/wp.ufpel.edu.br\/hortasurbanas\/index.php?rest_route=\/wp\/v2\/types\/page"}],"author":[{"embeddable":true,"href":"https:\/\/wp.ufpel.edu.br\/hortasurbanas\/index.php?rest_route=\/wp\/v2\/users\/873"}],"replies":[{"embeddable":true,"href":"https:\/\/wp.ufpel.edu.br\/hortasurbanas\/index.php?rest_route=%2Fwp%2Fv2%2Fcomments&post=135"}],"version-history":[{"count":39,"href":"https:\/\/wp.ufpel.edu.br\/hortasurbanas\/index.php?rest_route=\/wp\/v2\/pages\/135\/revisions"}],"predecessor-version":[{"id":2833,"href":"https:\/\/wp.ufpel.edu.br\/hortasurbanas\/index.php?rest_route=\/wp\/v2\/pages\/135\/revisions\/2833"}],"wp:attachment":[{"href":"https:\/\/wp.ufpel.edu.br\/hortasurbanas\/index.php?rest_route=%2Fwp%2Fv2%2Fmedia&parent=135"}],"curies":[{"name":"wp","href":"https:\/\/api.w.org\/{rel}","templated":true}]}}