{"id":355,"date":"2018-05-14T17:04:47","date_gmt":"2018-05-14T20:04:47","guid":{"rendered":"https:\/\/wp.ufpel.edu.br\/historep\/?page_id=355"},"modified":"2018-05-18T09:07:57","modified_gmt":"2018-05-18T12:07:57","slug":"apresentacoes-com-laminas","status":"publish","type":"page","link":"https:\/\/wp.ufpel.edu.br\/historep\/apresentacoes-com-laminas\/","title":{"rendered":"Apresenta\u00e7\u00f5es com l\u00e2minas"},"content":{"rendered":"<p><a href=\"https:\/\/wp.ufpel.edu.br\/historep\/files\/2018\/02\/Histologia-II-Prova-2.pdf\">Histologia II-Prova 2<\/a><a href=\"https:\/\/wp.ufpel.edu.br\/historep\/files\/2017\/11\/L\u00e2minas-primeira-prova-pratica.pdf\">\u00a0 <\/a><\/p>\n<p><a href=\"https:\/\/wp.ufpel.edu.br\/historep\/files\/2017\/11\/L\u00e2minas-primeira-prova-pratica.pdf\">L\u00e2minas primeira prova pratica<\/a><\/p>\n","protected":false},"excerpt":{"rendered":"<p>Histologia II-Prova 2\u00a0 L\u00e2minas primeira prova pratica<\/p>\n","protected":false},"author":652,"featured_media":0,"parent":0,"menu_order":0,"comment_status":"closed","ping_status":"closed","template":"","meta":{"advanced_seo_description":"","jetpack_seo_html_title":"","jetpack_seo_noindex":false,"jetpack_post_was_ever_published":false,"footnotes":""},"class_list":["post-355","page","type-page","status-publish","hentry"],"jetpack_sharing_enabled":true,"jetpack_shortlink":"https:\/\/wp.me\/P8WvZK-5J","_links":{"self":[{"href":"https:\/\/wp.ufpel.edu.br\/historep\/wp-json\/wp\/v2\/pages\/355","targetHints":{"allow":["GET"]}}],"collection":[{"href":"https:\/\/wp.ufpel.edu.br\/historep\/wp-json\/wp\/v2\/pages"}],"about":[{"href":"https:\/\/wp.ufpel.edu.br\/historep\/wp-json\/wp\/v2\/types\/page"}],"author":[{"embeddable":true,"href":"https:\/\/wp.ufpel.edu.br\/historep\/wp-json\/wp\/v2\/users\/652"}],"replies":[{"embeddable":true,"href":"https:\/\/wp.ufpel.edu.br\/historep\/wp-json\/wp\/v2\/comments?post=355"}],"version-history":[{"count":3,"href":"https:\/\/wp.ufpel.edu.br\/historep\/wp-json\/wp\/v2\/pages\/355\/revisions"}],"predecessor-version":[{"id":437,"href":"https:\/\/wp.ufpel.edu.br\/historep\/wp-json\/wp\/v2\/pages\/355\/revisions\/437"}],"wp:attachment":[{"href":"https:\/\/wp.ufpel.edu.br\/historep\/wp-json\/wp\/v2\/media?parent=355"}],"curies":[{"name":"wp","href":"https:\/\/api.w.org\/{rel}","templated":true}]}}