{"id":306,"date":"2017-10-30T15:09:07","date_gmt":"2017-10-30T17:09:07","guid":{"rendered":"https:\/\/wp.ufpel.edu.br\/historep\/?page_id=306"},"modified":"2018-02-12T16:47:49","modified_gmt":"2018-02-12T18:47:49","slug":"fotos-do-laminario","status":"publish","type":"page","link":"https:\/\/wp.ufpel.edu.br\/historep\/fotos-do-laminario\/","title":{"rendered":"Fotos do lamin\u00e1rio &#8211; Prova pr\u00e1tica 1 Veterin\u00e1ria"},"content":{"rendered":"<p>As fotos contidas nesta p\u00e1gina foram registradas por alunos da disciplina de Histologia II, do curso de Veterin\u00e1ria, com celulares, durante as aulas pr\u00e1ticas da disciplina.\u00a0<img class=\"alignnone size-medium wp-image-309\" src=\"https:\/\/wp.ufpel.edu.br\/historep\/files\/2017\/10\/A7-legenda-400x296.png\" alt=\"\" width=\"400\" height=\"296\" srcset=\"https:\/\/wp.ufpel.edu.br\/historep\/files\/2017\/10\/A7-legenda-400x296.png 400w, https:\/\/wp.ufpel.edu.br\/historep\/files\/2017\/10\/A7-legenda.png 559w\" sizes=\"(max-width: 400px) 100vw, 400px\" \/> <img class=\"alignnone size-medium wp-image-310\" src=\"https:\/\/wp.ufpel.edu.br\/historep\/files\/2017\/10\/estomago-400x372.jpg\" alt=\"\" width=\"400\" height=\"372\" srcset=\"https:\/\/wp.ufpel.edu.br\/historep\/files\/2017\/10\/estomago-400x372.jpg 400w, https:\/\/wp.ufpel.edu.br\/historep\/files\/2017\/10\/estomago.jpg 458w\" sizes=\"(max-width: 400px) 100vw, 400px\" \/> <img class=\"alignnone size-medium wp-image-311\" src=\"https:\/\/wp.ufpel.edu.br\/historep\/files\/2017\/10\/estomago2-400x264.jpg\" alt=\"\" width=\"400\" height=\"264\" srcset=\"https:\/\/wp.ufpel.edu.br\/historep\/files\/2017\/10\/estomago2-400x264.jpg 400w, https:\/\/wp.ufpel.edu.br\/historep\/files\/2017\/10\/estomago2.jpg 566w\" sizes=\"(max-width: 400px) 100vw, 400px\" \/> <img class=\"alignnone size-medium wp-image-313\" src=\"https:\/\/wp.ufpel.edu.br\/historep\/files\/2017\/10\/f4leg-400x292.png\" alt=\"\" width=\"400\" height=\"292\" srcset=\"https:\/\/wp.ufpel.edu.br\/historep\/files\/2017\/10\/f4leg-400x292.png 400w, https:\/\/wp.ufpel.edu.br\/historep\/files\/2017\/10\/f4leg.png 572w\" sizes=\"(max-width: 400px) 100vw, 400px\" \/> <img class=\"alignnone size-medium wp-image-314\" src=\"https:\/\/wp.ufpel.edu.br\/historep\/files\/2017\/10\/h4-legenda-400x246.jpg\" alt=\"\" width=\"400\" height=\"246\" srcset=\"https:\/\/wp.ufpel.edu.br\/historep\/files\/2017\/10\/h4-legenda-400x246.jpg 400w, https:\/\/wp.ufpel.edu.br\/historep\/files\/2017\/10\/h4-legenda.jpg 584w\" sizes=\"(max-width: 400px) 100vw, 400px\" \/> <img class=\"alignnone size-medium wp-image-315\" src=\"https:\/\/wp.ufpel.edu.br\/historep\/files\/2017\/10\/h4leg-400x290.jpg\" alt=\"\" width=\"400\" height=\"290\" srcset=\"https:\/\/wp.ufpel.edu.br\/historep\/files\/2017\/10\/h4leg-400x290.jpg 400w, https:\/\/wp.ufpel.edu.br\/historep\/files\/2017\/10\/h4leg.jpg 591w\" sizes=\"(max-width: 400px) 100vw, 400px\" \/> <img class=\"alignnone size-medium wp-image-316\" src=\"https:\/\/wp.ufpel.edu.br\/historep\/files\/2017\/10\/h5-400x216.jpg\" alt=\"\" width=\"400\" height=\"216\" srcset=\"https:\/\/wp.ufpel.edu.br\/historep\/files\/2017\/10\/h5-400x216.jpg 400w, https:\/\/wp.ufpel.edu.br\/historep\/files\/2017\/10\/h5.jpg 595w\" sizes=\"(max-width: 400px) 100vw, 400px\" \/> <img class=\"alignnone size-medium wp-image-317\" src=\"https:\/\/wp.ufpel.edu.br\/historep\/files\/2017\/10\/h5leg-400x254.jpg\" alt=\"\" width=\"400\" height=\"254\" srcset=\"https:\/\/wp.ufpel.edu.br\/historep\/files\/2017\/10\/h5leg-400x254.jpg 400w, https:\/\/wp.ufpel.edu.br\/historep\/files\/2017\/10\/h5leg.jpg 563w\" sizes=\"(max-width: 400px) 100vw, 400px\" \/> <img class=\"alignnone size-medium wp-image-318\" src=\"https:\/\/wp.ufpel.edu.br\/historep\/files\/2017\/10\/i1-400x295.jpg\" alt=\"\" width=\"400\" height=\"295\" srcset=\"https:\/\/wp.ufpel.edu.br\/historep\/files\/2017\/10\/i1-400x295.jpg 400w, https:\/\/wp.ufpel.edu.br\/historep\/files\/2017\/10\/i1.jpg 560w\" sizes=\"(max-width: 400px) 100vw, 400px\" \/> <img class=\"alignnone size-medium wp-image-319\" src=\"https:\/\/wp.ufpel.edu.br\/historep\/files\/2017\/10\/i3-400x344.jpg\" alt=\"\" width=\"400\" height=\"344\" srcset=\"https:\/\/wp.ufpel.edu.br\/historep\/files\/2017\/10\/i3-400x344.jpg 400w, https:\/\/wp.ufpel.edu.br\/historep\/files\/2017\/10\/i3.jpg 541w\" sizes=\"(max-width: 400px) 100vw, 400px\" \/> <img class=\"alignnone size-medium wp-image-320\" src=\"https:\/\/wp.ufpel.edu.br\/historep\/files\/2017\/10\/i4cripta-400x354.jpg\" alt=\"\" width=\"400\" height=\"354\" srcset=\"https:\/\/wp.ufpel.edu.br\/historep\/files\/2017\/10\/i4cripta-400x354.jpg 400w, https:\/\/wp.ufpel.edu.br\/historep\/files\/2017\/10\/i4cripta.jpg 501w\" sizes=\"(max-width: 400px) 100vw, 400px\" \/> <img class=\"alignnone size-medium wp-image-321\" src=\"https:\/\/wp.ufpel.edu.br\/historep\/files\/2017\/10\/i4nodulo.jpg\" alt=\"\" width=\"320\" height=\"240\" \/> <img class=\"alignnone size-medium wp-image-322\" src=\"https:\/\/wp.ufpel.edu.br\/historep\/files\/2017\/10\/i5-400x268.jpg\" alt=\"\" width=\"400\" height=\"268\" srcset=\"https:\/\/wp.ufpel.edu.br\/historep\/files\/2017\/10\/i5-400x268.jpg 400w, https:\/\/wp.ufpel.edu.br\/historep\/files\/2017\/10\/i5.jpg 571w\" sizes=\"(max-width: 400px) 100vw, 400px\" \/> <img class=\"alignnone size-medium wp-image-323\" src=\"https:\/\/wp.ufpel.edu.br\/historep\/files\/2017\/10\/i32-400x161.jpg\" alt=\"\" width=\"400\" height=\"161\" srcset=\"https:\/\/wp.ufpel.edu.br\/historep\/files\/2017\/10\/i32-400x161.jpg 400w, https:\/\/wp.ufpel.edu.br\/historep\/files\/2017\/10\/i32.jpg 413w\" sizes=\"(max-width: 400px) 100vw, 400px\" \/> <img class=\"alignnone size-medium wp-image-324\" src=\"https:\/\/wp.ufpel.edu.br\/historep\/files\/2017\/10\/i33-400x262.jpg\" alt=\"\" width=\"400\" height=\"262\" srcset=\"https:\/\/wp.ufpel.edu.br\/historep\/files\/2017\/10\/i33-400x262.jpg 400w, https:\/\/wp.ufpel.edu.br\/historep\/files\/2017\/10\/i33.jpg 573w\" sizes=\"(max-width: 400px) 100vw, 400px\" \/> <img class=\"alignnone size-medium wp-image-325\" src=\"https:\/\/wp.ufpel.edu.br\/historep\/files\/2017\/10\/i34-400x326.jpg\" alt=\"\" width=\"400\" height=\"326\" srcset=\"https:\/\/wp.ufpel.edu.br\/historep\/files\/2017\/10\/i34-400x326.jpg 400w, https:\/\/wp.ufpel.edu.br\/historep\/files\/2017\/10\/i34.jpg 560w\" sizes=\"(max-width: 400px) 100vw, 400px\" \/> <img class=\"alignnone size-medium wp-image-326\" src=\"https:\/\/wp.ufpel.edu.br\/historep\/files\/2017\/10\/jejuno-400x275.jpg\" alt=\"\" width=\"400\" height=\"275\" srcset=\"https:\/\/wp.ufpel.edu.br\/historep\/files\/2017\/10\/jejuno-400x275.jpg 400w, https:\/\/wp.ufpel.edu.br\/historep\/files\/2017\/10\/jejuno.jpg 593w\" sizes=\"(max-width: 400px) 100vw, 400px\" \/> <img class=\"alignnone size-medium wp-image-327\" src=\"https:\/\/wp.ufpel.edu.br\/historep\/files\/2017\/10\/k10-mucosa-400x331.jpg\" alt=\"\" width=\"400\" height=\"331\" srcset=\"https:\/\/wp.ufpel.edu.br\/historep\/files\/2017\/10\/k10-mucosa-400x331.jpg 400w, https:\/\/wp.ufpel.edu.br\/historep\/files\/2017\/10\/k10-mucosa.jpg 528w\" sizes=\"(max-width: 400px) 100vw, 400px\" \/> <img class=\"alignnone size-medium wp-image-328\" src=\"https:\/\/wp.ufpel.edu.br\/historep\/files\/2017\/10\/lingua.jpg\" alt=\"\" width=\"307\" height=\"286\" \/> <img class=\"alignnone size-medium wp-image-329\" src=\"https:\/\/wp.ufpel.edu.br\/historep\/files\/2017\/10\/lingual10-400x330.jpg\" alt=\"\" width=\"400\" height=\"330\" srcset=\"https:\/\/wp.ufpel.edu.br\/historep\/files\/2017\/10\/lingual10-400x330.jpg 400w, https:\/\/wp.ufpel.edu.br\/historep\/files\/2017\/10\/lingual10.jpg 522w\" sizes=\"(max-width: 400px) 100vw, 400px\" \/> <img class=\"alignnone size-medium wp-image-330\" src=\"https:\/\/wp.ufpel.edu.br\/historep\/files\/2017\/10\/omaso-386x400.jpg\" alt=\"\" width=\"386\" height=\"400\" srcset=\"https:\/\/wp.ufpel.edu.br\/historep\/files\/2017\/10\/omaso-386x400.jpg 386w, https:\/\/wp.ufpel.edu.br\/historep\/files\/2017\/10\/omaso-768x796.jpg 768w, https:\/\/wp.ufpel.edu.br\/historep\/files\/2017\/10\/omaso-988x1024.jpg 988w, https:\/\/wp.ufpel.edu.br\/historep\/files\/2017\/10\/omaso.jpg 1756w\" sizes=\"(max-width: 386px) 100vw, 386px\" \/> <img class=\"alignnone size-medium wp-image-331\" src=\"https:\/\/wp.ufpel.edu.br\/historep\/files\/2017\/10\/rumen-218x400.jpg\" alt=\"\" width=\"218\" height=\"400\" srcset=\"https:\/\/wp.ufpel.edu.br\/historep\/files\/2017\/10\/rumen-218x400.jpg 218w, https:\/\/wp.ufpel.edu.br\/historep\/files\/2017\/10\/rumen.jpg 304w\" sizes=\"(max-width: 218px) 100vw, 218px\" \/><img class=\"alignnone size-medium wp-image-343\" src=\"https:\/\/wp.ufpel.edu.br\/historep\/files\/2017\/10\/omaso-1-379x400.jpg\" alt=\"\" width=\"379\" height=\"400\" srcset=\"https:\/\/wp.ufpel.edu.br\/historep\/files\/2017\/10\/omaso-1-379x400.jpg 379w, https:\/\/wp.ufpel.edu.br\/historep\/files\/2017\/10\/omaso-1-768x811.jpg 768w, https:\/\/wp.ufpel.edu.br\/historep\/files\/2017\/10\/omaso-1-970x1024.jpg 970w, https:\/\/wp.ufpel.edu.br\/historep\/files\/2017\/10\/omaso-1.jpg 1725w\" sizes=\"(max-width: 379px) 100vw, 379px\" \/> <img class=\"alignnone size-medium wp-image-345\" src=\"https:\/\/wp.ufpel.edu.br\/historep\/files\/2017\/10\/Rumen-400x219.jpg\" alt=\"\" width=\"400\" height=\"219\" srcset=\"https:\/\/wp.ufpel.edu.br\/historep\/files\/2017\/10\/Rumen-400x219.jpg 400w, https:\/\/wp.ufpel.edu.br\/historep\/files\/2017\/10\/Rumen-768x420.jpg 768w, https:\/\/wp.ufpel.edu.br\/historep\/files\/2017\/10\/Rumen-1024x560.jpg 1024w\" sizes=\"(max-width: 400px) 100vw, 400px\" \/> <img class=\"alignnone size-medium wp-image-344\" src=\"https:\/\/wp.ufpel.edu.br\/historep\/files\/2017\/10\/reticulo-400x344.jpg\" alt=\"\" width=\"400\" height=\"344\" srcset=\"https:\/\/wp.ufpel.edu.br\/historep\/files\/2017\/10\/reticulo-400x344.jpg 400w, https:\/\/wp.ufpel.edu.br\/historep\/files\/2017\/10\/reticulo-768x661.jpg 768w, https:\/\/wp.ufpel.edu.br\/historep\/files\/2017\/10\/reticulo-1024x882.jpg 1024w, https:\/\/wp.ufpel.edu.br\/historep\/files\/2017\/10\/reticulo.jpg 1957w\" sizes=\"(max-width: 400px) 100vw, 400px\" \/> <img class=\"alignnone size-medium wp-image-342\" src=\"https:\/\/wp.ufpel.edu.br\/historep\/files\/2017\/10\/jejuno-1-308x400.jpg\" alt=\"\" width=\"308\" height=\"400\" srcset=\"https:\/\/wp.ufpel.edu.br\/historep\/files\/2017\/10\/jejuno-1-308x400.jpg 308w, https:\/\/wp.ufpel.edu.br\/historep\/files\/2017\/10\/jejuno-1-768x997.jpg 768w, https:\/\/wp.ufpel.edu.br\/historep\/files\/2017\/10\/jejuno-1-789x1024.jpg 789w, https:\/\/wp.ufpel.edu.br\/historep\/files\/2017\/10\/jejuno-1.jpg 1396w\" sizes=\"(max-width: 308px) 100vw, 308px\" \/> <img class=\"alignnone size-medium wp-image-341\" src=\"https:\/\/wp.ufpel.edu.br\/historep\/files\/2017\/10\/ileo-382x400.jpg\" alt=\"\" width=\"382\" height=\"400\" srcset=\"https:\/\/wp.ufpel.edu.br\/historep\/files\/2017\/10\/ileo-382x400.jpg 382w, https:\/\/wp.ufpel.edu.br\/historep\/files\/2017\/10\/ileo-768x804.jpg 768w, https:\/\/wp.ufpel.edu.br\/historep\/files\/2017\/10\/ileo-978x1024.jpg 978w, https:\/\/wp.ufpel.edu.br\/historep\/files\/2017\/10\/ileo.jpg 1625w\" sizes=\"(max-width: 382px) 100vw, 382px\" \/><img class=\"alignnone size-medium wp-image-347\" src=\"https:\/\/wp.ufpel.edu.br\/historep\/files\/2017\/10\/vilo-384x400.png\" alt=\"\" width=\"384\" height=\"400\" srcset=\"https:\/\/wp.ufpel.edu.br\/historep\/files\/2017\/10\/vilo-384x400.png 384w, https:\/\/wp.ufpel.edu.br\/historep\/files\/2017\/10\/vilo-768x799.png 768w, https:\/\/wp.ufpel.edu.br\/historep\/files\/2017\/10\/vilo-984x1024.png 984w, https:\/\/wp.ufpel.edu.br\/historep\/files\/2017\/10\/vilo.png 1573w\" sizes=\"(max-width: 384px) 100vw, 384px\" \/> <img class=\"alignnone size-medium wp-image-348\" src=\"https:\/\/wp.ufpel.edu.br\/historep\/files\/2017\/10\/reto-400x383.jpg\" alt=\"\" width=\"400\" height=\"383\" srcset=\"https:\/\/wp.ufpel.edu.br\/historep\/files\/2017\/10\/reto-400x383.jpg 400w, https:\/\/wp.ufpel.edu.br\/historep\/files\/2017\/10\/reto-768x735.jpg 768w, https:\/\/wp.ufpel.edu.br\/historep\/files\/2017\/10\/reto-1024x980.jpg 1024w, https:\/\/wp.ufpel.edu.br\/historep\/files\/2017\/10\/reto.jpg 1844w\" sizes=\"(max-width: 400px) 100vw, 400px\" \/><\/p>\n","protected":false},"excerpt":{"rendered":"<p>As fotos contidas nesta p\u00e1gina foram registradas por alunos da disciplina de Histologia II, do curso de Veterin\u00e1ria, com celulares, durante as aulas pr\u00e1ticas da disciplina.\u00a0<\/p>\n","protected":false},"author":652,"featured_media":0,"parent":0,"menu_order":0,"comment_status":"closed","ping_status":"closed","template":"","meta":{"advanced_seo_description":"","jetpack_seo_html_title":"","jetpack_seo_noindex":false,"jetpack_post_was_ever_published":false,"footnotes":""},"class_list":["post-306","page","type-page","status-publish","hentry"],"jetpack_sharing_enabled":true,"jetpack_shortlink":"https:\/\/wp.me\/P8WvZK-4W","_links":{"self":[{"href":"https:\/\/wp.ufpel.edu.br\/historep\/wp-json\/wp\/v2\/pages\/306","targetHints":{"allow":["GET"]}}],"collection":[{"href":"https:\/\/wp.ufpel.edu.br\/historep\/wp-json\/wp\/v2\/pages"}],"about":[{"href":"https:\/\/wp.ufpel.edu.br\/historep\/wp-json\/wp\/v2\/types\/page"}],"author":[{"embeddable":true,"href":"https:\/\/wp.ufpel.edu.br\/historep\/wp-json\/wp\/v2\/users\/652"}],"replies":[{"embeddable":true,"href":"https:\/\/wp.ufpel.edu.br\/historep\/wp-json\/wp\/v2\/comments?post=306"}],"version-history":[{"count":7,"href":"https:\/\/wp.ufpel.edu.br\/historep\/wp-json\/wp\/v2\/pages\/306\/revisions"}],"predecessor-version":[{"id":408,"href":"https:\/\/wp.ufpel.edu.br\/historep\/wp-json\/wp\/v2\/pages\/306\/revisions\/408"}],"wp:attachment":[{"href":"https:\/\/wp.ufpel.edu.br\/historep\/wp-json\/wp\/v2\/media?parent=306"}],"curies":[{"name":"wp","href":"https:\/\/api.w.org\/{rel}","templated":true}]}}