{"id":2396,"date":"2026-03-25T16:37:29","date_gmt":"2026-03-25T19:37:29","guid":{"rendered":"https:\/\/wp.ufpel.edu.br\/historep\/?page_id=2396"},"modified":"2026-03-25T16:37:30","modified_gmt":"2026-03-25T19:37:30","slug":"questoes","status":"publish","type":"page","link":"https:\/\/wp.ufpel.edu.br\/historep\/questoes\/","title":{"rendered":"Quest\u00f5es"},"content":{"rendered":"<p><a href=\"https:\/\/wp.ufpel.edu.br\/historep\/questoes\/%f0%9f%a7%aa-exercicios-de-revisao-microscopia-optica\/\" rel=\"attachment wp-att-2398\">\ud83e\uddea Exerc\u00edcios de Revis\u00e3o Microscopia \u00f3ptica<\/a><\/p>\n","protected":false},"excerpt":{"rendered":"<p>\ud83e\uddea Exerc\u00edcios de Revis\u00e3o Microscopia \u00f3ptica<\/p>\n","protected":false},"author":652,"featured_media":0,"parent":0,"menu_order":0,"comment_status":"closed","ping_status":"closed","template":"","meta":{"advanced_seo_description":"","jetpack_seo_html_title":"","jetpack_seo_noindex":false,"jetpack_post_was_ever_published":false,"footnotes":""},"class_list":["post-2396","page","type-page","status-publish","hentry"],"jetpack_sharing_enabled":true,"jetpack_shortlink":"https:\/\/wp.me\/P8WvZK-CE","_links":{"self":[{"href":"https:\/\/wp.ufpel.edu.br\/historep\/wp-json\/wp\/v2\/pages\/2396","targetHints":{"allow":["GET"]}}],"collection":[{"href":"https:\/\/wp.ufpel.edu.br\/historep\/wp-json\/wp\/v2\/pages"}],"about":[{"href":"https:\/\/wp.ufpel.edu.br\/historep\/wp-json\/wp\/v2\/types\/page"}],"author":[{"embeddable":true,"href":"https:\/\/wp.ufpel.edu.br\/historep\/wp-json\/wp\/v2\/users\/652"}],"replies":[{"embeddable":true,"href":"https:\/\/wp.ufpel.edu.br\/historep\/wp-json\/wp\/v2\/comments?post=2396"}],"version-history":[{"count":2,"href":"https:\/\/wp.ufpel.edu.br\/historep\/wp-json\/wp\/v2\/pages\/2396\/revisions"}],"predecessor-version":[{"id":2400,"href":"https:\/\/wp.ufpel.edu.br\/historep\/wp-json\/wp\/v2\/pages\/2396\/revisions\/2400"}],"wp:attachment":[{"href":"https:\/\/wp.ufpel.edu.br\/historep\/wp-json\/wp\/v2\/media?parent=2396"}],"curies":[{"name":"wp","href":"https:\/\/api.w.org\/{rel}","templated":true}]}}