{"id":2345,"date":"2026-02-28T16:24:18","date_gmt":"2026-02-28T19:24:18","guid":{"rendered":"https:\/\/wp.ufpel.edu.br\/historep\/?page_id=2345"},"modified":"2026-02-28T16:24:19","modified_gmt":"2026-02-28T19:24:19","slug":"erupcao-dentaria","status":"publish","type":"page","link":"https:\/\/wp.ufpel.edu.br\/historep\/erupcao-dentaria\/","title":{"rendered":"Erup\u00e7\u00e3o Dent\u00e1ria"},"content":{"rendered":"<p><a href=\"https:\/\/wp.ufpel.edu.br\/historep\/erupcao-dentaria\/whatsapp-image-2026-02-28-at-16-15-28-1\/\" rel=\"attachment wp-att-2347\"><img class=\"alignleft size-medium wp-image-2347\" src=\"https:\/\/wp.ufpel.edu.br\/historep\/files\/2026\/02\/WhatsApp-Image-2026-02-28-at-16.15.28-1-400x300.jpeg\" alt=\"\" width=\"400\" height=\"300\" srcset=\"https:\/\/wp.ufpel.edu.br\/historep\/files\/2026\/02\/WhatsApp-Image-2026-02-28-at-16.15.28-1-400x300.jpeg 400w, https:\/\/wp.ufpel.edu.br\/historep\/files\/2026\/02\/WhatsApp-Image-2026-02-28-at-16.15.28-1-1024x768.jpeg 1024w, https:\/\/wp.ufpel.edu.br\/historep\/files\/2026\/02\/WhatsApp-Image-2026-02-28-at-16.15.28-1-768x576.jpeg 768w, https:\/\/wp.ufpel.edu.br\/historep\/files\/2026\/02\/WhatsApp-Image-2026-02-28-at-16.15.28-1.jpeg 1296w\" sizes=\"(max-width: 400px) 100vw, 400px\" \/><\/a> <a href=\"https:\/\/wp.ufpel.edu.br\/historep\/erupcao-dentaria\/whatsapp-image-2026-02-28-at-16-15-28\/\" rel=\"attachment wp-att-2348\"><img class=\"alignleft size-medium wp-image-2348\" src=\"https:\/\/wp.ufpel.edu.br\/historep\/files\/2026\/02\/WhatsApp-Image-2026-02-28-at-16.15.28-400x300.jpeg\" alt=\"\" width=\"400\" height=\"300\" srcset=\"https:\/\/wp.ufpel.edu.br\/historep\/files\/2026\/02\/WhatsApp-Image-2026-02-28-at-16.15.28-400x300.jpeg 400w, https:\/\/wp.ufpel.edu.br\/historep\/files\/2026\/02\/WhatsApp-Image-2026-02-28-at-16.15.28-1024x768.jpeg 1024w, https:\/\/wp.ufpel.edu.br\/historep\/files\/2026\/02\/WhatsApp-Image-2026-02-28-at-16.15.28-768x576.jpeg 768w, https:\/\/wp.ufpel.edu.br\/historep\/files\/2026\/02\/WhatsApp-Image-2026-02-28-at-16.15.28.jpeg 1296w\" sizes=\"(max-width: 400px) 100vw, 400px\" \/><\/a> <a href=\"https:\/\/wp.ufpel.edu.br\/historep\/erupcao-dentaria\/whatsapp-image-2026-02-28-at-16-15-27\/\" rel=\"attachment wp-att-2349\"><img class=\"alignleft size-medium wp-image-2349\" src=\"https:\/\/wp.ufpel.edu.br\/historep\/files\/2026\/02\/WhatsApp-Image-2026-02-28-at-16.15.27-400x300.jpeg\" alt=\"\" width=\"400\" height=\"300\" srcset=\"https:\/\/wp.ufpel.edu.br\/historep\/files\/2026\/02\/WhatsApp-Image-2026-02-28-at-16.15.27-400x300.jpeg 400w, https:\/\/wp.ufpel.edu.br\/historep\/files\/2026\/02\/WhatsApp-Image-2026-02-28-at-16.15.27-1024x768.jpeg 1024w, https:\/\/wp.ufpel.edu.br\/historep\/files\/2026\/02\/WhatsApp-Image-2026-02-28-at-16.15.27-768x576.jpeg 768w, https:\/\/wp.ufpel.edu.br\/historep\/files\/2026\/02\/WhatsApp-Image-2026-02-28-at-16.15.27.jpeg 1296w\" sizes=\"(max-width: 400px) 100vw, 400px\" \/><\/a><\/p>\n","protected":false},"excerpt":{"rendered":"","protected":false},"author":652,"featured_media":0,"parent":0,"menu_order":0,"comment_status":"closed","ping_status":"closed","template":"","meta":{"advanced_seo_description":"","jetpack_seo_html_title":"","jetpack_seo_noindex":false,"jetpack_post_was_ever_published":false,"footnotes":""},"class_list":["post-2345","page","type-page","status-publish","hentry"],"jetpack_sharing_enabled":true,"jetpack_shortlink":"https:\/\/wp.me\/P8WvZK-BP","_links":{"self":[{"href":"https:\/\/wp.ufpel.edu.br\/historep\/wp-json\/wp\/v2\/pages\/2345","targetHints":{"allow":["GET"]}}],"collection":[{"href":"https:\/\/wp.ufpel.edu.br\/historep\/wp-json\/wp\/v2\/pages"}],"about":[{"href":"https:\/\/wp.ufpel.edu.br\/historep\/wp-json\/wp\/v2\/types\/page"}],"author":[{"embeddable":true,"href":"https:\/\/wp.ufpel.edu.br\/historep\/wp-json\/wp\/v2\/users\/652"}],"replies":[{"embeddable":true,"href":"https:\/\/wp.ufpel.edu.br\/historep\/wp-json\/wp\/v2\/comments?post=2345"}],"version-history":[{"count":2,"href":"https:\/\/wp.ufpel.edu.br\/historep\/wp-json\/wp\/v2\/pages\/2345\/revisions"}],"predecessor-version":[{"id":2351,"href":"https:\/\/wp.ufpel.edu.br\/historep\/wp-json\/wp\/v2\/pages\/2345\/revisions\/2351"}],"wp:attachment":[{"href":"https:\/\/wp.ufpel.edu.br\/historep\/wp-json\/wp\/v2\/media?parent=2345"}],"curies":[{"name":"wp","href":"https:\/\/api.w.org\/{rel}","templated":true}]}}