{"id":2155,"date":"2025-11-08T20:53:41","date_gmt":"2025-11-08T23:53:41","guid":{"rendered":"https:\/\/wp.ufpel.edu.br\/historep\/?page_id=2155"},"modified":"2025-11-08T20:54:30","modified_gmt":"2025-11-08T23:54:30","slug":"sistema-imune","status":"publish","type":"page","link":"https:\/\/wp.ufpel.edu.br\/historep\/fotos-laminario\/fotos-de-sistemas\/sistema-imune\/","title":{"rendered":"Sistema Imune"},"content":{"rendered":"<p><a href=\"https:\/\/wp.ufpel.edu.br\/historep\/fotos-de-tecido-2\/sistema-imune\/whatsapp-image-2025-11-08-at-20-44-07-3\/\" rel=\"attachment wp-att-2157\"><img class=\"alignleft size-medium wp-image-2157\" src=\"https:\/\/wp.ufpel.edu.br\/historep\/files\/2025\/11\/WhatsApp-Image-2025-11-08-at-20.44.07-3-400x300.jpeg\" alt=\"\" width=\"400\" height=\"300\" srcset=\"https:\/\/wp.ufpel.edu.br\/historep\/files\/2025\/11\/WhatsApp-Image-2025-11-08-at-20.44.07-3-400x300.jpeg 400w, https:\/\/wp.ufpel.edu.br\/historep\/files\/2025\/11\/WhatsApp-Image-2025-11-08-at-20.44.07-3-1024x768.jpeg 1024w, https:\/\/wp.ufpel.edu.br\/historep\/files\/2025\/11\/WhatsApp-Image-2025-11-08-at-20.44.07-3-768x576.jpeg 768w, https:\/\/wp.ufpel.edu.br\/historep\/files\/2025\/11\/WhatsApp-Image-2025-11-08-at-20.44.07-3.jpeg 1296w\" sizes=\"(max-width: 400px) 100vw, 400px\" \/><\/a> <a href=\"https:\/\/wp.ufpel.edu.br\/historep\/fotos-de-tecido-2\/sistema-imune\/whatsapp-image-2025-11-08-at-20-44-07-2\/\" rel=\"attachment wp-att-2158\"><img class=\"alignleft size-medium wp-image-2158\" src=\"https:\/\/wp.ufpel.edu.br\/historep\/files\/2025\/11\/WhatsApp-Image-2025-11-08-at-20.44.07-2-400x300.jpeg\" alt=\"\" width=\"400\" height=\"300\" srcset=\"https:\/\/wp.ufpel.edu.br\/historep\/files\/2025\/11\/WhatsApp-Image-2025-11-08-at-20.44.07-2-400x300.jpeg 400w, https:\/\/wp.ufpel.edu.br\/historep\/files\/2025\/11\/WhatsApp-Image-2025-11-08-at-20.44.07-2-1024x768.jpeg 1024w, https:\/\/wp.ufpel.edu.br\/historep\/files\/2025\/11\/WhatsApp-Image-2025-11-08-at-20.44.07-2-768x576.jpeg 768w, https:\/\/wp.ufpel.edu.br\/historep\/files\/2025\/11\/WhatsApp-Image-2025-11-08-at-20.44.07-2.jpeg 1296w\" sizes=\"(max-width: 400px) 100vw, 400px\" \/><\/a> <a href=\"https:\/\/wp.ufpel.edu.br\/historep\/fotos-de-tecido-2\/sistema-imune\/whatsapp-image-2025-11-08-at-20-44-07-1\/\" rel=\"attachment wp-att-2159\"><img class=\"alignleft size-medium wp-image-2159\" src=\"https:\/\/wp.ufpel.edu.br\/historep\/files\/2025\/11\/WhatsApp-Image-2025-11-08-at-20.44.07-1-400x300.jpeg\" alt=\"\" width=\"400\" height=\"300\" srcset=\"https:\/\/wp.ufpel.edu.br\/historep\/files\/2025\/11\/WhatsApp-Image-2025-11-08-at-20.44.07-1-400x300.jpeg 400w, https:\/\/wp.ufpel.edu.br\/historep\/files\/2025\/11\/WhatsApp-Image-2025-11-08-at-20.44.07-1-1024x768.jpeg 1024w, https:\/\/wp.ufpel.edu.br\/historep\/files\/2025\/11\/WhatsApp-Image-2025-11-08-at-20.44.07-1-768x576.jpeg 768w, https:\/\/wp.ufpel.edu.br\/historep\/files\/2025\/11\/WhatsApp-Image-2025-11-08-at-20.44.07-1.jpeg 1296w\" sizes=\"(max-width: 400px) 100vw, 400px\" \/><\/a> <a href=\"https:\/\/wp.ufpel.edu.br\/historep\/fotos-de-tecido-2\/sistema-imune\/whatsapp-image-2025-11-08-at-20-44-07\/\" rel=\"attachment wp-att-2160\"><img class=\"alignleft size-medium wp-image-2160\" src=\"https:\/\/wp.ufpel.edu.br\/historep\/files\/2025\/11\/WhatsApp-Image-2025-11-08-at-20.44.07-400x300.jpeg\" alt=\"\" width=\"400\" height=\"300\" srcset=\"https:\/\/wp.ufpel.edu.br\/historep\/files\/2025\/11\/WhatsApp-Image-2025-11-08-at-20.44.07-400x300.jpeg 400w, https:\/\/wp.ufpel.edu.br\/historep\/files\/2025\/11\/WhatsApp-Image-2025-11-08-at-20.44.07-1024x768.jpeg 1024w, https:\/\/wp.ufpel.edu.br\/historep\/files\/2025\/11\/WhatsApp-Image-2025-11-08-at-20.44.07-768x576.jpeg 768w, https:\/\/wp.ufpel.edu.br\/historep\/files\/2025\/11\/WhatsApp-Image-2025-11-08-at-20.44.07.jpeg 1296w\" sizes=\"(max-width: 400px) 100vw, 400px\" \/><\/a><a href=\"https:\/\/wp.ufpel.edu.br\/historep\/?attachment_id=2150\" rel=\"attachment wp-att-2150\"><img class=\"alignleft wp-image-2150 size-medium\" src=\"https:\/\/wp.ufpel.edu.br\/historep\/files\/2025\/11\/WhatsApp-Image-2025-11-07-at-19.19.34-1-400x300.jpeg\" alt=\"Ba\u00e7o L\u00e2mina i1 Colora\u00e7\u00e3o: HE\" width=\"400\" height=\"300\" srcset=\"https:\/\/wp.ufpel.edu.br\/historep\/files\/2025\/11\/WhatsApp-Image-2025-11-07-at-19.19.34-1-400x300.jpeg 400w, https:\/\/wp.ufpel.edu.br\/historep\/files\/2025\/11\/WhatsApp-Image-2025-11-07-at-19.19.34-1-1024x768.jpeg 1024w, https:\/\/wp.ufpel.edu.br\/historep\/files\/2025\/11\/WhatsApp-Image-2025-11-07-at-19.19.34-1-768x576.jpeg 768w, https:\/\/wp.ufpel.edu.br\/historep\/files\/2025\/11\/WhatsApp-Image-2025-11-07-at-19.19.34-1.jpeg 1296w\" sizes=\"(max-width: 400px) 100vw, 400px\" \/><\/a><a href=\"https:\/\/wp.ufpel.edu.br\/historep\/?attachment_id=2146\" rel=\"attachment wp-att-2146\"><img class=\"alignleft size-medium wp-image-2146\" src=\"https:\/\/wp.ufpel.edu.br\/historep\/files\/2025\/11\/WhatsApp-Image-2025-11-07-at-19.19.35-400x300.jpeg\" alt=\"Timo L\u00e2mina: i5 Colora\u00e7\u00e3o: HE\" width=\"400\" height=\"300\" srcset=\"https:\/\/wp.ufpel.edu.br\/historep\/files\/2025\/11\/WhatsApp-Image-2025-11-07-at-19.19.35-400x300.jpeg 400w, https:\/\/wp.ufpel.edu.br\/historep\/files\/2025\/11\/WhatsApp-Image-2025-11-07-at-19.19.35-1024x768.jpeg 1024w, https:\/\/wp.ufpel.edu.br\/historep\/files\/2025\/11\/WhatsApp-Image-2025-11-07-at-19.19.35-768x576.jpeg 768w, https:\/\/wp.ufpel.edu.br\/historep\/files\/2025\/11\/WhatsApp-Image-2025-11-07-at-19.19.35.jpeg 1296w\" sizes=\"(max-width: 400px) 100vw, 400px\" \/><\/a><a href=\"https:\/\/wp.ufpel.edu.br\/historep\/?attachment_id=2145\" rel=\"attachment wp-att-2145\"><img class=\"alignleft size-medium wp-image-2145\" src=\"https:\/\/wp.ufpel.edu.br\/historep\/files\/2025\/11\/WhatsApp-Image-2025-11-07-at-19.19.35-1-400x300.jpeg\" alt=\"\" width=\"400\" height=\"300\" srcset=\"https:\/\/wp.ufpel.edu.br\/historep\/files\/2025\/11\/WhatsApp-Image-2025-11-07-at-19.19.35-1-400x300.jpeg 400w, https:\/\/wp.ufpel.edu.br\/historep\/files\/2025\/11\/WhatsApp-Image-2025-11-07-at-19.19.35-1-1024x767.jpeg 1024w, https:\/\/wp.ufpel.edu.br\/historep\/files\/2025\/11\/WhatsApp-Image-2025-11-07-at-19.19.35-1-768x575.jpeg 768w, https:\/\/wp.ufpel.edu.br\/historep\/files\/2025\/11\/WhatsApp-Image-2025-11-07-at-19.19.35-1.jpeg 1280w\" sizes=\"(max-width: 400px) 100vw, 400px\" \/><\/a><a href=\"https:\/\/wp.ufpel.edu.br\/historep\/?attachment_id=2148\" rel=\"attachment wp-att-2148\"><img class=\"alignleft size-medium wp-image-2148\" src=\"https:\/\/wp.ufpel.edu.br\/historep\/files\/2025\/11\/WhatsApp-Image-2025-11-07-at-19.19.34-3-400x300.jpeg\" alt=\"Tonsila palatina L\u00e2mina: i4 Colora\u00e7\u00e3o: HE\" width=\"400\" height=\"300\" srcset=\"https:\/\/wp.ufpel.edu.br\/historep\/files\/2025\/11\/WhatsApp-Image-2025-11-07-at-19.19.34-3-400x300.jpeg 400w, https:\/\/wp.ufpel.edu.br\/historep\/files\/2025\/11\/WhatsApp-Image-2025-11-07-at-19.19.34-3-1024x768.jpeg 1024w, https:\/\/wp.ufpel.edu.br\/historep\/files\/2025\/11\/WhatsApp-Image-2025-11-07-at-19.19.34-3-768x576.jpeg 768w, https:\/\/wp.ufpel.edu.br\/historep\/files\/2025\/11\/WhatsApp-Image-2025-11-07-at-19.19.34-3.jpeg 1296w\" sizes=\"(max-width: 400px) 100vw, 400px\" \/><\/a><a href=\"https:\/\/wp.ufpel.edu.br\/historep\/?attachment_id=2142\" rel=\"attachment wp-att-2142\"><img class=\"alignleft size-medium wp-image-2142\" src=\"https:\/\/wp.ufpel.edu.br\/historep\/files\/2025\/11\/WhatsApp-Image-2025-11-07-at-19.19.35-4-400x300.jpeg\" alt=\"Tonsila Palatina L\u00e2mina: i4 Colora\u00e7\u00e3o: HE\" width=\"400\" height=\"300\" srcset=\"https:\/\/wp.ufpel.edu.br\/historep\/files\/2025\/11\/WhatsApp-Image-2025-11-07-at-19.19.35-4-400x300.jpeg 400w, https:\/\/wp.ufpel.edu.br\/historep\/files\/2025\/11\/WhatsApp-Image-2025-11-07-at-19.19.35-4-1024x768.jpeg 1024w, https:\/\/wp.ufpel.edu.br\/historep\/files\/2025\/11\/WhatsApp-Image-2025-11-07-at-19.19.35-4-768x576.jpeg 768w, https:\/\/wp.ufpel.edu.br\/historep\/files\/2025\/11\/WhatsApp-Image-2025-11-07-at-19.19.35-4.jpeg 1296w\" sizes=\"(max-width: 400px) 100vw, 400px\" \/><\/a><a href=\"https:\/\/wp.ufpel.edu.br\/historep\/?attachment_id=2140\" rel=\"attachment wp-att-2140\"><img class=\"alignleft size-medium wp-image-2140\" src=\"https:\/\/wp.ufpel.edu.br\/historep\/files\/2025\/11\/WhatsApp-Image-2025-11-07-at-19.19.36-1-400x300.jpeg\" alt=\"Tonsila Palatina L\u00e2mina: i4 Colora\u00e7\u00e3o: HE\" width=\"400\" height=\"300\" srcset=\"https:\/\/wp.ufpel.edu.br\/historep\/files\/2025\/11\/WhatsApp-Image-2025-11-07-at-19.19.36-1-400x300.jpeg 400w, https:\/\/wp.ufpel.edu.br\/historep\/files\/2025\/11\/WhatsApp-Image-2025-11-07-at-19.19.36-1-1024x768.jpeg 1024w, https:\/\/wp.ufpel.edu.br\/historep\/files\/2025\/11\/WhatsApp-Image-2025-11-07-at-19.19.36-1-768x576.jpeg 768w, https:\/\/wp.ufpel.edu.br\/historep\/files\/2025\/11\/WhatsApp-Image-2025-11-07-at-19.19.36-1.jpeg 1296w\" sizes=\"(max-width: 400px) 100vw, 400px\" \/><\/a><a href=\"https:\/\/wp.ufpel.edu.br\/historep\/?attachment_id=2139\" rel=\"attachment wp-att-2139\"><img class=\"alignleft size-medium wp-image-2139\" src=\"https:\/\/wp.ufpel.edu.br\/historep\/files\/2025\/11\/WhatsApp-Image-2025-11-07-at-19.19.36-2-400x300.jpeg\" alt=\"Tonsila Palatina L\u00e2mina: i4 Colora\u00e7\u00e3o: HE\" width=\"400\" height=\"300\" srcset=\"https:\/\/wp.ufpel.edu.br\/historep\/files\/2025\/11\/WhatsApp-Image-2025-11-07-at-19.19.36-2-400x300.jpeg 400w, https:\/\/wp.ufpel.edu.br\/historep\/files\/2025\/11\/WhatsApp-Image-2025-11-07-at-19.19.36-2-1024x768.jpeg 1024w, https:\/\/wp.ufpel.edu.br\/historep\/files\/2025\/11\/WhatsApp-Image-2025-11-07-at-19.19.36-2-768x576.jpeg 768w, https:\/\/wp.ufpel.edu.br\/historep\/files\/2025\/11\/WhatsApp-Image-2025-11-07-at-19.19.36-2.jpeg 1296w\" sizes=\"(max-width: 400px) 100vw, 400px\" \/><\/a><a href=\"https:\/\/wp.ufpel.edu.br\/historep\/?attachment_id=2138\" rel=\"attachment wp-att-2138\"><img class=\"alignleft wp-image-2138 size-medium\" src=\"https:\/\/wp.ufpel.edu.br\/historep\/files\/2025\/11\/WhatsApp-Image-2025-11-07-at-19.56.53-400x300.jpeg\" alt=\"Ba\u00e7o L\u00e2mina: i1 Colora\u00e7\u00e3o HE\" width=\"400\" height=\"300\" srcset=\"https:\/\/wp.ufpel.edu.br\/historep\/files\/2025\/11\/WhatsApp-Image-2025-11-07-at-19.56.53-400x300.jpeg 400w, https:\/\/wp.ufpel.edu.br\/historep\/files\/2025\/11\/WhatsApp-Image-2025-11-07-at-19.56.53-1024x768.jpeg 1024w, https:\/\/wp.ufpel.edu.br\/historep\/files\/2025\/11\/WhatsApp-Image-2025-11-07-at-19.56.53-768x576.jpeg 768w, https:\/\/wp.ufpel.edu.br\/historep\/files\/2025\/11\/WhatsApp-Image-2025-11-07-at-19.56.53.jpeg 1296w\" sizes=\"(max-width: 400px) 100vw, 400px\" \/><\/a><a href=\"https:\/\/wp.ufpel.edu.br\/historep\/?attachment_id=2147\" rel=\"attachment wp-att-2147\"><img class=\"alignleft size-medium wp-image-2147\" src=\"https:\/\/wp.ufpel.edu.br\/historep\/files\/2025\/11\/WhatsApp-Image-2025-11-07-at-19.19.34-4-400x300.jpeg\" alt=\"Timo L\u00e2mina: i5 Colora\u00e7\u00e3o: HE\" width=\"400\" height=\"300\" srcset=\"https:\/\/wp.ufpel.edu.br\/historep\/files\/2025\/11\/WhatsApp-Image-2025-11-07-at-19.19.34-4-400x300.jpeg 400w, https:\/\/wp.ufpel.edu.br\/historep\/files\/2025\/11\/WhatsApp-Image-2025-11-07-at-19.19.34-4-1024x768.jpeg 1024w, https:\/\/wp.ufpel.edu.br\/historep\/files\/2025\/11\/WhatsApp-Image-2025-11-07-at-19.19.34-4-768x576.jpeg 768w, https:\/\/wp.ufpel.edu.br\/historep\/files\/2025\/11\/WhatsApp-Image-2025-11-07-at-19.19.34-4.jpeg 1296w\" sizes=\"(max-width: 400px) 100vw, 400px\" \/><\/a><\/p>\n","protected":false},"excerpt":{"rendered":"","protected":false},"author":652,"featured_media":0,"parent":1388,"menu_order":0,"comment_status":"closed","ping_status":"closed","template":"","meta":{"advanced_seo_description":"","jetpack_seo_html_title":"","jetpack_seo_noindex":false,"jetpack_post_was_ever_published":false,"footnotes":""},"class_list":["post-2155","page","type-page","status-publish","hentry"],"jetpack_sharing_enabled":true,"jetpack_shortlink":"https:\/\/wp.me\/P8WvZK-yL","_links":{"self":[{"href":"https:\/\/wp.ufpel.edu.br\/historep\/wp-json\/wp\/v2\/pages\/2155","targetHints":{"allow":["GET"]}}],"collection":[{"href":"https:\/\/wp.ufpel.edu.br\/historep\/wp-json\/wp\/v2\/pages"}],"about":[{"href":"https:\/\/wp.ufpel.edu.br\/historep\/wp-json\/wp\/v2\/types\/page"}],"author":[{"embeddable":true,"href":"https:\/\/wp.ufpel.edu.br\/historep\/wp-json\/wp\/v2\/users\/652"}],"replies":[{"embeddable":true,"href":"https:\/\/wp.ufpel.edu.br\/historep\/wp-json\/wp\/v2\/comments?post=2155"}],"version-history":[{"count":3,"href":"https:\/\/wp.ufpel.edu.br\/historep\/wp-json\/wp\/v2\/pages\/2155\/revisions"}],"predecessor-version":[{"id":2163,"href":"https:\/\/wp.ufpel.edu.br\/historep\/wp-json\/wp\/v2\/pages\/2155\/revisions\/2163"}],"up":[{"embeddable":true,"href":"https:\/\/wp.ufpel.edu.br\/historep\/wp-json\/wp\/v2\/pages\/1388"}],"wp:attachment":[{"href":"https:\/\/wp.ufpel.edu.br\/historep\/wp-json\/wp\/v2\/media?parent=2155"}],"curies":[{"name":"wp","href":"https:\/\/api.w.org\/{rel}","templated":true}]}}