{"id":130,"date":"2016-10-24T10:27:41","date_gmt":"2016-10-24T12:27:41","guid":{"rendered":"https:\/\/wp.ufpel.edu.br\/historep\/?page_id=130"},"modified":"2025-11-21T16:53:27","modified_gmt":"2025-11-21T19:53:27","slug":"equipe","status":"publish","type":"page","link":"https:\/\/wp.ufpel.edu.br\/historep\/equipe\/","title":{"rendered":"Equipe"},"content":{"rendered":"<h1 style=\"text-align: center;\"><span style=\"font-size: 14pt; font-family: arial, helvetica, sans-serif; color: #800000;\"><strong>Profa. Dra. Sandra Mara da Encarna\u00e7\u00e3o Fiala Rechsteiner<\/strong><\/span><br \/>\n<span style=\"font-size: 14pt; font-family: arial, helvetica, sans-serif; color: #800000;\"> Coordenadora Historep<\/span><\/h1>\n<p style=\"text-align: center;\"><span style=\"font-size: 14pt; font-family: arial, helvetica, sans-serif; color: #800000;\"><strong>Reprodu\u00e7\u00e3o equina<\/strong><\/span><\/p>\n<p style=\"text-align: center;\"><span style=\"font-size: 14pt; font-family: arial, helvetica, sans-serif; color: #800000;\"><strong>Professores colaboradores<\/strong><\/span><\/p>\n<p style=\"text-align: center;\"><span style=\"font-size: 14pt; font-family: arial, helvetica, sans-serif; color: #000000;\"> Adriana Pires Neves &#8211; UNIPAMPA<\/span><br \/>\n<span style=\"font-size: 14pt; font-family: arial, helvetica, sans-serif; color: #000000;\"> Anelise Hammes Pimentel \u2013 UFPel<\/span><br \/>\n<span style=\"font-size: 14pt; font-family: arial, helvetica, sans-serif; color: #000000;\"> Charles Ferreira Martins \u2013 UFPel<\/span><br \/>\n<span style=\"font-size: 14pt; font-family: arial, helvetica, sans-serif; color: #000000;\"> Eduardo Malzchitsky \u2013 ULBRA<\/span><br \/>\n<span style=\"font-size: 14pt; font-family: arial, helvetica, sans-serif; color: #000000;\"> Ivan Bustamante Filho \u2013 UNIVATES<\/span><br \/>\n<span style=\"font-size: 14pt; font-family: arial, helvetica, sans-serif; color: #000000;\"> Rodrigo Costa Mattos \u2013 UFRGS<\/span><\/p>\n<p style=\"text-align: center;\"><span style=\"font-size: 14pt; font-family: arial, helvetica, sans-serif; color: #800000;\"><strong>Participantes Atuais &#8211; Graduandos<\/strong><\/span><\/p>\n<p style=\"text-align: center;\"><span style=\"font-family: arial, helvetica, sans-serif; font-size: 14pt; color: #000000;\">\u00a0<\/span><span style=\"font-family: arial, helvetica, sans-serif; font-size: 14pt; color: #000000;\">Arthur Vicari Santos<\/span><\/p>\n<p style=\"text-align: center;\"><span style=\"font-family: arial, helvetica, sans-serif; font-size: 14pt; color: #000000;\">Felipe Crema <\/span><\/p>\n<p style=\"text-align: center;\"><span style=\"font-family: arial, helvetica, sans-serif; font-size: 14pt; color: #000000;\">Guilherme Crema <\/span><\/p>\n<p style=\"text-align: center;\"><span style=\"font-family: arial, helvetica, sans-serif; font-size: 14pt; color: #000000;\">Laura Chies<\/span><\/p>\n<p><span style=\"font-family: arial, helvetica, sans-serif; font-size: 14pt; color: #000000;\">\u00a0 \u00a0 \u00a0 \u00a0 \u00a0 \u00a0 \u00a0 \u00a0 \u00a0 \u00a0 \u00a0 \u00a0 \u00a0 \u00a0 \u00a0 \u00a0 \u00a0 \u00a0 \u00a0 \u00a0 \u00a0 \u00a0 \u00a0 \u00a0 \u00a0 \u00a0 \u00a0 Maria Lu\u00edsa Vieira da Silva<\/span><\/p>\n<p style=\"text-align: center;\"><span style=\"font-family: arial, helvetica, sans-serif; font-size: 14pt; color: #000000;\">Rafaela Braga <\/span><\/p>\n<p style=\"text-align: center;\"><span style=\"font-family: arial, helvetica, sans-serif; font-size: 14pt; color: #000000;\">Raquel Dias <\/span><\/p>\n<p style=\"text-align: center;\"><span style=\"font-family: arial, helvetica, sans-serif; font-size: 14pt; color: #000000;\">Sofia Patron\u00a0<\/span><\/p>\n<p style=\"text-align: center;\"><span style=\"font-family: arial, helvetica, sans-serif; font-size: 14pt; color: #000000;\">Vitor Freitas Borges<br \/>\n<\/span><\/p>\n<p style=\"text-align: center;\"><span class=\"Apple-style-span\"><span style=\"font-family: arial, helvetica, sans-serif; font-size: 14pt;\">\u00a0 \u00a0 \u00a0<\/span><br \/>\n<\/span><\/p>\n<p style=\"text-align: center;\"><span style=\"font-family: arial, helvetica, sans-serif; font-size: 14pt;\"> <span style=\"font-size: 14pt; font-family: arial, helvetica, sans-serif; color: #000000;\"><span style=\"font-size: 14pt; font-family: arial, helvetica, sans-serif; color: #800000;\"><strong>Mestrando<\/strong><\/span><\/span><\/span><\/p>\n<p><span style=\"font-family: arial, helvetica, sans-serif; font-size: 14pt; color: #000000;\">\u00a0 \u00a0 \u00a0 \u00a0 \u00a0 \u00a0 \u00a0 \u00a0 \u00a0 \u00a0 \u00a0 \u00a0 \u00a0 \u00a0 \u00a0 \u00a0 \u00a0 \u00a0 \u00a0 \u00a0 \u00a0 \u00a0 \u00a0 \u00a0 \u00a0 \u00a0 \u00a0 \u00a0 \u00a0 \u00a0Gregory Neumann<\/span><\/p>\n","protected":false},"excerpt":{"rendered":"<p>Profa. Dra. Sandra Mara da Encarna\u00e7\u00e3o Fiala Rechsteiner Coordenadora Historep Reprodu\u00e7\u00e3o equina Professores colaboradores Adriana Pires Neves &#8211; UNIPAMPA Anelise Hammes Pimentel \u2013 UFPel Charles Ferreira Martins&hellip; <span class=\"read-more\"><a class=\"more-link\" href=\"https:\/\/wp.ufpel.edu.br\/historep\/equipe\/\" rel=\"bookmark\">Leia Mais <span class=\"screen-reader-text\">&#8220;Equipe&#8221;<\/span><\/a><\/span><\/p>\n","protected":false},"author":652,"featured_media":0,"parent":0,"menu_order":0,"comment_status":"closed","ping_status":"closed","template":"","meta":{"advanced_seo_description":"","jetpack_seo_html_title":"","jetpack_seo_noindex":false,"jetpack_post_was_ever_published":false,"footnotes":""},"class_list":["post-130","page","type-page","status-publish","hentry"],"jetpack_sharing_enabled":true,"jetpack_shortlink":"https:\/\/wp.me\/P8WvZK-26","_links":{"self":[{"href":"https:\/\/wp.ufpel.edu.br\/historep\/wp-json\/wp\/v2\/pages\/130","targetHints":{"allow":["GET"]}}],"collection":[{"href":"https:\/\/wp.ufpel.edu.br\/historep\/wp-json\/wp\/v2\/pages"}],"about":[{"href":"https:\/\/wp.ufpel.edu.br\/historep\/wp-json\/wp\/v2\/types\/page"}],"author":[{"embeddable":true,"href":"https:\/\/wp.ufpel.edu.br\/historep\/wp-json\/wp\/v2\/users\/652"}],"replies":[{"embeddable":true,"href":"https:\/\/wp.ufpel.edu.br\/historep\/wp-json\/wp\/v2\/comments?post=130"}],"version-history":[{"count":4,"href":"https:\/\/wp.ufpel.edu.br\/historep\/wp-json\/wp\/v2\/pages\/130\/revisions"}],"predecessor-version":[{"id":2200,"href":"https:\/\/wp.ufpel.edu.br\/historep\/wp-json\/wp\/v2\/pages\/130\/revisions\/2200"}],"wp:attachment":[{"href":"https:\/\/wp.ufpel.edu.br\/historep\/wp-json\/wp\/v2\/media?parent=130"}],"curies":[{"name":"wp","href":"https:\/\/api.w.org\/{rel}","templated":true}]}}

<h1 style="text-align: center;"><span style="font-size: 14pt; font-family: arial, helvetica, sans-serif; color: #800000;"><strong>Profa. Dra. Sandra Mara da Encarnação Fiala Rechsteiner</strong></span><br />
<span style="font-size: 14pt; font-family: arial, helvetica, sans-serif; color: #800000;"> Coordenadora Historep</span></h1>
<p style="text-align: center;"><span style="font-size: 14pt; font-family: arial, helvetica, sans-serif; color: #800000;"><strong>Reprodução equina</strong></span></p>
<p style="text-align: center;"><span style="font-size: 14pt; font-family: arial, helvetica, sans-serif; color: #800000;"><strong>Professores colaboradores</strong></span></p>
<p style="text-align: center;"><span style="font-size: 14pt; font-family: arial, helvetica, sans-serif; color: #000000;"> Adriana Pires Neves &#8211; UNIPAMPA</span><br />
<span style="font-size: 14pt; font-family: arial, helvetica, sans-serif; color: #000000;"> Anelise Hammes Pimentel – UFPel</span><br />
<span style="font-size: 14pt; font-family: arial, helvetica, sans-serif; color: #000000;"> Charles Ferreira Martins – UFPel</span><br />
<span style="font-size: 14pt; font-family: arial, helvetica, sans-serif; color: #000000;"> Eduardo Malzchitsky – ULBRA</span><br />
<span style="font-size: 14pt; font-family: arial, helvetica, sans-serif; color: #000000;"> Ivan Bustamante Filho – UNIVATES</span><br />
<span style="font-size: 14pt; font-family: arial, helvetica, sans-serif; color: #000000;"> Rodrigo Costa Mattos – UFRGS</span></p>
<p style="text-align: center;"><span style="font-size: 14pt; font-family: arial, helvetica, sans-serif; color: #800000;"><strong>Participantes Atuais &#8211; Graduandos</strong></span></p>
<p style="text-align: center;"><span style="font-family: arial, helvetica, sans-serif; font-size: 14pt; color: #000000;"> </span><span style="font-family: arial, helvetica, sans-serif; font-size: 14pt; color: #000000;">Arthur Vicari Santos</span></p>
<p style="text-align: center;"><span style="font-family: arial, helvetica, sans-serif; font-size: 14pt; color: #000000;">Felipe Crema </span></p>
<p style="text-align: center;"><span style="font-family: arial, helvetica, sans-serif; font-size: 14pt; color: #000000;">Guilherme Crema </span></p>
<p style="text-align: center;"><span style="font-family: arial, helvetica, sans-serif; font-size: 14pt; color: #000000;">Laura Chies</span></p>
<p><span style="font-family: arial, helvetica, sans-serif; font-size: 14pt; color: #000000;">                                                      Maria Luísa Vieira da Silva</span></p>
<p style="text-align: center;"><span style="font-family: arial, helvetica, sans-serif; font-size: 14pt; color: #000000;">Rafaela Braga </span></p>
<p style="text-align: center;"><span style="font-family: arial, helvetica, sans-serif; font-size: 14pt; color: #000000;">Raquel Dias </span></p>
<p style="text-align: center;"><span style="font-family: arial, helvetica, sans-serif; font-size: 14pt; color: #000000;">Sofia Patron </span></p>
<p style="text-align: center;"><span style="font-family: arial, helvetica, sans-serif; font-size: 14pt; color: #000000;">Vitor Freitas Borges<br />
</span></p>
<p style="text-align: center;"><span class="Apple-style-span"><span style="font-family: arial, helvetica, sans-serif; font-size: 14pt;">     </span><br />
</span></p>
<p style="text-align: center;"><span style="font-family: arial, helvetica, sans-serif; font-size: 14pt;"> <span style="font-size: 14pt; font-family: arial, helvetica, sans-serif; color: #000000;"><span style="font-size: 14pt; font-family: arial, helvetica, sans-serif; color: #800000;"><strong>Mestrando</strong></span></span></span></p>
<p><span style="font-family: arial, helvetica, sans-serif; font-size: 14pt; color: #000000;">                                                           Gregory Neumann</span></p>

<p>Profa. Dra. Sandra Mara da Encarnação Fiala Rechsteiner Coordenadora Historep Reprodução equina Professores colaboradores Adriana Pires Neves &#8211; UNIPAMPA Anelise Hammes Pimentel – UFPel Charles Ferreira Martins&hellip; <span class="read-more"><a class="more-link" href="https://wp.ufpel.edu.br/historep/equipe/" rel="bookmark">Leia Mais <span class="screen-reader-text">&#8220;Equipe&#8221;</span></a></span></p>
