{"id":2,"date":"2013-06-10T13:53:43","date_gmt":"2013-06-10T16:53:43","guid":{"rendered":"https:\/\/wp.ufpel.edu.br\/hisales\/?page_id=2"},"modified":"2025-01-08T15:54:07","modified_gmt":"2025-01-08T18:54:07","slug":"apresentacao","status":"publish","type":"page","link":"https:\/\/wp.ufpel.edu.br\/hisales\/","title":{"rendered":"Apresenta\u00e7\u00e3o"},"content":{"rendered":"<p><strong>O Centro de mem\u00f3ria e pesquisa Hist\u00f3ria da Alfabetiza\u00e7\u00e3o, Leitura, Escrita e dos Livros Escolares \u2013 Hisales, \u00e9 vinculado \u00e0 Faculdade de Educa\u00e7\u00e3o (FaE) da Universidade Federal de Pelotas (UFPel). Desde a sua cria\u00e7\u00e3o em 2006 como grupo de pesquisa e a partir de 2017 tamb\u00e9m como centro de mem\u00f3ria e pesquisa, o objetivo \u00e9 investir na salvaguarda do patrim\u00f4nio hist\u00f3rico-educativo e na manuten\u00e7\u00e3o da hist\u00f3ria e mem\u00f3ria da educa\u00e7\u00e3o. Com os acervos preservados, o Hisales contempla a\u00e7\u00f5es de pesquisa, ensino e extens\u00e3o, junto \u00e0 UFPel, envolvendo a comunidade acad\u00eamica e o p\u00fablico em geral.<\/strong><\/p>\n<p>&nbsp;<\/p>\n<p><span style=\"color: #ff0000; font-size: 14pt;\"><strong>HIST\u00d3RICO<\/strong><\/span><\/p>\n<p>O <b>Hisales<\/b> &#8211; Hist\u00f3ria da Alfabetiza\u00e7\u00e3o, Leitura, Escrita e dos Livros Escolares &#8211; \u00e9 um centro de mem\u00f3ria e pesquisa, constitu\u00eddo como \u00f3rg\u00e3o complementar da Faculdade de Educa\u00e7\u00e3o (FaE) da Universidade Federal de Pelotas (UFPel).<\/p>\n<p>O objetivo do Hisales \u00e9 investir na salvaguarda do patrim\u00f4nio hist\u00f3rico-educativo e na manuten\u00e7\u00e3o da hist\u00f3ria e mem\u00f3ria da educa\u00e7\u00e3o. Com os acervos preservados, neste centro se contemplam a\u00e7\u00f5es de pesquisa, ensino e extens\u00e3o, junto \u00e0 UFPel, envolvendo a comunidade acad\u00eamica e o p\u00fablico em geral.<\/p>\n<p>Coordenado pelas professoras Dra. Vania Grim Thies e Dra. Chris de Azevedo Ramil, o Hisales re\u00fane alunos de gradua\u00e7\u00e3o e de p\u00f3s-gradua\u00e7\u00e3o em seu grupo de pesquisa. Trata-se de um arquivo especializado nas tem\u00e1ticas da alfabetiza\u00e7\u00e3o, leitura, escrita e dos livros escolares, constitu\u00eddo de diferentes acervos, que integram a cultura material escolar.<\/p>\n<p>Est\u00e1 cadastrado como grupo de pesquisa no CNPQ desde 2006. Entretanto, desde 2001 j\u00e1 eram realizadas, na FaE\/UFPel, investiga\u00e7\u00f5es envolvendo tem\u00e1ticas de alfabetiza\u00e7\u00e3o, leitura e escrita e a partir de 2004 foram produzidas disserta\u00e7\u00f5es de mestrado no Programa de P\u00f3s-Gradua\u00e7\u00e3o em Educa\u00e7\u00e3o (PPGE). Esses trabalhos resultaram, em 2006, na cria\u00e7\u00e3o do Hisales, pela profa. Dra. Eliane Peres, idealizadora e fundadora do grupo e que, desde sua aposentadoria da UFPel, em 2020, encontra-se como colaboradora.<\/p>\n<p>A partir de 2017, com a mudan\u00e7a para a atual sede (pr\u00e9dio situado no p\u00e1tio do Campus 2 UFPel), o Hisales passou ent\u00e3o a ser configurado como um centro de mem\u00f3ria e pesquisa, ampliando ainda mais as possibilidades de atua\u00e7\u00e3o e de projetos, assim como passou a contar com exposi\u00e7\u00e3o permanente e tempor\u00e1rias dos acervos salvaguardados, em um \u00fanico espa\u00e7o. Em 2021, o Hisales celebrou 15 anos de hist\u00f3ria, em meio \u00e0 pandemia de Covid-19, em um per\u00edodo de trabalho remoto. Neste ano, em 2024, s\u00e3o comemorados os 18 anos deste centro.<\/p>\n<p>&nbsp;<\/p>\n<p><span style=\"color: #ff0000; font-size: 14pt;\"><strong>EIXOS DE PESQUISA<\/strong><\/span><\/p>\n<p>Atualmente tr\u00eas eixos s\u00e3o privilegiados nas investiga\u00e7\u00f5es do HISALES: I) Hist\u00f3ria da alfabetiza\u00e7\u00e3o e da escolariza\u00e7\u00e3o; II) Pr\u00e1ticas escolares e n\u00e3o-escolares de leitura e escrita; III) Conte\u00fado, visualidade e materialidade em livros did\u00e1ticos, impressos pedag\u00f3gicos e materiais escolares.<\/p>\n<p><strong>EIXO 1 \u2013 HIST\u00d3RIA DA ALFABETIZA\u00c7\u00c3O E DA ESCOLARIZA\u00c7\u00c3O<\/strong><br \/>\n&#8211; Produ\u00e7\u00e3o e circula\u00e7\u00e3o de cartilhas, de m\u00e9todos e de propostas de alfabetiza\u00e7\u00e3o;<br \/>\n&#8211; Hist\u00f3ria da alfabetiza\u00e7\u00e3o em cadernos escolares de crian\u00e7as e cadernos de planejamento de alfabetizadoras;<br \/>\n&#8211; Mem\u00f3rias de alfabetiza\u00e7\u00e3o;<br \/>\n&#8211; Pol\u00edticas de alfabetiza\u00e7\u00e3o.<\/p>\n<p><strong>EIXO 2 &#8211; PR\u00c1TICAS ESCOLARES E N\u00c3O-ESCOLARES DE LEITURA E ESCRITA<\/strong><br \/>\n&#8211; Culturas do escrito;<br \/>\n&#8211; Escritas ordin\u00e1rias;<br \/>\n&#8211; Escritas pessoais e familiares;<br \/>\n&#8211; Hist\u00f3ria das pr\u00e1ticas de leitura;<br \/>\n&#8211; Leituras e leitores em meios rurais e urbanos;<br \/>\n&#8211; Leitura liter\u00e1ria.<\/p>\n<p><strong>EIXO 3 \u2013 CONTE\u00daDO, VISUALIDADE E MATERIALIDADE EM LIVROS DID\u00c1TICOS, IMPRESSOS PEDAG\u00d3GICOS E MATERIAIS ESCOLARES<\/strong><br \/>\n&#8211; Produ\u00e7\u00e3o, circula\u00e7\u00e3o e utiliza\u00e7\u00e3o dos livros escolares produzidos no Rio Grande do Sul (especialmente entre os anos de 1940-1980, per\u00edodo da influ\u00eancia do CPOE \u2013 Centro de Pesquisas e Orienta\u00e7\u00e3o Educacionais \u2013 SEC\/RS);<br \/>\n&#8211; Disciplinas escolares, conte\u00fados e temas espec\u00edficos em livros did\u00e1ticos e impressos pedag\u00f3gicos;<br \/>\n&#8211; Visualidade e materialidade em livros did\u00e1ticos, impressos pedag\u00f3gicos e materiais escolares.<\/p>\n<p>&nbsp;<\/p>\n<p><span style=\"color: #ff0000; font-size: 14pt;\"><strong>EXPOSI\u00c7\u00d5ES<\/strong><\/span><\/p>\n<p>O Hisales possui um espa\u00e7o de exposi\u00e7\u00e3o permanente e outro no qual apresenta exposi\u00e7\u00f5es tempor\u00e1rias, al\u00e9m de disponibilizar os acervos para consulta local de pesquisadores e pesquisadoras da \u00e1rea, bem como demais interessados. A entrada no local \u00e9 livre e as visitas podem ser realizadas, sem aviso pr\u00e9vio, de segunda a sexta-feira, nos turnos da manh\u00e3 e da tarde. Visitas guiadas para grupos maiores podem ser agendadas e organizadas com anteced\u00eancia, de acordo com as tem\u00e1ticas de interesse das pessoas envolvidas. Mais informa\u00e7\u00f5es sobre a infraestrutura e visita\u00e7\u00f5es podem ser conferidas no link <a href=\"https:\/\/wp.ufpel.edu.br\/hisales\/galeria\/\" target=\"_blank\" rel=\"noopener\"><strong>&#8220;Funcionamento&#8221;<\/strong><\/a> (clicar aqui ou no menu superior do <em>site<\/em>).<\/p>\n<p>&nbsp;<\/p>\n<p><span style=\"color: #ff0000; font-size: 14pt;\"><strong>ACERVOS<\/strong><\/span><\/p>\n<p>Em rela\u00e7\u00e3o \u00e0s informa\u00e7\u00f5es sobre os acervos que integram o arquivo especializado do Hisales, neste <em>site<\/em> s\u00e3o disponibilizadas informa\u00e7\u00f5es gerais acerca de suas especificidades, no link &#8220;<strong><a href=\"https:\/\/wp.ufpel.edu.br\/hisales\/?page_id=14\" target=\"_blank\" rel=\"noopener noreferrer\">Acervos<\/a>&#8220;<\/strong> (clicar aqui ou no men\u00fa superior do <em>site<\/em>). A cataloga\u00e7\u00e3o virtual dos referidos materiais, para acesso dos interessados via internet, est\u00e1 em fase de desenvolvimento e ser\u00e1 disponibilizada junto aos acervos do <em>site<\/em> dos Acervos Virtuais da Rede de Museus da UFPel, da qual o Hisales faz parte, desde 2017. O link para acesso \u00e9: <a href=\"https:\/\/acervosvirtuais.ufpel.edu.br\" target=\"_blank\" rel=\"noopener\">https:\/\/acervosvirtuais.ufpel.edu.br<\/a><\/p>\n<p>Os acervos s\u00e3o, em quase toda sua totalidade, constitu\u00eddos de doa\u00e7\u00f5es realizadas pela comunidade, no decorrer de todos esses anos. Os materiais, de diversos per\u00edodos e d\u00e9cadas, s\u00e3o recebidos em diversos estados de conserva\u00e7\u00e3o, sendo doados por pessoas da regi\u00e3o local, regional, de v\u00e1rios estados do Brasil e tamb\u00e9m de outros pa\u00edses. Mais informa\u00e7\u00f5es sobre como doar podem ser conferidas no link de <strong><a href=\"https:\/\/wp.ufpel.edu.br\/hisales\/doacoes\/\" target=\"_blank\" rel=\"noopener\">&#8220;Doa\u00e7\u00f5es&#8221;<\/a><\/strong> (clicar aqui ou no men\u00fa superior do <em>site<\/em>).<\/p>\n<p>&nbsp;<\/p>\n<p><strong><span style=\"color: #ff0000;\">Em 2024 o Hisales completou 18 anos de atividades junto \u00e0 UFPel!<\/span><\/strong><\/p>\n<p><a href=\"https:\/\/wp.ufpel.edu.br\/hisales\/files\/2024\/06\/HISALES-.png\"><img loading=\"lazy\" decoding=\"async\" class=\"alignnone wp-image-2092\" src=\"https:\/\/wp.ufpel.edu.br\/hisales\/files\/2024\/06\/HISALES--300x200.png\" alt=\"\" width=\"360\" height=\"261\" \/><\/a><\/p>\n","protected":false},"excerpt":{"rendered":"<p>O Centro de mem\u00f3ria e pesquisa Hist\u00f3ria da Alfabetiza\u00e7\u00e3o, Leitura, Escrita e dos Livros Escolares \u2013 Hisales, \u00e9 vinculado \u00e0 Faculdade de Educa\u00e7\u00e3o (FaE) da Universidade Federal de Pelotas (UFPel). Desde a sua cria\u00e7\u00e3o em 2006 como grupo de pesquisa e a partir de 2017 tamb\u00e9m como centro de mem\u00f3ria e pesquisa, o objetivo \u00e9 &hellip; <\/p>\n<p><a class=\"more-link btn\" href=\"https:\/\/wp.ufpel.edu.br\/hisales\/\">Continue lendo<\/a><\/p>\n","protected":false},"author":278,"featured_media":0,"parent":0,"menu_order":1,"comment_status":"closed","ping_status":"closed","template":"","meta":{"jetpack_post_was_ever_published":false,"footnotes":""},"class_list":["post-2","page","type-page","status-publish","hentry","nodate","item-wrap"],"jetpack_sharing_enabled":true,"jetpack_shortlink":"https:\/\/wp.me\/P6RFSo-2","_links":{"self":[{"href":"https:\/\/wp.ufpel.edu.br\/hisales\/wp-json\/wp\/v2\/pages\/2","targetHints":{"allow":["GET"]}}],"collection":[{"href":"https:\/\/wp.ufpel.edu.br\/hisales\/wp-json\/wp\/v2\/pages"}],"about":[{"href":"https:\/\/wp.ufpel.edu.br\/hisales\/wp-json\/wp\/v2\/types\/page"}],"author":[{"embeddable":true,"href":"https:\/\/wp.ufpel.edu.br\/hisales\/wp-json\/wp\/v2\/users\/278"}],"replies":[{"embeddable":true,"href":"https:\/\/wp.ufpel.edu.br\/hisales\/wp-json\/wp\/v2\/comments?post=2"}],"version-history":[{"count":68,"href":"https:\/\/wp.ufpel.edu.br\/hisales\/wp-json\/wp\/v2\/pages\/2\/revisions"}],"predecessor-version":[{"id":81,"href":"https:\/\/wp.ufpel.edu.br\/hisales\/wp-json\/wp\/v2\/pages\/2\/revisions\/81"}],"wp:attachment":[{"href":"https:\/\/wp.ufpel.edu.br\/hisales\/wp-json\/wp\/v2\/media?parent=2"}],"curies":[{"name":"wp","href":"https:\/\/api.w.org\/{rel}","templated":true}]}}

Apresentação

<p><strong>O Centro de memória e pesquisa História da Alfabetização, Leitura, Escrita e dos Livros Escolares – Hisales, é vinculado à Faculdade de Educação (FaE) da Universidade Federal de Pelotas (UFPel). Desde a sua criação em 2006 como grupo de pesquisa e a partir de 2017 também como centro de memória e pesquisa, o objetivo é investir na salvaguarda do patrimônio histórico-educativo e na manutenção da história e memória da educação. Com os acervos preservados, o Hisales contempla ações de pesquisa, ensino e extensão, junto à UFPel, envolvendo a comunidade acadêmica e o público em geral.</strong></p>
<p>&nbsp;</p>
<p><span style="color: #ff0000; font-size: 14pt;"><strong>HISTÓRICO</strong></span></p>
<p>O <b>Hisales</b> &#8211; História da Alfabetização, Leitura, Escrita e dos Livros Escolares &#8211; é um centro de memória e pesquisa, constituído como órgão complementar da Faculdade de Educação (FaE) da Universidade Federal de Pelotas (UFPel).</p>
<p>O objetivo do Hisales é investir na salvaguarda do patrimônio histórico-educativo e na manutenção da história e memória da educação. Com os acervos preservados, neste centro se contemplam ações de pesquisa, ensino e extensão, junto à UFPel, envolvendo a comunidade acadêmica e o público em geral.</p>
<p>Coordenado pelas professoras Dra. Vania Grim Thies e Dra. Chris de Azevedo Ramil, o Hisales reúne alunos de graduação e de pós-graduação em seu grupo de pesquisa. Trata-se de um arquivo especializado nas temáticas da alfabetização, leitura, escrita e dos livros escolares, constituído de diferentes acervos, que integram a cultura material escolar.</p>
<p>Está cadastrado como grupo de pesquisa no CNPQ desde 2006. Entretanto, desde 2001 já eram realizadas, na FaE/UFPel, investigações envolvendo temáticas de alfabetização, leitura e escrita e a partir de 2004 foram produzidas dissertações de mestrado no Programa de Pós-Graduação em Educação (PPGE). Esses trabalhos resultaram, em 2006, na criação do Hisales, pela profa. Dra. Eliane Peres, idealizadora e fundadora do grupo e que, desde sua aposentadoria da UFPel, em 2020, encontra-se como colaboradora.</p>
<p>A partir de 2017, com a mudança para a atual sede (prédio situado no pátio do Campus 2 UFPel), o Hisales passou então a ser configurado como um centro de memória e pesquisa, ampliando ainda mais as possibilidades de atuação e de projetos, assim como passou a contar com exposição permanente e temporárias dos acervos salvaguardados, em um único espaço. Em 2021, o Hisales celebrou 15 anos de história, em meio à pandemia de Covid-19, em um período de trabalho remoto. Neste ano, em 2024, são comemorados os 18 anos deste centro.</p>
<p>&nbsp;</p>
<p><span style="color: #ff0000; font-size: 14pt;"><strong>EIXOS DE PESQUISA</strong></span></p>
<p>Atualmente três eixos são privilegiados nas investigações do HISALES: I) História da alfabetização e da escolarização; II) Práticas escolares e não-escolares de leitura e escrita; III) Conteúdo, visualidade e materialidade em livros didáticos, impressos pedagógicos e materiais escolares.</p>
<p><strong>EIXO 1 – HISTÓRIA DA ALFABETIZAÇÃO E DA ESCOLARIZAÇÃO</strong><br />
&#8211; Produção e circulação de cartilhas, de métodos e de propostas de alfabetização;<br />
&#8211; História da alfabetização em cadernos escolares de crianças e cadernos de planejamento de alfabetizadoras;<br />
&#8211; Memórias de alfabetização;<br />
&#8211; Políticas de alfabetização.</p>
<p><strong>EIXO 2 &#8211; PRÁTICAS ESCOLARES E NÃO-ESCOLARES DE LEITURA E ESCRITA</strong><br />
&#8211; Culturas do escrito;<br />
&#8211; Escritas ordinárias;<br />
&#8211; Escritas pessoais e familiares;<br />
&#8211; História das práticas de leitura;<br />
&#8211; Leituras e leitores em meios rurais e urbanos;<br />
&#8211; Leitura literária.</p>
<p><strong>EIXO 3 – CONTEÚDO, VISUALIDADE E MATERIALIDADE EM LIVROS DIDÁTICOS, IMPRESSOS PEDAGÓGICOS E MATERIAIS ESCOLARES</strong><br />
&#8211; Produção, circulação e utilização dos livros escolares produzidos no Rio Grande do Sul (especialmente entre os anos de 1940-1980, período da influência do CPOE – Centro de Pesquisas e Orientação Educacionais – SEC/RS);<br />
&#8211; Disciplinas escolares, conteúdos e temas específicos em livros didáticos e impressos pedagógicos;<br />
&#8211; Visualidade e materialidade em livros didáticos, impressos pedagógicos e materiais escolares.</p>
<p>&nbsp;</p>
<p><span style="color: #ff0000; font-size: 14pt;"><strong>EXPOSIÇÕES</strong></span></p>
<p>O Hisales possui um espaço de exposição permanente e outro no qual apresenta exposições temporárias, além de disponibilizar os acervos para consulta local de pesquisadores e pesquisadoras da área, bem como demais interessados. A entrada no local é livre e as visitas podem ser realizadas, sem aviso prévio, de segunda a sexta-feira, nos turnos da manhã e da tarde. Visitas guiadas para grupos maiores podem ser agendadas e organizadas com antecedência, de acordo com as temáticas de interesse das pessoas envolvidas. Mais informações sobre a infraestrutura e visitações podem ser conferidas no link <a href="https://wp.ufpel.edu.br/hisales/galeria/" target="_blank" rel="noopener"><strong>&#8220;Funcionamento&#8221;</strong></a> (clicar aqui ou no menu superior do <em>site</em>).</p>
<p>&nbsp;</p>
<p><span style="color: #ff0000; font-size: 14pt;"><strong>ACERVOS</strong></span></p>
<p>Em relação às informações sobre os acervos que integram o arquivo especializado do Hisales, neste <em>site</em> são disponibilizadas informações gerais acerca de suas especificidades, no link &#8220;<strong><a href="https://wp.ufpel.edu.br/hisales/?page_id=14" target="_blank" rel="noopener noreferrer">Acervos</a>&#8220;</strong> (clicar aqui ou no menú superior do <em>site</em>). A catalogação virtual dos referidos materiais, para acesso dos interessados via internet, está em fase de desenvolvimento e será disponibilizada junto aos acervos do <em>site</em> dos Acervos Virtuais da Rede de Museus da UFPel, da qual o Hisales faz parte, desde 2017. O link para acesso é: <a href="https://acervosvirtuais.ufpel.edu.br" target="_blank" rel="noopener">https://acervosvirtuais.ufpel.edu.br</a></p>
<p>Os acervos são, em quase toda sua totalidade, constituídos de doações realizadas pela comunidade, no decorrer de todos esses anos. Os materiais, de diversos períodos e décadas, são recebidos em diversos estados de conservação, sendo doados por pessoas da região local, regional, de vários estados do Brasil e também de outros países. Mais informações sobre como doar podem ser conferidas no link de <strong><a href="https://wp.ufpel.edu.br/hisales/doacoes/" target="_blank" rel="noopener">&#8220;Doações&#8221;</a></strong> (clicar aqui ou no menú superior do <em>site</em>).</p>
<p>&nbsp;</p>
<p><strong><span style="color: #ff0000;">Em 2024 o Hisales completou 18 anos de atividades junto à UFPel!</span></strong></p>
<p><a href="https://wp.ufpel.edu.br/hisales/files/2024/06/HISALES-.png"><img loading="lazy" decoding="async" class="alignnone wp-image-2092" src="https://wp.ufpel.edu.br/hisales/files/2024/06/HISALES--300x200.png" alt="" width="360" height="261" /></a></p>

<p>O Centro de memória e pesquisa História da Alfabetização, Leitura, Escrita e dos Livros Escolares – Hisales, é vinculado à Faculdade de Educação (FaE) da Universidade Federal de Pelotas (UFPel). Desde a sua criação em 2006 como grupo de pesquisa e a partir de 2017 também como centro de memória e pesquisa, o objetivo é &hellip; </p>
<p><a class="more-link btn" href="https://wp.ufpel.edu.br/hisales/">Continue lendo</a></p>
