{"id":27,"date":"2021-05-07T13:55:17","date_gmt":"2021-05-07T16:55:17","guid":{"rendered":"https:\/\/wp.ufpel.edu.br\/hidrosens\/?page_id=27"},"modified":"2021-05-18T15:30:10","modified_gmt":"2021-05-18T18:30:10","slug":"projetos","status":"publish","type":"page","link":"https:\/\/wp.ufpel.edu.br\/hidrosens\/projetos\/","title":{"rendered":"Projetos"},"content":{"rendered":"<p>TURBID\u00cdMETRO PARA MEDIDAS <em>IN SITU<\/em><\/p>\n<p><img loading=\"lazy\" decoding=\"async\" class=\"aligncenter wp-image-42 size-medium\" src=\"https:\/\/wp.ufpel.edu.br\/hidrosens\/files\/2021\/05\/photo_2021-05-18_14-28-47-e1621359120377-400x200.jpg\" alt=\"\" width=\"400\" height=\"200\" srcset=\"https:\/\/wp.ufpel.edu.br\/hidrosens\/files\/2021\/05\/photo_2021-05-18_14-28-47-e1621359120377-400x200.jpg 400w, https:\/\/wp.ufpel.edu.br\/hidrosens\/files\/2021\/05\/photo_2021-05-18_14-28-47-e1621359120377-1024x512.jpg 1024w, https:\/\/wp.ufpel.edu.br\/hidrosens\/files\/2021\/05\/photo_2021-05-18_14-28-47-e1621359120377-768x384.jpg 768w, https:\/\/wp.ufpel.edu.br\/hidrosens\/files\/2021\/05\/photo_2021-05-18_14-28-47-e1621359120377-750x375.jpg 750w, https:\/\/wp.ufpel.edu.br\/hidrosens\/files\/2021\/05\/photo_2021-05-18_14-28-47-e1621359120377-375x187.jpg 375w, https:\/\/wp.ufpel.edu.br\/hidrosens\/files\/2021\/05\/photo_2021-05-18_14-28-47-e1621359120377.jpg 1280w\" sizes=\"auto, (max-width: 400px) 100vw, 400px\" \/><\/p>\n<p>Desenvolvido por Luiza Machado, o turbid\u00edmetro de baixo custo tem objetivo de realizar medi\u00e7\u00f5es in situ do material particulado suspenso \u2013 turbidez \u2013 presente na coluna d\u2019\u00e1gua, podendo ser utilizado em plataformas de monitoramento aut\u00f4nomas. O princ\u00edpio de medi\u00e7\u00e3o \u00e9 baseado na atenua\u00e7\u00e3o do feixe de luz emitido por um LED RGB e detectado por um sensor de luminosidade. Para aquisi\u00e7\u00e3o de dados \u00e9 utilizado um microcontrolador Arduino Nano. Os componentes s\u00e3o impermeabilizados e inseridos em um case tubular, adaptado para o contato direto com a \u00e1gua. A determina\u00e7\u00e3o da turbidez auxilia na compreens\u00e3o de como os fatores naturais e a\u00e7\u00f5es antr\u00f3picas alteram o comportamento dos corpos h\u00eddricos, tornando-se informa\u00e7\u00e3o essencial para a gest\u00e3o dos seus recursos.<\/p>\n<p>Maiores detalhes no trabalho publicado no CIC UFPel 2019: <a href=\"https:\/\/cti.ufpel.edu.br\/siepe\/arquivos\/2020\/MD_02693.pdf\">MD_02693.pdf (ufpel.edu.br)<\/a><\/p>\n<p>&nbsp;<\/p>\n","protected":false},"excerpt":{"rendered":"<p>TURBID\u00cdMETRO PARA MEDIDAS IN SITU Desenvolvido por Luiza Machado, o turbid\u00edmetro de baixo custo tem objetivo de realizar medi\u00e7\u00f5es in situ do material particulado suspenso \u2013 turbidez \u2013 presente na coluna d\u2019\u00e1gua, podendo ser utilizado em plataformas de monitoramento aut\u00f4nomas. O princ\u00edpio de medi\u00e7\u00e3o \u00e9 baseado na atenua\u00e7\u00e3o do feixe de luz emitido por um &hellip; <\/p>\n<p class=\"link-more\"><a href=\"https:\/\/wp.ufpel.edu.br\/hidrosens\/projetos\/\" class=\"more-link\">Continue lendo<span class=\"screen-reader-text\"> &#8220;Projetos&#8221;<\/span><\/a><\/p>\n","protected":false},"author":1144,"featured_media":0,"parent":0,"menu_order":0,"comment_status":"closed","ping_status":"closed","template":"","meta":{"footnotes":""},"class_list":["post-27","page","type-page","status-publish","hentry"],"_links":{"self":[{"href":"https:\/\/wp.ufpel.edu.br\/hidrosens\/wp-json\/wp\/v2\/pages\/27","targetHints":{"allow":["GET"]}}],"collection":[{"href":"https:\/\/wp.ufpel.edu.br\/hidrosens\/wp-json\/wp\/v2\/pages"}],"about":[{"href":"https:\/\/wp.ufpel.edu.br\/hidrosens\/wp-json\/wp\/v2\/types\/page"}],"author":[{"embeddable":true,"href":"https:\/\/wp.ufpel.edu.br\/hidrosens\/wp-json\/wp\/v2\/users\/1144"}],"replies":[{"embeddable":true,"href":"https:\/\/wp.ufpel.edu.br\/hidrosens\/wp-json\/wp\/v2\/comments?post=27"}],"version-history":[{"count":4,"href":"https:\/\/wp.ufpel.edu.br\/hidrosens\/wp-json\/wp\/v2\/pages\/27\/revisions"}],"predecessor-version":[{"id":60,"href":"https:\/\/wp.ufpel.edu.br\/hidrosens\/wp-json\/wp\/v2\/pages\/27\/revisions\/60"}],"wp:attachment":[{"href":"https:\/\/wp.ufpel.edu.br\/hidrosens\/wp-json\/wp\/v2\/media?parent=27"}],"curies":[{"name":"wp","href":"https:\/\/api.w.org\/{rel}","templated":true}]}}