{"id":946,"date":"2017-03-11T15:03:10","date_gmt":"2017-03-11T18:03:10","guid":{"rendered":"https:\/\/wp.ufpel.edu.br\/hidrologiaemodelagemhidrologica\/?page_id=946"},"modified":"2017-03-11T15:03:10","modified_gmt":"2017-03-11T18:03:10","slug":"xxv-congresso-de-iniciacao-cientifica-da-universidade-federal-de-pelotas-2016","status":"publish","type":"page","link":"https:\/\/wp.ufpel.edu.br\/hidrologiaemodelagemhidrologica\/xxv-congresso-de-iniciacao-cientifica-da-universidade-federal-de-pelotas-2016\/","title":{"rendered":"XXV Congresso de Inicia\u00e7\u00e3o Cient\u00edfica da Universidade Federal de Pelotas &#8211; 2016"},"content":{"rendered":"<p>No dia 06 de mar\u00e7o de 2017, o aluno do 8\u00b0 semestre do curso de gradua\u00e7\u00e3o em Engenharia H\u00eddrica, Fel\u00edcio Cassalho, foi agraciado com a distin\u00e7\u00e3o de segundo lugar, na \u00e1rea de ENGENHARIAS, no XXV Congresso de Inicia\u00e7\u00e3o Cient\u00edfica (CIC) da Universidade Federal de Pelotas, com o trabalho intitulado \u201cREGIONALIZA\u00c7\u00c3O DE VAZ\u00d5ES DE ENCHENTE NA BACIA HIDROGR\u00c1FICA MIRIM-S\u00c3O GON\u00c7ALO: UMA ABORDAGEM CIENT\u00cdFICA E METODOL\u00d3GICA\u201d (<a href=\"http:\/\/cti.ufpel.edu.br\/siepe\/arquivos\/2016\/EN_01917.pdf\">http:\/\/cti.ufpel.edu.br\/siepe\/arquivos\/2016\/EN_01917.pdf<\/a>). O evento foi realizado entre os dias 26 e 30 de setembro de 2016.<\/p>\n<p>O trabalho apresenta uma solu\u00e7\u00e3o pr\u00e1tica, baseada em conceitos estat\u00edsticos e hidrol\u00f3gicos empregando t\u00e9cnicas consideradas do estado-da-arte, para a estimativa de vaz\u00f5es de projeto tanto visando atender quest\u00f5es de engenharia quanto de gest\u00e3o de recursos h\u00eddricos na bacia hidrogr\u00e1fica Mirim-S\u00e3o Gon\u00e7alo.<\/p>\n<p>Ap\u00f3s o amadurecimento e muitas discuss\u00f5es acerca dos resultados deste estudo, o trabalho foi ampliado e escrito na forma de artigo, o qual j\u00e1 encontra-se aceito para publica\u00e7\u00e3o na Revista Brasileira de Recursos H\u00eddricos, tendo como t\u00edtulo &#8220;Hydrological regionalization of maximum stream flows using an approach based on L-moments&#8221; (DOI: 10.1590\/2318-0331.021720160064). A evolu\u00e7\u00e3o nos resultados deste estudo cient\u00edfico, bem como a possibilidade de publica\u00e7\u00e3o em peri\u00f3dicos nacionais e internacionais de renome, refor\u00e7a a import\u00e2ncia do incentivo da UFPel em pesquisa cient\u00edfica e tecnol\u00f3gica a partir de diversas iniciativas estruturadas e institucionais, tais como distribui\u00e7\u00e3o de bolsas de IC e IT na gradua\u00e7\u00e3o e a organiza\u00e7\u00e3o de eventos qualificados como o Congresso de Inicia\u00e7\u00e3o Cient\u00edfica da UFPel.<\/p>\n<p>Vale destacar que o trabalho em quest\u00e3o \u00e9 parte de um estudo maior sobre a an\u00e1lise de frequ\u00eancia de cheias no \u00e2mbito no estado do Rio Grande do Sul, desenvolvido pelo Grupo de Pesquisa em Hidrologia e Modelagem Hidrol\u00f3gica em Bacias Hidrogr\u00e1ficas.<\/p>\n<p>O trabalho conta com a orienta\u00e7\u00e3o do professor Samuel Beskow e com os coautores, Marcelle Martins Vargas, discente da Engenharia H\u00eddrica e atualmente realizando interc\u00e2mbio na Universidade de Coimbra \u2013 Portugal; Ma\u00edra Martim de Moura, mestranda pelo Programa de P\u00f3s-Gradua\u00e7\u00e3o em Recursos H\u00eddricos \u00a0&#8211; UFPel e Leo Fernandes \u00c1vila, bolsista do Programa Nacional de P\u00f3s-Doutorado da CAPES (PNPD-CAPES) no Programa de P\u00f3s-Gradua\u00e7\u00e3o em Recursos H\u00eddricos &#8211; UFPel.<\/p>\n<p>&nbsp;<\/p>\n<p><img data-recalc-dims=\"1\" data-attachment-id=\"947\" data-permalink=\"https:\/\/wp.ufpel.edu.br\/hidrologiaemodelagemhidrologica\/xxv-congresso-de-iniciacao-cientifica-da-universidade-federal-de-pelotas-2016\/17198578_722459097913523_464277001_n\/\" data-orig-file=\"https:\/\/i0.wp.com\/wp.ufpel.edu.br\/hidrologiaemodelagemhidrologica\/files\/2017\/03\/17198578_722459097913523_464277001_n.jpg?fit=720%2C960&amp;ssl=1\" data-orig-size=\"720,960\" data-comments-opened=\"0\" data-image-meta=\"{&quot;aperture&quot;:&quot;0&quot;,&quot;credit&quot;:&quot;&quot;,&quot;camera&quot;:&quot;&quot;,&quot;caption&quot;:&quot;&quot;,&quot;created_timestamp&quot;:&quot;0&quot;,&quot;copyright&quot;:&quot;&quot;,&quot;focal_length&quot;:&quot;0&quot;,&quot;iso&quot;:&quot;0&quot;,&quot;shutter_speed&quot;:&quot;0&quot;,&quot;title&quot;:&quot;&quot;,&quot;orientation&quot;:&quot;0&quot;}\" data-image-title=\"17198578_722459097913523_464277001_n\" data-image-description=\"\" data-image-caption=\"\" data-medium-file=\"https:\/\/i0.wp.com\/wp.ufpel.edu.br\/hidrologiaemodelagemhidrologica\/files\/2017\/03\/17198578_722459097913523_464277001_n.jpg?fit=239%2C318&amp;ssl=1\" data-large-file=\"https:\/\/i0.wp.com\/wp.ufpel.edu.br\/hidrologiaemodelagemhidrologica\/files\/2017\/03\/17198578_722459097913523_464277001_n.jpg?fit=720%2C220&amp;ssl=1\" class=\"aligncenter size-full wp-image-947\" src=\"https:\/\/i0.wp.com\/wp.ufpel.edu.br\/hidrologiaemodelagemhidrologica\/files\/2017\/03\/17198578_722459097913523_464277001_n.jpg?resize=720%2C960&#038;ssl=1\" alt=\"\" width=\"720\" height=\"960\" srcset=\"https:\/\/i0.wp.com\/wp.ufpel.edu.br\/hidrologiaemodelagemhidrologica\/files\/2017\/03\/17198578_722459097913523_464277001_n.jpg?w=720&amp;ssl=1 720w, https:\/\/i0.wp.com\/wp.ufpel.edu.br\/hidrologiaemodelagemhidrologica\/files\/2017\/03\/17198578_722459097913523_464277001_n.jpg?resize=119%2C159&amp;ssl=1 119w, https:\/\/i0.wp.com\/wp.ufpel.edu.br\/hidrologiaemodelagemhidrologica\/files\/2017\/03\/17198578_722459097913523_464277001_n.jpg?resize=239%2C318&amp;ssl=1 239w\" sizes=\"(max-width: 720px) 100vw, 720px\" \/><\/p>\n","protected":false},"excerpt":{"rendered":"<p>No dia 06 de mar\u00e7o de 2017, o aluno do 8\u00b0 semestre do curso de gradua\u00e7\u00e3o em Engenharia H\u00eddrica, Fel\u00edcio Cassalho, foi agraciado com a distin\u00e7\u00e3o de segundo lugar, na \u00e1rea de ENGENHARIAS, no XXV Congresso de Inicia\u00e7\u00e3o Cient\u00edfica (CIC) da Universidade Federal de Pelotas, com o trabalho intitulado \u201cREGIONALIZA\u00c7\u00c3O DE VAZ\u00d5ES DE ENCHENTE NA [&hellip;]<\/p>\n","protected":false},"author":570,"featured_media":0,"parent":0,"menu_order":0,"comment_status":"closed","ping_status":"closed","template":"","meta":{"jetpack_post_was_ever_published":false,"footnotes":""},"class_list":["post-946","page","type-page","status-publish","hentry"],"jetpack_sharing_enabled":true,"jetpack_shortlink":"https:\/\/wp.me\/P6ZlNg-fg","jetpack-related-posts":[],"_links":{"self":[{"href":"https:\/\/wp.ufpel.edu.br\/hidrologiaemodelagemhidrologica\/wp-json\/wp\/v2\/pages\/946","targetHints":{"allow":["GET"]}}],"collection":[{"href":"https:\/\/wp.ufpel.edu.br\/hidrologiaemodelagemhidrologica\/wp-json\/wp\/v2\/pages"}],"about":[{"href":"https:\/\/wp.ufpel.edu.br\/hidrologiaemodelagemhidrologica\/wp-json\/wp\/v2\/types\/page"}],"author":[{"embeddable":true,"href":"https:\/\/wp.ufpel.edu.br\/hidrologiaemodelagemhidrologica\/wp-json\/wp\/v2\/users\/570"}],"replies":[{"embeddable":true,"href":"https:\/\/wp.ufpel.edu.br\/hidrologiaemodelagemhidrologica\/wp-json\/wp\/v2\/comments?post=946"}],"version-history":[{"count":1,"href":"https:\/\/wp.ufpel.edu.br\/hidrologiaemodelagemhidrologica\/wp-json\/wp\/v2\/pages\/946\/revisions"}],"predecessor-version":[{"id":948,"href":"https:\/\/wp.ufpel.edu.br\/hidrologiaemodelagemhidrologica\/wp-json\/wp\/v2\/pages\/946\/revisions\/948"}],"wp:attachment":[{"href":"https:\/\/wp.ufpel.edu.br\/hidrologiaemodelagemhidrologica\/wp-json\/wp\/v2\/media?parent=946"}],"curies":[{"name":"wp","href":"https:\/\/api.w.org\/{rel}","templated":true}]}}