{"id":2320,"date":"2025-05-23T10:41:03","date_gmt":"2025-05-23T13:41:03","guid":{"rendered":"https:\/\/wp.ufpel.edu.br\/hidrologiaemodelagemhidrologica\/?page_id=2320"},"modified":"2025-06-03T09:51:56","modified_gmt":"2025-06-03T12:51:56","slug":"laboratorio","status":"publish","type":"page","link":"https:\/\/wp.ufpel.edu.br\/hidrologiaemodelagemhidrologica\/laboratorio\/","title":{"rendered":"Laborat\u00f3rio"},"content":{"rendered":"<p><strong>Portarias e demais documentos oficiais relacionados ao Laborat\u00f3rio de Hidrologia e Modelagem Hidrol\u00f3gica do curso de Engenharia H\u00eddrica &#8211; CDTec\/UFPel<\/strong><\/p>\n<p><a href=\"https:\/\/wp.ufpel.edu.br\/hidrologiaemodelagemhidrologica\/files\/2025\/06\/Comite-Gestor-labhidro.pdf\">Comit\u00ea gestor<\/a><\/p>\n<p><a href=\"https:\/\/wp.ufpel.edu.br\/hidrologiaemodelagemhidrologica\/files\/2025\/06\/Comite-Gestor-labhidro_atual.pdf\">Comit\u00ea de usu\u00e1rios<\/a><\/p>\n<p><a href=\"https:\/\/wp.ufpel.edu.br\/hidrologiaemodelagemhidrologica\/files\/2025\/06\/REGIMENTO-INTERNO-labhidro.pdf\">Regimento interno do Laborat\u00f3rio<\/a><\/p>\n<p><a style=\"color: #333333;\" href=\"https:\/\/wp.ufpel.edu.br\/hidrologiaemodelagemhidrologica\/files\/2025\/06\/TERMO-DE-COMPROMISSO-PARA-USO-DO-LABORATORIO.pdf\">TERMO DE COMPROMISSO PARA USO DO LABORAT\u00d3RIO<\/a><\/p>\n<p>Link do formul\u00e1rio para solicita\u00e7\u00e3o de uso do Laborat\u00f3rio: <a href=\"https:\/\/forms.gle\/Z9JhBNqd4FnVdzuj9\">https:\/\/forms.gle\/Z9JhBNqd4FnVdzuj9\u00a0<\/a><\/p>\n","protected":false},"excerpt":{"rendered":"<p>Portarias e demais documentos oficiais relacionados ao Laborat\u00f3rio de Hidrologia e Modelagem Hidrol\u00f3gica do curso de Engenharia H\u00eddrica &#8211; CDTec\/UFPel Comit\u00ea gestor Comit\u00ea de usu\u00e1rios Regimento interno do Laborat\u00f3rio TERMO DE COMPROMISSO PARA USO DO LABORAT\u00d3RIO Link do formul\u00e1rio para solicita\u00e7\u00e3o de uso do Laborat\u00f3rio: https:\/\/forms.gle\/Z9JhBNqd4FnVdzuj9\u00a0<\/p>\n","protected":false},"author":570,"featured_media":0,"parent":0,"menu_order":0,"comment_status":"closed","ping_status":"closed","template":"","meta":{"jetpack_post_was_ever_published":false,"footnotes":""},"class_list":["post-2320","page","type-page","status-publish","hentry"],"jetpack_sharing_enabled":true,"jetpack_shortlink":"https:\/\/wp.me\/P6ZlNg-Bq","jetpack-related-posts":[],"_links":{"self":[{"href":"https:\/\/wp.ufpel.edu.br\/hidrologiaemodelagemhidrologica\/wp-json\/wp\/v2\/pages\/2320","targetHints":{"allow":["GET"]}}],"collection":[{"href":"https:\/\/wp.ufpel.edu.br\/hidrologiaemodelagemhidrologica\/wp-json\/wp\/v2\/pages"}],"about":[{"href":"https:\/\/wp.ufpel.edu.br\/hidrologiaemodelagemhidrologica\/wp-json\/wp\/v2\/types\/page"}],"author":[{"embeddable":true,"href":"https:\/\/wp.ufpel.edu.br\/hidrologiaemodelagemhidrologica\/wp-json\/wp\/v2\/users\/570"}],"replies":[{"embeddable":true,"href":"https:\/\/wp.ufpel.edu.br\/hidrologiaemodelagemhidrologica\/wp-json\/wp\/v2\/comments?post=2320"}],"version-history":[{"count":4,"href":"https:\/\/wp.ufpel.edu.br\/hidrologiaemodelagemhidrologica\/wp-json\/wp\/v2\/pages\/2320\/revisions"}],"predecessor-version":[{"id":2335,"href":"https:\/\/wp.ufpel.edu.br\/hidrologiaemodelagemhidrologica\/wp-json\/wp\/v2\/pages\/2320\/revisions\/2335"}],"wp:attachment":[{"href":"https:\/\/wp.ufpel.edu.br\/hidrologiaemodelagemhidrologica\/wp-json\/wp\/v2\/media?parent=2320"}],"curies":[{"name":"wp","href":"https:\/\/api.w.org\/{rel}","templated":true}]}}