{"id":178,"date":"2015-11-30T14:21:09","date_gmt":"2015-11-30T16:21:09","guid":{"rendered":"https:\/\/wp.ufpel.edu.br\/hidrologiaemodelagemhidrologica\/?page_id=178"},"modified":"2021-03-16T14:11:48","modified_gmt":"2021-03-16T17:11:48","slug":"em-andamento","status":"publish","type":"page","link":"https:\/\/wp.ufpel.edu.br\/hidrologiaemodelagemhidrologica\/dissertacaoteses\/em-andamento\/","title":{"rendered":"Em Andamento"},"content":{"rendered":"<p><span style=\"color: #000000\"><u>Trabalhos de Conclus\u00e3o de Curso<\/u><\/span><\/p>\n<p>&nbsp;<\/p>\n<p style=\"text-align: justify\"><span style=\"color: #000000\">Discente: Matheus Schroeder dos Santos<\/span><\/p>\n<p style=\"text-align: justify\"><span style=\"color: #000000\">T\u00edtulo do trabalho: Impactos da Urbaniza\u00e7\u00e3o, Pr\u00e1ticas de Drenagem Urbana Sustent\u00e1veis e Mudan\u00e7as Clim\u00e1ticas na Hidrologia Urbana de Pelotas &#8211; RS;<\/span><\/p>\n<p style=\"text-align: justify\"><span style=\"color: #000000\">Orienta\u00e7\u00e3o: Danielle de Almeida Bressiani<\/span><\/p>\n<p style=\"text-align: justify\"><span style=\"color: #000000\">Data Prov\u00e1vel de defesa: Junho de 2021.<\/span><\/p>\n<hr \/>\n<p style=\"text-align: justify\"><span style=\"color: #000000\"><u>Disserta\u00e7\u00f5es<\/u><\/span><\/p>\n<p>&nbsp;<\/p>\n<p><span style=\"color: #000000\">Discente: B\u00e1rbara de Lima Corr\u00eaa<\/span><\/p>\n<p><span style=\"color: #000000\">T\u00edtulo da disserta\u00e7\u00e3o: A definir.<\/span><\/p>\n<p><span style=\"color: #000000\">Orienta\u00e7\u00e3o: Tamara Leitzke Caldeira Beskow (orientadora), Tirzah Moreira Siqueira (coorientadora)<\/span><\/p>\n<p><span style=\"color: #000000\">Data Prov\u00e1vel de defesa: Fevereiro de 2022<\/span><\/p>\n<p>&nbsp;<\/p>\n<p><span style=\"color: #000000\">Discente: Marlon Heitor Kunst Valentini<\/span><\/p>\n<p><span style=\"color: #000000\">T\u00edtulo da disserta\u00e7\u00e3o: Regionaliza\u00e7\u00e3o de cheias no Brasil: uma proposta com base em intelig\u00eancia artificial<\/span><\/p>\n<p><span style=\"color: #000000\">Orienta\u00e7\u00e3o: Samuel Beskow\u00a0<\/span><\/p>\n<p><span style=\"color: #000000\">Data Prov\u00e1vel de defesa: Fevereiro de 2022<\/span><\/p>\n<hr \/>\n<p style=\"text-align: justify\"><span style=\"color: #000000\"><u>Teses<\/u><\/span><\/p>\n<p>&nbsp;<\/p>\n<p style=\"text-align: justify\"><span style=\"color: #000000\">Discente: Bruna Moreira Sell<\/span><\/p>\n<p style=\"text-align: justify\"><span style=\"color: #000000\">T\u00edtulo da tese: Ferramenta computacional para previs\u00e3o hidrol\u00f3gica baseada no SWAT+ e modelo hidrodin\u00e2mico<\/span><\/p>\n<p style=\"text-align: justify\"><span style=\"color: #000000\">Orienta\u00e7\u00e3o: Samuel Beskow (orientador), Danielle de Almeida Bressiani (coorientadora)<\/span><\/p>\n<p style=\"text-align: justify\"><span style=\"color: #000000\">Data prov\u00e1vel de defesa: Fevereiro de 2023<\/span><\/p>\n<p>&nbsp;<\/p>\n<p style=\"text-align: justify\"><span style=\"color: #000000\">Discente: J\u00e9ssica Fernanda Ogassawara<\/span><\/p>\n<p style=\"text-align: justify\"><span style=\"color: #000000\">T\u00edtulo da tese: Avalia\u00e7\u00e3o e adapta\u00e7\u00e3o do m\u00e9todo GRADEX para estimativa de vaz\u00f5es de projeto em bacias hidrogr\u00e1ficas<\/span><\/p>\n<p style=\"text-align: justify\"><span style=\"color: #000000\">Orienta\u00e7\u00e3o: Samuel Beskow\u00a0<\/span><\/p>\n<p style=\"text-align: justify\"><span style=\"color: #000000\">Data prov\u00e1vel de defesa: Fevereiro de 2022<\/span><\/p>\n<p>&nbsp;<\/p>\n<p style=\"text-align: justify\"><span style=\"color: #000000\">Discente: Jos\u00e9 Ant\u00f4nio Weykamp da Cruz<\/span><\/p>\n<p style=\"text-align: justify\"><span style=\"color: #000000\">T\u00edtulo da tese: Mosaico de \u00c1reas de Preserva\u00e7\u00e3o Permanente como Indicador de Efetividade na Conserva\u00e7\u00e3o da Disponibilidade H\u00eddrica em Bacias Hidrogr\u00e1ficas<\/span><\/p>\n<p style=\"text-align: justify\"><span style=\"color: #000000\">Orienta\u00e7\u00e3o: Carlos Rog\u00e9rio de Mello<\/span><\/p>\n<p style=\"text-align: justify\"><span style=\"color: #000000\">Data prov\u00e1vel de defesa: Fevereiro de 2021<\/span><\/p>\n<p>&nbsp;<\/p>\n<p style=\"text-align: justify\"><span style=\"color: #000000\">Discente: Ma\u00edra Martim de Moura<\/span><\/p>\n<p style=\"text-align: justify\"><span style=\"color: #000000\">T\u00edtulo da tese: Modelo hidrol\u00f3gico LASH: concep\u00e7\u00e3o em ambiente aberto de programa\u00e7\u00e3o<\/span><\/p>\n<p style=\"text-align: justify\"><span style=\"color: #000000\">Orienta\u00e7\u00e3o: Samuel Beskow<\/span><\/p>\n<p style=\"text-align: justify\"><span style=\"color: #000000\">Data prov\u00e1vel de defesa: Fevereiro de 2021<\/span><\/p>\n<p>&nbsp;<\/p>\n<p style=\"font-weight: 400\"><span style=\"color: #000000\">Discente:\u00a0Manoel Ribeiro Holanda Neto\u00a0<\/span><\/p>\n<p style=\"font-weight: 400\"><span style=\"color: #000000\">T\u00edtulo da tese:\u00a0Produ\u00e7\u00e3o e aporte de sedimentos decorrentes de usos do solo e da \u00e1gua em sub-bacias do sul do Brasil utilizando o modelo SWAT+<\/span><\/p>\n<p style=\"font-weight: 400\"><span style=\"color: #000000\">Orienta\u00e7\u00e3o:\u00a0Maria C\u00e2ndida Moitinho Nunes (orientador), Danielle de Almeida Bressiani\u00a0(coorientadora);\u00a0 Samuel Beskow\u00a0(coorientador).<\/span><\/p>\n<p style=\"font-weight: 400\"><span style=\"color: #000000\">Data prov\u00e1vel de defesa: Fevereiro de 2023<\/span><\/p>\n<p>&nbsp;<\/p>\n<p style=\"text-align: justify\"><span style=\"color: #000000\">Discente: Marcelo Uarthe Grimmler<\/span><\/p>\n<p style=\"text-align: justify\"><span style=\"color: #000000\">T\u00edtulo da tese: A definir.<\/span><\/p>\n<p style=\"text-align: justify\"><span style=\"color: #000000\">Orienta\u00e7\u00e3o: Tamara Leitzke Caldeira Beskow<\/span><\/p>\n<p style=\"text-align: justify\"><span style=\"color: #000000\">Data prov\u00e1vel de defesa: Fevereiro de 2023<\/span><\/p>\n<p>&nbsp;<\/p>\n<p style=\"text-align: justify\"><span style=\"color: #000000\">Discente: Mauricio Fornalski Soares<\/span><\/p>\n<p style=\"text-align: justify\"><span style=\"color: #000000\">T\u00edtulo da tese: Simula\u00e7\u00e3o geoestat\u00edstica e krigagem indicatriz para caracteriza\u00e7\u00e3o espacial de atributos f\u00edsico-h\u00eddricos e do carbono org\u00e2nico do solo<\/span><\/p>\n<p style=\"text-align: justify\"><span style=\"color: #000000\">Orienta\u00e7\u00e3o: Lu\u00eds Carlos Timm<\/span><\/p>\n<p style=\"text-align: justify\"><span style=\"color: #000000\">Data prov\u00e1vel de defesa: Fevereiro de 2021<\/span><\/p>\n<p>&nbsp;<\/p>\n<p><span style=\"color: #000000\">Discente:\u00a0Samanta Tolentino Cecconello\u00a0<\/span><\/p>\n<p><span style=\"color: #000000\">T\u00edtulo da tese:\u00a0Variabilidade espacial de atributos f\u00edsico-h\u00eddricos e perdas de solo por eros\u00e3o na bacia do Camaqu\u00e3<\/span><\/p>\n<p><span style=\"color: #000000\">Orienta\u00e7\u00e3o:\u00a0Maria C\u00e2ndida Moitinho Nunes (orientadora), Danielle de Almeida Bressiani\u00a0(coorientadora);\u00a0Lu\u00eds Carlos Timm\u00a0(coorientador).<\/span><\/p>\n<p><span style=\"color: #000000\">Data prov\u00e1vel de defesa: Fevereiro de 2024<\/span><\/p>\n<p style=\"text-align: justify\">\n","protected":false},"excerpt":{"rendered":"<p>Trabalhos de Conclus\u00e3o de Curso &nbsp; Discente: Matheus Schroeder dos Santos T\u00edtulo do trabalho: Impactos da Urbaniza\u00e7\u00e3o, Pr\u00e1ticas de Drenagem Urbana Sustent\u00e1veis e Mudan\u00e7as Clim\u00e1ticas na Hidrologia Urbana de Pelotas &#8211; RS; Orienta\u00e7\u00e3o: Danielle de Almeida Bressiani Data Prov\u00e1vel de defesa: Junho de 2021. Disserta\u00e7\u00f5es &nbsp; Discente: B\u00e1rbara de Lima Corr\u00eaa T\u00edtulo da disserta\u00e7\u00e3o: A [&hellip;]<\/p>\n","protected":false},"author":570,"featured_media":0,"parent":175,"menu_order":0,"comment_status":"closed","ping_status":"closed","template":"","meta":{"jetpack_post_was_ever_published":false,"footnotes":""},"class_list":["post-178","page","type-page","status-publish","hentry"],"jetpack_sharing_enabled":true,"jetpack_shortlink":"https:\/\/wp.me\/P6ZlNg-2S","jetpack-related-posts":[],"_links":{"self":[{"href":"https:\/\/wp.ufpel.edu.br\/hidrologiaemodelagemhidrologica\/wp-json\/wp\/v2\/pages\/178","targetHints":{"allow":["GET"]}}],"collection":[{"href":"https:\/\/wp.ufpel.edu.br\/hidrologiaemodelagemhidrologica\/wp-json\/wp\/v2\/pages"}],"about":[{"href":"https:\/\/wp.ufpel.edu.br\/hidrologiaemodelagemhidrologica\/wp-json\/wp\/v2\/types\/page"}],"author":[{"embeddable":true,"href":"https:\/\/wp.ufpel.edu.br\/hidrologiaemodelagemhidrologica\/wp-json\/wp\/v2\/users\/570"}],"replies":[{"embeddable":true,"href":"https:\/\/wp.ufpel.edu.br\/hidrologiaemodelagemhidrologica\/wp-json\/wp\/v2\/comments?post=178"}],"version-history":[{"count":57,"href":"https:\/\/wp.ufpel.edu.br\/hidrologiaemodelagemhidrologica\/wp-json\/wp\/v2\/pages\/178\/revisions"}],"predecessor-version":[{"id":1925,"href":"https:\/\/wp.ufpel.edu.br\/hidrologiaemodelagemhidrologica\/wp-json\/wp\/v2\/pages\/178\/revisions\/1925"}],"up":[{"embeddable":true,"href":"https:\/\/wp.ufpel.edu.br\/hidrologiaemodelagemhidrologica\/wp-json\/wp\/v2\/pages\/175"}],"wp:attachment":[{"href":"https:\/\/wp.ufpel.edu.br\/hidrologiaemodelagemhidrologica\/wp-json\/wp\/v2\/media?parent=178"}],"curies":[{"name":"wp","href":"https:\/\/api.w.org\/{rel}","templated":true}]}}