{"id":1710,"date":"2020-05-23T22:56:59","date_gmt":"2020-05-24T01:56:59","guid":{"rendered":"https:\/\/wp.ufpel.edu.br\/hidrologiaemodelagemhidrologica\/?page_id=1710"},"modified":"2022-08-07T12:04:52","modified_gmt":"2022-08-07T15:04:52","slug":"quem-somos","status":"publish","type":"page","link":"https:\/\/wp.ufpel.edu.br\/hidrologiaemodelagemhidrologica\/quem-somos\/","title":{"rendered":"Quem somos"},"content":{"rendered":"<p style=\"text-align: justify;\"><span style=\"font-weight: 400; color: #000000;\">O Grupo de Pesquisa em Hidrologia e Modelagem Hidrol\u00f3gica em Bacias Hidrogr\u00e1ficas foi formado no ano de 2013 e est\u00e1 ativo desde 2014 no Diret\u00f3rio dos Grupos de Pesquisa no Brasil. As atividades do Grupo permeiam 6 linhas de pesquisa a fim de auxiliar e subsidiar estudos t\u00e9cnico e cient\u00edficos na \u00e1rea de hidrologia: monitoramento hidrol\u00f3gico, geotecnologias aplicadas aos recursos h\u00eddricos, modelagem e simula\u00e7\u00e3o hidrol\u00f3gica, hidrologia computacional, hidrologia urbana e hidrossedimentologia. Neste Grupo, atuam professores\/pesquisadores, t\u00e9cnicos e estudantes de gradua\u00e7\u00e3o, mestrado e doutorado.<\/span><\/p>\n<p style=\"text-align: justify;\"><span style=\"font-weight: 400; color: #000000;\">In\u00fameras pesquisas t\u00eam sido realizadas pelo Grupo a partir de dados hidrol\u00f3gicos de fontes p\u00fablicas como o Hidroweb\/ANA. Al\u00e9m disso, o Grupo gerencia uma rede de monitoramento hidrol\u00f3gico na bacia hidrogr\u00e1fica do arroio Pelotas, no sul do Rio Grande do Sul, a qual permite o desenvolvimento de estudos em bacias experimentais com alto n\u00edvel de detalhamento.<\/span><\/p>\n<p style=\"text-align: justify;\"><span style=\"font-weight: 400; color: #000000;\">O Grupo de Pesquisa procura gerar e contribuir com conhecimento cient\u00edfico de ponta. O Grupo tamb\u00e9m atua com o desenvolvimento de produtos inovadores na forma de modelos, softwares e plataformas, aliando conhecimento do estado-da-arte em modelagem hidrol\u00f3gica, geotecnologias e hidrologia computacional. Com isso, busca-se aproximar os profissionais da \u00e1rea de recursos h\u00eddricos ao que tem de mais moderno em hidrologia.<\/span><\/p>\n","protected":false},"excerpt":{"rendered":"<p>O Grupo de Pesquisa em Hidrologia e Modelagem Hidrol\u00f3gica em Bacias Hidrogr\u00e1ficas foi formado no ano de 2013 e est\u00e1 ativo desde 2014 no Diret\u00f3rio dos Grupos de Pesquisa no Brasil. As atividades do Grupo permeiam 6 linhas de pesquisa a fim de auxiliar e subsidiar estudos t\u00e9cnico e cient\u00edficos na \u00e1rea de hidrologia: monitoramento [&hellip;]<\/p>\n","protected":false},"author":570,"featured_media":0,"parent":0,"menu_order":0,"comment_status":"closed","ping_status":"closed","template":"","meta":{"jetpack_post_was_ever_published":false,"footnotes":""},"class_list":["post-1710","page","type-page","status-publish","hentry"],"jetpack_sharing_enabled":true,"jetpack_shortlink":"https:\/\/wp.me\/P6ZlNg-rA","jetpack-related-posts":[],"_links":{"self":[{"href":"https:\/\/wp.ufpel.edu.br\/hidrologiaemodelagemhidrologica\/wp-json\/wp\/v2\/pages\/1710","targetHints":{"allow":["GET"]}}],"collection":[{"href":"https:\/\/wp.ufpel.edu.br\/hidrologiaemodelagemhidrologica\/wp-json\/wp\/v2\/pages"}],"about":[{"href":"https:\/\/wp.ufpel.edu.br\/hidrologiaemodelagemhidrologica\/wp-json\/wp\/v2\/types\/page"}],"author":[{"embeddable":true,"href":"https:\/\/wp.ufpel.edu.br\/hidrologiaemodelagemhidrologica\/wp-json\/wp\/v2\/users\/570"}],"replies":[{"embeddable":true,"href":"https:\/\/wp.ufpel.edu.br\/hidrologiaemodelagemhidrologica\/wp-json\/wp\/v2\/comments?post=1710"}],"version-history":[{"count":4,"href":"https:\/\/wp.ufpel.edu.br\/hidrologiaemodelagemhidrologica\/wp-json\/wp\/v2\/pages\/1710\/revisions"}],"predecessor-version":[{"id":2069,"href":"https:\/\/wp.ufpel.edu.br\/hidrologiaemodelagemhidrologica\/wp-json\/wp\/v2\/pages\/1710\/revisions\/2069"}],"wp:attachment":[{"href":"https:\/\/wp.ufpel.edu.br\/hidrologiaemodelagemhidrologica\/wp-json\/wp\/v2\/media?parent=1710"}],"curies":[{"name":"wp","href":"https:\/\/api.w.org\/{rel}","templated":true}]}}