{"id":1658,"date":"2020-04-15T16:07:42","date_gmt":"2020-04-15T19:07:42","guid":{"rendered":"https:\/\/wp.ufpel.edu.br\/hidrologiaemodelagemhidrologica\/?page_id=1658"},"modified":"2023-05-29T15:13:39","modified_gmt":"2023-05-29T18:13:39","slug":"alunos-de-graduacao","status":"publish","type":"page","link":"https:\/\/wp.ufpel.edu.br\/hidrologiaemodelagemhidrologica\/integrantes\/atuais\/alunos-de-graduacao\/","title":{"rendered":"Alunos de Gradua\u00e7\u00e3o"},"content":{"rendered":"<p><span style=\"color: #000000;\">&#8211; Gradua\u00e7\u00e3o em Engenharia H\u00eddrica\/UFPel<\/span><\/p>\n<p>&nbsp;<\/p>\n<p><img data-recalc-dims=\"1\" data-attachment-id=\"2020\" data-permalink=\"https:\/\/wp.ufpel.edu.br\/hidrologiaemodelagemhidrologica\/integrantes\/atuais\/alunos-de-graduacao\/marilia\/\" data-orig-file=\"https:\/\/i0.wp.com\/wp.ufpel.edu.br\/hidrologiaemodelagemhidrologica\/files\/2022\/07\/marilia.png?fit=208%2C256&amp;ssl=1\" data-orig-size=\"208,256\" data-comments-opened=\"0\" data-image-meta=\"{&quot;aperture&quot;:&quot;0&quot;,&quot;credit&quot;:&quot;&quot;,&quot;camera&quot;:&quot;&quot;,&quot;caption&quot;:&quot;&quot;,&quot;created_timestamp&quot;:&quot;0&quot;,&quot;copyright&quot;:&quot;&quot;,&quot;focal_length&quot;:&quot;0&quot;,&quot;iso&quot;:&quot;0&quot;,&quot;shutter_speed&quot;:&quot;0&quot;,&quot;title&quot;:&quot;&quot;,&quot;orientation&quot;:&quot;0&quot;}\" data-image-title=\"marilia\" data-image-description=\"\" data-image-caption=\"\" data-medium-file=\"https:\/\/i0.wp.com\/wp.ufpel.edu.br\/hidrologiaemodelagemhidrologica\/files\/2022\/07\/marilia.png?fit=208%2C256&amp;ssl=1\" data-large-file=\"https:\/\/i0.wp.com\/wp.ufpel.edu.br\/hidrologiaemodelagemhidrologica\/files\/2022\/07\/marilia.png?fit=208%2C256&amp;ssl=1\" class=\"wp-image-2020 alignleft\" src=\"https:\/\/i0.wp.com\/wp.ufpel.edu.br\/hidrologiaemodelagemhidrologica\/files\/2022\/07\/marilia.png?resize=126%2C155&#038;ssl=1\" alt=\"\" width=\"126\" height=\"155\" \/><\/p>\n<p>&nbsp;<\/p>\n<p><span style=\"color: #000000;\">Mar\u00edlia de Oliveira Felten<\/span><\/p>\n<p><span style=\"color: #000000;\"><a style=\"color: #000000;\" href=\"http:\/\/lattes.cnpq.br\/8924718351844378\" target=\"_blank\" rel=\"http:\/\/lattes.cnpq.br\/8924718351844378 noopener noreferrer\"><img data-recalc-dims=\"1\" data-attachment-id=\"715\" data-permalink=\"https:\/\/wp.ufpel.edu.br\/hidrologiaemodelagemhidrologica\/integrantes\/atuais\/curriculo\/\" data-orig-file=\"https:\/\/i0.wp.com\/wp.ufpel.edu.br\/hidrologiaemodelagemhidrologica\/files\/2015\/10\/curriculo.jpg?fit=137%2C66&amp;ssl=1\" data-orig-size=\"137,66\" data-comments-opened=\"0\" data-image-meta=\"{&quot;aperture&quot;:&quot;0&quot;,&quot;credit&quot;:&quot;Zandra .&quot;,&quot;camera&quot;:&quot;&quot;,&quot;caption&quot;:&quot;&quot;,&quot;created_timestamp&quot;:&quot;1459783126&quot;,&quot;copyright&quot;:&quot;&quot;,&quot;focal_length&quot;:&quot;0&quot;,&quot;iso&quot;:&quot;0&quot;,&quot;shutter_speed&quot;:&quot;0&quot;,&quot;title&quot;:&quot;&quot;,&quot;orientation&quot;:&quot;0&quot;}\" data-image-title=\"http:\/\/buscatextual.cnpq.br\/buscatextual\/visualizacv.do?id=K4841725Z6\" data-image-description=\"\" data-image-caption=\"\" data-medium-file=\"https:\/\/i0.wp.com\/wp.ufpel.edu.br\/hidrologiaemodelagemhidrologica\/files\/2015\/10\/curriculo.jpg?fit=137%2C66&amp;ssl=1\" data-large-file=\"https:\/\/i0.wp.com\/wp.ufpel.edu.br\/hidrologiaemodelagemhidrologica\/files\/2015\/10\/curriculo.jpg?fit=137%2C66&amp;ssl=1\" class=\"alignnone wp-image-715\" title=\"http:\/\/lattes.cnpq.br\/8924718351844378\" src=\"https:\/\/i0.wp.com\/wp.ufpel.edu.br\/hidrologiaemodelagemhidrologica\/files\/2015\/10\/curriculo.jpg?resize=71%2C34&#038;ssl=1\" alt=\"\" width=\"71\" height=\"34\" \/><\/a><\/span><\/p>\n<p>&nbsp;<\/p>\n<p>&nbsp;<\/p>\n<p><img data-recalc-dims=\"1\" data-attachment-id=\"2022\" data-permalink=\"https:\/\/wp.ufpel.edu.br\/hidrologiaemodelagemhidrologica\/integrantes\/atuais\/alunos-de-graduacao\/maria\/\" data-orig-file=\"https:\/\/i0.wp.com\/wp.ufpel.edu.br\/hidrologiaemodelagemhidrologica\/files\/2022\/07\/maria.jpg?fit=496%2C648&amp;ssl=1\" data-orig-size=\"496,648\" data-comments-opened=\"0\" data-image-meta=\"{&quot;aperture&quot;:&quot;0&quot;,&quot;credit&quot;:&quot;&quot;,&quot;camera&quot;:&quot;&quot;,&quot;caption&quot;:&quot;&quot;,&quot;created_timestamp&quot;:&quot;0&quot;,&quot;copyright&quot;:&quot;&quot;,&quot;focal_length&quot;:&quot;0&quot;,&quot;iso&quot;:&quot;0&quot;,&quot;shutter_speed&quot;:&quot;0&quot;,&quot;title&quot;:&quot;&quot;,&quot;orientation&quot;:&quot;0&quot;}\" data-image-title=\"maria\" data-image-description=\"\" data-image-caption=\"\" data-medium-file=\"https:\/\/i0.wp.com\/wp.ufpel.edu.br\/hidrologiaemodelagemhidrologica\/files\/2022\/07\/maria.jpg?fit=306%2C400&amp;ssl=1\" data-large-file=\"https:\/\/i0.wp.com\/wp.ufpel.edu.br\/hidrologiaemodelagemhidrologica\/files\/2022\/07\/maria.jpg?fit=496%2C648&amp;ssl=1\" class=\"wp-image-2022 alignleft\" src=\"https:\/\/i0.wp.com\/wp.ufpel.edu.br\/hidrologiaemodelagemhidrologica\/files\/2022\/07\/maria.jpg?resize=137%2C180&#038;ssl=1\" alt=\"\" width=\"137\" height=\"180\" srcset=\"https:\/\/i0.wp.com\/wp.ufpel.edu.br\/hidrologiaemodelagemhidrologica\/files\/2022\/07\/maria.jpg?resize=306%2C400&amp;ssl=1 306w, https:\/\/i0.wp.com\/wp.ufpel.edu.br\/hidrologiaemodelagemhidrologica\/files\/2022\/07\/maria.jpg?w=496&amp;ssl=1 496w\" sizes=\"(max-width: 137px) 100vw, 137px\" \/><\/p>\n<p>&nbsp;<\/p>\n<p><span style=\"color: #000000;\">Maria Eduarda Silva da Silva\u00a0<\/span><\/p>\n<p><span style=\"color: #000000;\"><a style=\"color: #000000;\" href=\"http:\/\/lattes.cnpq.br\/6945017652946668\" target=\"_blank\" rel=\"http:\/\/lattes.cnpq.br\/5327498495676135 noopener noreferrer\"><img data-recalc-dims=\"1\" data-attachment-id=\"715\" data-permalink=\"https:\/\/wp.ufpel.edu.br\/hidrologiaemodelagemhidrologica\/integrantes\/atuais\/curriculo\/\" data-orig-file=\"https:\/\/i0.wp.com\/wp.ufpel.edu.br\/hidrologiaemodelagemhidrologica\/files\/2015\/10\/curriculo.jpg?fit=137%2C66&amp;ssl=1\" data-orig-size=\"137,66\" data-comments-opened=\"0\" data-image-meta=\"{&quot;aperture&quot;:&quot;0&quot;,&quot;credit&quot;:&quot;Zandra .&quot;,&quot;camera&quot;:&quot;&quot;,&quot;caption&quot;:&quot;&quot;,&quot;created_timestamp&quot;:&quot;1459783126&quot;,&quot;copyright&quot;:&quot;&quot;,&quot;focal_length&quot;:&quot;0&quot;,&quot;iso&quot;:&quot;0&quot;,&quot;shutter_speed&quot;:&quot;0&quot;,&quot;title&quot;:&quot;&quot;,&quot;orientation&quot;:&quot;0&quot;}\" data-image-title=\"http:\/\/buscatextual.cnpq.br\/buscatextual\/visualizacv.do?id=K4841725Z6\" data-image-description=\"\" data-image-caption=\"\" data-medium-file=\"https:\/\/i0.wp.com\/wp.ufpel.edu.br\/hidrologiaemodelagemhidrologica\/files\/2015\/10\/curriculo.jpg?fit=137%2C66&amp;ssl=1\" data-large-file=\"https:\/\/i0.wp.com\/wp.ufpel.edu.br\/hidrologiaemodelagemhidrologica\/files\/2015\/10\/curriculo.jpg?fit=137%2C66&amp;ssl=1\" class=\"alignnone wp-image-715\" title=\"http:\/\/lattes.cnpq.br\/5327498495676135\" src=\"https:\/\/i0.wp.com\/wp.ufpel.edu.br\/hidrologiaemodelagemhidrologica\/files\/2015\/10\/curriculo.jpg?resize=71%2C34&#038;ssl=1\" alt=\"\" width=\"71\" height=\"34\" \/><\/a><\/span><\/p>\n<p>&nbsp;<\/p>\n<p>&nbsp;<\/p>\n<p><img data-recalc-dims=\"1\" data-attachment-id=\"2021\" data-permalink=\"https:\/\/wp.ufpel.edu.br\/hidrologiaemodelagemhidrologica\/integrantes\/atuais\/alunos-de-graduacao\/uiele\/\" data-orig-file=\"https:\/\/i0.wp.com\/wp.ufpel.edu.br\/hidrologiaemodelagemhidrologica\/files\/2022\/07\/uiele.png?fit=288%2C450&amp;ssl=1\" data-orig-size=\"288,450\" data-comments-opened=\"0\" data-image-meta=\"{&quot;aperture&quot;:&quot;0&quot;,&quot;credit&quot;:&quot;&quot;,&quot;camera&quot;:&quot;&quot;,&quot;caption&quot;:&quot;&quot;,&quot;created_timestamp&quot;:&quot;0&quot;,&quot;copyright&quot;:&quot;&quot;,&quot;focal_length&quot;:&quot;0&quot;,&quot;iso&quot;:&quot;0&quot;,&quot;shutter_speed&quot;:&quot;0&quot;,&quot;title&quot;:&quot;&quot;,&quot;orientation&quot;:&quot;0&quot;}\" data-image-title=\"uiele\" data-image-description=\"\" data-image-caption=\"\" data-medium-file=\"https:\/\/i0.wp.com\/wp.ufpel.edu.br\/hidrologiaemodelagemhidrologica\/files\/2022\/07\/uiele.png?fit=256%2C400&amp;ssl=1\" data-large-file=\"https:\/\/i0.wp.com\/wp.ufpel.edu.br\/hidrologiaemodelagemhidrologica\/files\/2022\/07\/uiele.png?fit=288%2C450&amp;ssl=1\" class=\"wp-image-2021 alignleft\" src=\"https:\/\/i0.wp.com\/wp.ufpel.edu.br\/hidrologiaemodelagemhidrologica\/files\/2022\/07\/uiele.png?resize=139%2C217&#038;ssl=1\" alt=\"\" width=\"139\" height=\"217\" srcset=\"https:\/\/i0.wp.com\/wp.ufpel.edu.br\/hidrologiaemodelagemhidrologica\/files\/2022\/07\/uiele.png?resize=256%2C400&amp;ssl=1 256w, https:\/\/i0.wp.com\/wp.ufpel.edu.br\/hidrologiaemodelagemhidrologica\/files\/2022\/07\/uiele.png?w=288&amp;ssl=1 288w\" sizes=\"(max-width: 139px) 100vw, 139px\" \/><\/p>\n<p>&nbsp;<\/p>\n<p><span style=\"color: #000000;\">Uiele San Martins da Silva <\/span><\/p>\n<p><span style=\"color: #000000;\"><a style=\"color: #000000;\" href=\"http:\/\/lattes.cnpq.br\/8569992347775908\" target=\"_blank\" rel=\"http:\/\/lattes.cnpq.br\/5327498495676135 noopener noreferrer\"><img data-recalc-dims=\"1\" data-attachment-id=\"715\" data-permalink=\"https:\/\/wp.ufpel.edu.br\/hidrologiaemodelagemhidrologica\/integrantes\/atuais\/curriculo\/\" data-orig-file=\"https:\/\/i0.wp.com\/wp.ufpel.edu.br\/hidrologiaemodelagemhidrologica\/files\/2015\/10\/curriculo.jpg?fit=137%2C66&amp;ssl=1\" data-orig-size=\"137,66\" data-comments-opened=\"0\" data-image-meta=\"{&quot;aperture&quot;:&quot;0&quot;,&quot;credit&quot;:&quot;Zandra .&quot;,&quot;camera&quot;:&quot;&quot;,&quot;caption&quot;:&quot;&quot;,&quot;created_timestamp&quot;:&quot;1459783126&quot;,&quot;copyright&quot;:&quot;&quot;,&quot;focal_length&quot;:&quot;0&quot;,&quot;iso&quot;:&quot;0&quot;,&quot;shutter_speed&quot;:&quot;0&quot;,&quot;title&quot;:&quot;&quot;,&quot;orientation&quot;:&quot;0&quot;}\" data-image-title=\"http:\/\/buscatextual.cnpq.br\/buscatextual\/visualizacv.do?id=K4841725Z6\" data-image-description=\"\" data-image-caption=\"\" data-medium-file=\"https:\/\/i0.wp.com\/wp.ufpel.edu.br\/hidrologiaemodelagemhidrologica\/files\/2015\/10\/curriculo.jpg?fit=137%2C66&amp;ssl=1\" data-large-file=\"https:\/\/i0.wp.com\/wp.ufpel.edu.br\/hidrologiaemodelagemhidrologica\/files\/2015\/10\/curriculo.jpg?fit=137%2C66&amp;ssl=1\" class=\"alignnone wp-image-715\" title=\"http:\/\/lattes.cnpq.br\/5327498495676135\" src=\"https:\/\/i0.wp.com\/wp.ufpel.edu.br\/hidrologiaemodelagemhidrologica\/files\/2015\/10\/curriculo.jpg?resize=71%2C34&#038;ssl=1\" alt=\"\" width=\"71\" height=\"34\" \/><\/a><\/span><\/p>\n<p>&nbsp;<\/p>\n<p>&nbsp;<\/p>\n<p>&nbsp;<\/p>\n<p>&nbsp;<\/p>\n<p><span style=\"color: #000000;\">&#8211; Gradua\u00e7\u00e3o em Ci\u00eancia da Computa\u00e7\u00e3o\/UFPel<\/span><\/p>\n<p><span style=\"color: #000000;\"><img data-recalc-dims=\"1\" data-attachment-id=\"1573\" data-permalink=\"https:\/\/wp.ufpel.edu.br\/hidrologiaemodelagemhidrologica\/integrantes\/atuais\/joao\/\" data-orig-file=\"https:\/\/i0.wp.com\/wp.ufpel.edu.br\/hidrologiaemodelagemhidrologica\/files\/2020\/03\/joao.jpg?fit=714%2C639&amp;ssl=1\" data-orig-size=\"714,639\" data-comments-opened=\"0\" data-image-meta=\"{&quot;aperture&quot;:&quot;0&quot;,&quot;credit&quot;:&quot;&quot;,&quot;camera&quot;:&quot;&quot;,&quot;caption&quot;:&quot;&quot;,&quot;created_timestamp&quot;:&quot;1583419598&quot;,&quot;copyright&quot;:&quot;&quot;,&quot;focal_length&quot;:&quot;0&quot;,&quot;iso&quot;:&quot;0&quot;,&quot;shutter_speed&quot;:&quot;0&quot;,&quot;title&quot;:&quot;&quot;,&quot;orientation&quot;:&quot;1&quot;}\" data-image-title=\"joao\" data-image-description=\"\" data-image-caption=\"\" data-medium-file=\"https:\/\/i0.wp.com\/wp.ufpel.edu.br\/hidrologiaemodelagemhidrologica\/files\/2020\/03\/joao.jpg?fit=400%2C358&amp;ssl=1\" data-large-file=\"https:\/\/i0.wp.com\/wp.ufpel.edu.br\/hidrologiaemodelagemhidrologica\/files\/2020\/03\/joao.jpg?fit=714%2C639&amp;ssl=1\" class=\"alignleft wp-image-1573\" src=\"https:\/\/i0.wp.com\/wp.ufpel.edu.br\/hidrologiaemodelagemhidrologica\/files\/2020\/03\/joao.jpg?resize=110%2C98&#038;ssl=1\" alt=\"\" width=\"110\" height=\"98\" srcset=\"https:\/\/i0.wp.com\/wp.ufpel.edu.br\/hidrologiaemodelagemhidrologica\/files\/2020\/03\/joao.jpg?resize=400%2C358&amp;ssl=1 400w, https:\/\/i0.wp.com\/wp.ufpel.edu.br\/hidrologiaemodelagemhidrologica\/files\/2020\/03\/joao.jpg?w=714&amp;ssl=1 714w\" sizes=\"(max-width: 110px) 100vw, 110px\" \/><\/span><\/p>\n<p>&nbsp;<\/p>\n<p><span style=\"color: #000000;\">Jo\u00e3o Pedro de Morais da Silveira<\/span><\/p>\n<p><span style=\"color: #000000;\"><a style=\"color: #000000;\" href=\"http:\/\/buscatextual.cnpq.br\/buscatextual\/visualizacv.do?id=K8156598P6&amp;tokenCaptchar=03AERD8XpKa-9aPWIv3B6aXqDUjqJkTkuDxmPsHB6FuOR30CsbFt7fTDD_XJJ4AVB77iKVTm1gb3bRjsDItLELk-dIPZoAwuJUe2UvCSA2cwsV7ZOQaM0oJCopw8tI2NnwcLymFXOTP9eqO87WoueLpkThbJ5NLnZ2GtOIZOXyZgrKerrz9rNViKVi9QJmLlXnePkUupL5lNwUHdE_3DZRgHbsHZCQpD1_oD1393WV-wC6SAv67oVvndYAEqLMy0qOIYtVqlHeKbMDKgLo6fSkR4IX3oBeuH622SqROVWaNpfoV6pEJML6XS64AybqGDezomgyiCZwMc2JmKTlBIhqg5A0ScMOSvFHEkdWHzMepkizNDg52bM3Jp75VvFJ4hNzwKp8JBK_x2ZhsPZgKnv9Cx9VoBr75pFlag\" target=\"_blank\" rel=\"http:\/\/buscatextual.cnpq.br\/buscatextual\/visualizacv.do?id=K8156598P6&amp;tokenCaptchar=03AERD8XpKa-9aPWIv3B6aXqDUjqJkTkuDxmPsHB6FuOR30CsbFt7fTDD_XJJ4AVB77iKVTm1gb3bRjsDItLELk-dIPZoAwuJUe2UvCSA2cwsV7ZOQaM0oJCopw8tI2NnwcLymFXOTP9eqO87WoueLpkThbJ5NLnZ2GtOIZOXyZgrKerrz9rNViKVi9QJmLlXnePkUupL5lNwUHdE_3DZRgHbsHZCQpD1_oD1393WV-wC6SAv67oVvndYAEqLMy0qOIYtVqlHeKbMDKgLo6fSkR4IX3oBeuH622SqROVWaNpfoV6pEJML6XS64AybqGDezomgyiCZwMc2JmKTlBIhqg5A0ScMOSvFHEkdWHzMepkizNDg52bM3Jp75VvFJ4hNzwKp8JBK_x2ZhsPZgKnv9Cx9VoBr75pFlag noopener noreferrer\"><img data-recalc-dims=\"1\" data-attachment-id=\"715\" data-permalink=\"https:\/\/wp.ufpel.edu.br\/hidrologiaemodelagemhidrologica\/integrantes\/atuais\/curriculo\/\" data-orig-file=\"https:\/\/i0.wp.com\/wp.ufpel.edu.br\/hidrologiaemodelagemhidrologica\/files\/2015\/10\/curriculo.jpg?fit=137%2C66&amp;ssl=1\" data-orig-size=\"137,66\" data-comments-opened=\"0\" data-image-meta=\"{&quot;aperture&quot;:&quot;0&quot;,&quot;credit&quot;:&quot;Zandra .&quot;,&quot;camera&quot;:&quot;&quot;,&quot;caption&quot;:&quot;&quot;,&quot;created_timestamp&quot;:&quot;1459783126&quot;,&quot;copyright&quot;:&quot;&quot;,&quot;focal_length&quot;:&quot;0&quot;,&quot;iso&quot;:&quot;0&quot;,&quot;shutter_speed&quot;:&quot;0&quot;,&quot;title&quot;:&quot;&quot;,&quot;orientation&quot;:&quot;0&quot;}\" data-image-title=\"http:\/\/buscatextual.cnpq.br\/buscatextual\/visualizacv.do?id=K4841725Z6\" data-image-description=\"\" data-image-caption=\"\" data-medium-file=\"https:\/\/i0.wp.com\/wp.ufpel.edu.br\/hidrologiaemodelagemhidrologica\/files\/2015\/10\/curriculo.jpg?fit=137%2C66&amp;ssl=1\" data-large-file=\"https:\/\/i0.wp.com\/wp.ufpel.edu.br\/hidrologiaemodelagemhidrologica\/files\/2015\/10\/curriculo.jpg?fit=137%2C66&amp;ssl=1\" class=\"alignnone wp-image-715\" src=\"https:\/\/i0.wp.com\/wp.ufpel.edu.br\/hidrologiaemodelagemhidrologica\/files\/2015\/10\/curriculo.jpg?resize=71%2C34&#038;ssl=1\" alt=\"\" width=\"71\" height=\"34\" \/><\/a><\/span><\/p>\n<p>&nbsp;<\/p>\n<p>&nbsp;<\/p>\n<p><span style=\"color: #000000;\">&#8211; Gradua\u00e7\u00e3o em Gest\u00e3o Ambiental\/UFPel<\/span><\/p>\n<p><span style=\"color: #000000;\"><img data-recalc-dims=\"1\" data-attachment-id=\"2100\" data-permalink=\"https:\/\/wp.ufpel.edu.br\/hidrologiaemodelagemhidrologica\/integrantes\/atuais\/alunos-de-graduacao\/david\/\" data-orig-file=\"https:\/\/i0.wp.com\/wp.ufpel.edu.br\/hidrologiaemodelagemhidrologica\/files\/2022\/10\/david.jpg?fit=1080%2C1350&amp;ssl=1\" data-orig-size=\"1080,1350\" data-comments-opened=\"0\" data-image-meta=\"{&quot;aperture&quot;:&quot;0&quot;,&quot;credit&quot;:&quot;&quot;,&quot;camera&quot;:&quot;&quot;,&quot;caption&quot;:&quot;&quot;,&quot;created_timestamp&quot;:&quot;0&quot;,&quot;copyright&quot;:&quot;&quot;,&quot;focal_length&quot;:&quot;0&quot;,&quot;iso&quot;:&quot;0&quot;,&quot;shutter_speed&quot;:&quot;0&quot;,&quot;title&quot;:&quot;&quot;,&quot;orientation&quot;:&quot;0&quot;}\" data-image-title=\"david\" data-image-description=\"\" data-image-caption=\"\" data-medium-file=\"https:\/\/i0.wp.com\/wp.ufpel.edu.br\/hidrologiaemodelagemhidrologica\/files\/2022\/10\/david.jpg?fit=320%2C400&amp;ssl=1\" data-large-file=\"https:\/\/i0.wp.com\/wp.ufpel.edu.br\/hidrologiaemodelagemhidrologica\/files\/2022\/10\/david.jpg?fit=819%2C1024&amp;ssl=1\" class=\"wp-image-2100 alignleft\" src=\"https:\/\/i0.wp.com\/wp.ufpel.edu.br\/hidrologiaemodelagemhidrologica\/files\/2022\/10\/david.jpg?resize=127%2C159&#038;ssl=1\" alt=\"\" width=\"127\" height=\"159\" srcset=\"https:\/\/i0.wp.com\/wp.ufpel.edu.br\/hidrologiaemodelagemhidrologica\/files\/2022\/10\/david.jpg?resize=320%2C400&amp;ssl=1 320w, https:\/\/i0.wp.com\/wp.ufpel.edu.br\/hidrologiaemodelagemhidrologica\/files\/2022\/10\/david.jpg?resize=819%2C1024&amp;ssl=1 819w, https:\/\/i0.wp.com\/wp.ufpel.edu.br\/hidrologiaemodelagemhidrologica\/files\/2022\/10\/david.jpg?resize=768%2C960&amp;ssl=1 768w, https:\/\/i0.wp.com\/wp.ufpel.edu.br\/hidrologiaemodelagemhidrologica\/files\/2022\/10\/david.jpg?w=1080&amp;ssl=1 1080w\" sizes=\"(max-width: 127px) 100vw, 127px\" \/><\/span><\/p>\n<p>&nbsp;<\/p>\n<p><span style=\"color: #000000;\">David Moser<\/span><\/p>\n<p><span style=\"color: #000000;\"><img data-recalc-dims=\"1\" data-attachment-id=\"715\" data-permalink=\"https:\/\/wp.ufpel.edu.br\/hidrologiaemodelagemhidrologica\/integrantes\/atuais\/curriculo\/\" data-orig-file=\"https:\/\/i0.wp.com\/wp.ufpel.edu.br\/hidrologiaemodelagemhidrologica\/files\/2015\/10\/curriculo.jpg?fit=137%2C66&amp;ssl=1\" data-orig-size=\"137,66\" data-comments-opened=\"0\" data-image-meta=\"{&quot;aperture&quot;:&quot;0&quot;,&quot;credit&quot;:&quot;Zandra .&quot;,&quot;camera&quot;:&quot;&quot;,&quot;caption&quot;:&quot;&quot;,&quot;created_timestamp&quot;:&quot;1459783126&quot;,&quot;copyright&quot;:&quot;&quot;,&quot;focal_length&quot;:&quot;0&quot;,&quot;iso&quot;:&quot;0&quot;,&quot;shutter_speed&quot;:&quot;0&quot;,&quot;title&quot;:&quot;&quot;,&quot;orientation&quot;:&quot;0&quot;}\" data-image-title=\"http:\/\/buscatextual.cnpq.br\/buscatextual\/visualizacv.do?id=K4841725Z6\" data-image-description=\"\" data-image-caption=\"\" data-medium-file=\"https:\/\/i0.wp.com\/wp.ufpel.edu.br\/hidrologiaemodelagemhidrologica\/files\/2015\/10\/curriculo.jpg?fit=137%2C66&amp;ssl=1\" data-large-file=\"https:\/\/i0.wp.com\/wp.ufpel.edu.br\/hidrologiaemodelagemhidrologica\/files\/2015\/10\/curriculo.jpg?fit=137%2C66&amp;ssl=1\" class=\"alignnone wp-image-715\" src=\"https:\/\/i0.wp.com\/wp.ufpel.edu.br\/hidrologiaemodelagemhidrologica\/files\/2015\/10\/curriculo.jpg?resize=71%2C34&#038;ssl=1\" alt=\"\" width=\"71\" height=\"34\" \/><\/span><\/p>\n","protected":false},"excerpt":{"rendered":"<p>&#8211; Gradua\u00e7\u00e3o em Engenharia H\u00eddrica\/UFPel &nbsp; &nbsp; Mar\u00edlia de Oliveira Felten &nbsp; &nbsp; &nbsp; Maria Eduarda Silva da Silva\u00a0 &nbsp; &nbsp; &nbsp; Uiele San Martins da Silva &nbsp; &nbsp; &nbsp; &nbsp; &#8211; Gradua\u00e7\u00e3o em Ci\u00eancia da Computa\u00e7\u00e3o\/UFPel &nbsp; Jo\u00e3o Pedro de Morais da Silveira &nbsp; &nbsp; &#8211; Gradua\u00e7\u00e3o em Gest\u00e3o Ambiental\/UFPel &nbsp; David Moser<\/p>\n","protected":false},"author":570,"featured_media":0,"parent":29,"menu_order":0,"comment_status":"closed","ping_status":"closed","template":"","meta":{"jetpack_post_was_ever_published":false,"footnotes":""},"class_list":["post-1658","page","type-page","status-publish","hentry"],"jetpack_sharing_enabled":true,"jetpack_shortlink":"https:\/\/wp.me\/P6ZlNg-qK","jetpack-related-posts":[],"_links":{"self":[{"href":"https:\/\/wp.ufpel.edu.br\/hidrologiaemodelagemhidrologica\/wp-json\/wp\/v2\/pages\/1658","targetHints":{"allow":["GET"]}}],"collection":[{"href":"https:\/\/wp.ufpel.edu.br\/hidrologiaemodelagemhidrologica\/wp-json\/wp\/v2\/pages"}],"about":[{"href":"https:\/\/wp.ufpel.edu.br\/hidrologiaemodelagemhidrologica\/wp-json\/wp\/v2\/types\/page"}],"author":[{"embeddable":true,"href":"https:\/\/wp.ufpel.edu.br\/hidrologiaemodelagemhidrologica\/wp-json\/wp\/v2\/users\/570"}],"replies":[{"embeddable":true,"href":"https:\/\/wp.ufpel.edu.br\/hidrologiaemodelagemhidrologica\/wp-json\/wp\/v2\/comments?post=1658"}],"version-history":[{"count":15,"href":"https:\/\/wp.ufpel.edu.br\/hidrologiaemodelagemhidrologica\/wp-json\/wp\/v2\/pages\/1658\/revisions"}],"predecessor-version":[{"id":2139,"href":"https:\/\/wp.ufpel.edu.br\/hidrologiaemodelagemhidrologica\/wp-json\/wp\/v2\/pages\/1658\/revisions\/2139"}],"up":[{"embeddable":true,"href":"https:\/\/wp.ufpel.edu.br\/hidrologiaemodelagemhidrologica\/wp-json\/wp\/v2\/pages\/29"}],"wp:attachment":[{"href":"https:\/\/wp.ufpel.edu.br\/hidrologiaemodelagemhidrologica\/wp-json\/wp\/v2\/media?parent=1658"}],"curies":[{"name":"wp","href":"https:\/\/api.w.org\/{rel}","templated":true}]}}