{"id":1102,"date":"2018-04-16T10:43:12","date_gmt":"2018-04-16T13:43:12","guid":{"rendered":"https:\/\/wp.ufpel.edu.br\/hidrologiaemodelagemhidrologica\/?page_id=1102"},"modified":"2018-10-16T14:31:45","modified_gmt":"2018-10-16T17:31:45","slug":"extensao","status":"publish","type":"page","link":"https:\/\/wp.ufpel.edu.br\/hidrologiaemodelagemhidrologica\/projetos\/extensao\/","title":{"rendered":"Extens\u00e3o"},"content":{"rendered":"<ul>\n<li style=\"text-align: justify\"><strong>Capacita\u00e7\u00e3o em hidrologia de bacias hidrogr\u00e1ficas: monitoramento, an\u00e1lise, modelagem e tomada de decis\u00e3o<\/strong><\/li>\n<\/ul>\n<p style=\"text-align: justify\">Situa\u00e7\u00e3o: Em andamento, desde abril de 2018.<\/p>\n<p style=\"text-align: justify\">Coordenadora: Tamara Leitzke Caldeira<\/p>\n<p style=\"text-align: justify\">Na regi\u00e3o sul do Rio Grande do Sul, bem como em outras localidades, observa-se crescente demanda perante \u00e0 disponibilidade de recursos h\u00eddricos, al\u00e9m da oscila\u00e7\u00e3o entres eventos extremos de cheias e secas em curtos per\u00edodos de tempo. Neste contexto, a efici\u00eancia tanto na gest\u00e3o da \u00e1gua quanto no dimensionamento hidrol\u00f3gico para projetos de engenharia \u00e9 de suma import\u00e2ncia, evidenciando a necessidade de capacita\u00e7\u00e3o de recursos humanos envolvidos. Frente ao exposto, o presente projeto tem por objetivo proporcionar a capacita\u00e7\u00e3o de profissionais, estudantes de gradua\u00e7\u00e3o e p\u00f3s-gradua\u00e7\u00e3o e produtores rurais, no que concerne, em uma vis\u00e3o hol\u00edstica, \u00e0 hidrologia para bacias hidrogr\u00e1ficas, compreendendo desde o monitoramento e a an\u00e1lise de dados hidrol\u00f3gicos \u00e0 modelagem e tomada de decis\u00e3o. As a\u00e7\u00f5es principais, a serem desenvolvidas no per\u00edodo de execu\u00e7\u00e3o do projeto, o caracterizam na modalidade &#8220;Cursos Presenciais de Inicia\u00e7\u00e3o&#8221;, isto \u00e9, um conjunto articulado de a\u00e7\u00f5es pedag\u00f3gicas te\u00f3ricas e pr\u00e1ticas, realizadas na presen\u00e7a de ministrantes, e que objetiva oferecer no\u00e7\u00f5es introdut\u00f3rias acerca da tem\u00e1tica. Espera-se que as a\u00e7\u00f5es propostas promovam o aperfei\u00e7oamento t\u00e9cnico-cient\u00edfico e a expans\u00e3o do conhecimento por parte de p\u00fablico alvo e da equipe envolvida.<\/p>\n<p>&nbsp;<\/p>\n<p><a href=\"https:\/\/wp.ufpel.edu.br\/hidrologiaemodelagemhidrologica\/files\/2018\/04\/Edital-Extensao.pdf\">Edital &#8211; Bolsa de Extens\u00e3o<\/a><\/p>\n<p><a href=\"https:\/\/wp.ufpel.edu.br\/hidrologiaemodelagemhidrologica\/files\/2018\/04\/Ficha-de-Inscri\u00e7\u00e3o.docx\">Ficha de Inscri\u00e7\u00e3o<\/a><\/p>\n<p><a href=\"https:\/\/wp.ufpel.edu.br\/hidrologiaemodelagemhidrologica\/files\/2018\/04\/inscricoes-homologadas.pdf\">Inscri\u00e7\u00f5es Homologadas<\/a><\/p>\n<p><a href=\"https:\/\/wp.ufpel.edu.br\/hidrologiaemodelagemhidrologica\/files\/2018\/04\/RESULTADO-FINAL.pdf\">Resultado Final<\/a><\/p>\n<p>&nbsp;<\/p>\n<p><strong>Cursos a serem ofertados:\u00a0<\/strong><\/p>\n<p><a href=\"https:\/\/wp.ufpel.edu.br\/hidrologiaemodelagemhidrologica\/projetos\/extensao\/acao1\/\" target=\"_blank\" rel=\"noopener\">1 &#8211; Ciclo Hidrol\u00f3gico e Bacias Hidrogr\u00e1ficas;<\/a><\/p>\n<p><a href=\"https:\/\/wp.ufpel.edu.br\/hidrologiaemodelagemhidrologica\/projetos\/extensao\/acao2\/\" target=\"_blank\" rel=\"noopener\">2 &#8211;\u00a0T\u00e9cnicas de monitoramento hidrol\u00f3gico, aquisi\u00e7\u00e3o e an\u00e1lise de dados hidrol\u00f3gicos;<\/a><\/p>\n<p>3 &#8211;\u00a0SIG aplicado \u00e0 caracteriza\u00e7\u00e3o de bacias hidrogr\u00e1ficas;<\/p>\n<p>4 &#8211; Modelagem hidrol\u00f3gica: projetos b\u00e1sicos de engenharia;<\/p>\n<p>5 &#8211;\u00a0Conserva\u00e7\u00e3o do solo e da \u00e1gua em bacias hidrogr\u00e1ficas.<\/p>\n","protected":false},"excerpt":{"rendered":"<p>Capacita\u00e7\u00e3o em hidrologia de bacias hidrogr\u00e1ficas: monitoramento, an\u00e1lise, modelagem e tomada de decis\u00e3o Situa\u00e7\u00e3o: Em andamento, desde abril de 2018. Coordenadora: Tamara Leitzke Caldeira Na regi\u00e3o sul do Rio Grande do Sul, bem como em outras localidades, observa-se crescente demanda perante \u00e0 disponibilidade de recursos h\u00eddricos, al\u00e9m da oscila\u00e7\u00e3o entres eventos extremos de cheias e [&hellip;]<\/p>\n","protected":false},"author":570,"featured_media":0,"parent":20,"menu_order":0,"comment_status":"closed","ping_status":"closed","template":"","meta":{"jetpack_post_was_ever_published":false,"footnotes":""},"class_list":["post-1102","page","type-page","status-publish","hentry"],"jetpack_sharing_enabled":true,"jetpack_shortlink":"https:\/\/wp.me\/P6ZlNg-hM","jetpack-related-posts":[],"_links":{"self":[{"href":"https:\/\/wp.ufpel.edu.br\/hidrologiaemodelagemhidrologica\/wp-json\/wp\/v2\/pages\/1102","targetHints":{"allow":["GET"]}}],"collection":[{"href":"https:\/\/wp.ufpel.edu.br\/hidrologiaemodelagemhidrologica\/wp-json\/wp\/v2\/pages"}],"about":[{"href":"https:\/\/wp.ufpel.edu.br\/hidrologiaemodelagemhidrologica\/wp-json\/wp\/v2\/types\/page"}],"author":[{"embeddable":true,"href":"https:\/\/wp.ufpel.edu.br\/hidrologiaemodelagemhidrologica\/wp-json\/wp\/v2\/users\/570"}],"replies":[{"embeddable":true,"href":"https:\/\/wp.ufpel.edu.br\/hidrologiaemodelagemhidrologica\/wp-json\/wp\/v2\/comments?post=1102"}],"version-history":[{"count":12,"href":"https:\/\/wp.ufpel.edu.br\/hidrologiaemodelagemhidrologica\/wp-json\/wp\/v2\/pages\/1102\/revisions"}],"predecessor-version":[{"id":1243,"href":"https:\/\/wp.ufpel.edu.br\/hidrologiaemodelagemhidrologica\/wp-json\/wp\/v2\/pages\/1102\/revisions\/1243"}],"up":[{"embeddable":true,"href":"https:\/\/wp.ufpel.edu.br\/hidrologiaemodelagemhidrologica\/wp-json\/wp\/v2\/pages\/20"}],"wp:attachment":[{"href":"https:\/\/wp.ufpel.edu.br\/hidrologiaemodelagemhidrologica\/wp-json\/wp\/v2\/media?parent=1102"}],"curies":[{"name":"wp","href":"https:\/\/api.w.org\/{rel}","templated":true}]}}