{"id":67,"date":"2019-05-29T14:00:55","date_gmt":"2019-05-29T17:00:55","guid":{"rendered":"https:\/\/wp.ufpel.edu.br\/helenarap\/?page_id=67"},"modified":"2025-05-03T23:14:12","modified_gmt":"2025-05-04T02:14:12","slug":"projetos-concluidos","status":"publish","type":"page","link":"https:\/\/wp.ufpel.edu.br\/helenarap\/extensao\/projetos-concluidos\/","title":{"rendered":"Projetos conclu\u00eddos"},"content":{"rendered":"<p style=\"text-align: justify;\">2010 &#8211; 2011 &#8211; <strong>Projeto de Forma\u00e7\u00e3o Continuada de Educa\u00e7\u00e3o de Jovens e Adultos na Diversidade em n\u00edvel de Aperfei\u00e7oamento &#8211; Plano Nacional de Forma\u00e7\u00e3o de Professores da Educa\u00e7\u00e3o B\u00e1sica \/ SECAD<\/strong><\/p>\n<div class=\"layout-cell layout-cell-9\">\n<div class=\"layout-cell-pad-5\" style=\"text-align: justify;\">2011 &#8211; 2012 &#8211; <strong>Desenvolvendo a oralidade em Espanhol como L2 na modalidade a dist\u00e2ncia: da pr\u00e1tica controlada a fala espont\u00e2nea.<\/strong><\/div>\n<\/div>\n<div class=\"layout-cell layout-cell-3 text-align-right\">\n<div class=\"layout-cell-pad-5 text-align-right\"><\/div>\n<\/div>\n<div class=\"layout-cell layout-cell-9\" style=\"text-align: justify;\">2016 &#8211; 2016 &#8211; <strong>Articulando A\u00e7\u00f5es para a Forma\u00e7\u00e3o Inicial e Continuada de Professores em Pedagogia a partir da Inser\u00e7\u00e3o da Educa\u00e7\u00e3o Ambiental na Escola.<\/strong><\/div>\n<div><\/div>\n<div style=\"text-align: justify;\">2017 &#8211; 2017 &#8211; <strong>MEEPI &#8211; Mostra de Educa\u00e7\u00e3o: ensino por pr\u00e1ticas investigativas.<\/strong><\/div>\n<p style=\"text-align: justify;\">02\/01\/2017 &#8211; 26\/08\/2017 \u00a0 &#8211; <b>Desafio: Pr\u00e9-Universit\u00e1rio Popular\u00a0<\/b>&#8211; \u00a0c\u00f3digo 296 \u00a0 Coordenadora<\/p>\n<p>2017 &#8211; 2021 &#8211; <strong>Di\u00e1logos &#8211; Educa\u00e7\u00e3o Popular e Pr\u00e1xis Social.<\/strong><\/p>\n<p>11\/04\/2022 &#8211; 12\/122022 &#8211; <strong>Dificuldades de Aprendizagem. E agora? <\/strong>\u00a0&#8211; c\u00f3digo 3147\u00a0 &#8211; Colaboradora<\/p>\n<p style=\"text-align: justify;\">02\/05\/2022 &#8211; 16\/12\/2022 &#8211;\u00a0 <strong>VI Semin\u00e1rio de Inova\u00e7\u00e3o Pedag\u00f3gica: aproxima\u00e7\u00f5es entre inova\u00e7\u00e3o e neuroci\u00eancia aplicada \u00e0 educa\u00e7\u00e3o. <\/strong>C\u00f3digo 5279 &#8211; Coordenadora<\/p>\n<p>07\/07\/2023 \u2013 30\/08\/2024 \u2013 <strong>VII Semin\u00e1rio de Inova\u00e7\u00e3o Pedag\u00f3gica: gest\u00e3o democr\u00e1tica da\/na educa\u00e7\u00e3o. <\/strong>C\u00f3digo 7173 \u2013 Coordenadora Adjunta<\/p>\n","protected":false},"excerpt":{"rendered":"<p>2010 &#8211; 2011 &#8211; Projeto de Forma\u00e7\u00e3o Continuada de Educa\u00e7\u00e3o de Jovens e Adultos na Diversidade em n\u00edvel de Aperfei\u00e7oamento &#8211; Plano Nacional de Forma\u00e7\u00e3o de Professores da Educa\u00e7\u00e3o B\u00e1sica \/ SECAD 2011 &#8211; 2012 &#8211; Desenvolvendo a oralidade em Espanhol como L2 na modalidade a dist\u00e2ncia: da pr\u00e1tica controlada a fala espont\u00e2nea. 2016 &#8211; [&hellip;]<\/p>\n","protected":false},"author":934,"featured_media":0,"parent":246,"menu_order":2,"comment_status":"closed","ping_status":"closed","template":"","meta":{"footnotes":""},"class_list":["post-67","page","type-page","status-publish","hentry"],"_links":{"self":[{"href":"https:\/\/wp.ufpel.edu.br\/helenarap\/wp-json\/wp\/v2\/pages\/67","targetHints":{"allow":["GET"]}}],"collection":[{"href":"https:\/\/wp.ufpel.edu.br\/helenarap\/wp-json\/wp\/v2\/pages"}],"about":[{"href":"https:\/\/wp.ufpel.edu.br\/helenarap\/wp-json\/wp\/v2\/types\/page"}],"author":[{"embeddable":true,"href":"https:\/\/wp.ufpel.edu.br\/helenarap\/wp-json\/wp\/v2\/users\/934"}],"replies":[{"embeddable":true,"href":"https:\/\/wp.ufpel.edu.br\/helenarap\/wp-json\/wp\/v2\/comments?post=67"}],"version-history":[{"count":10,"href":"https:\/\/wp.ufpel.edu.br\/helenarap\/wp-json\/wp\/v2\/pages\/67\/revisions"}],"predecessor-version":[{"id":248,"href":"https:\/\/wp.ufpel.edu.br\/helenarap\/wp-json\/wp\/v2\/pages\/67\/revisions\/248"}],"up":[{"embeddable":true,"href":"https:\/\/wp.ufpel.edu.br\/helenarap\/wp-json\/wp\/v2\/pages\/246"}],"wp:attachment":[{"href":"https:\/\/wp.ufpel.edu.br\/helenarap\/wp-json\/wp\/v2\/media?parent=67"}],"curies":[{"name":"wp","href":"https:\/\/api.w.org\/{rel}","templated":true}]}}