{"id":65,"date":"2019-05-29T14:00:26","date_gmt":"2019-05-29T17:00:26","guid":{"rendered":"https:\/\/wp.ufpel.edu.br\/helenarap\/?page_id=65"},"modified":"2025-05-03T23:15:40","modified_gmt":"2025-05-04T02:15:40","slug":"projetos-em-andamento","status":"publish","type":"page","link":"https:\/\/wp.ufpel.edu.br\/helenarap\/extensao\/projetos-em-andamento\/","title":{"rendered":"Projetos em andamento"},"content":{"rendered":"<p style=\"text-align: justify;\">01\/03\/2017 &#8211; 31\/03\/2028 &#8211; <strong>Compreens\u00e3o de si mesmo, do outro e da sociedade em que vivemos: por um trabalho de integridade, valores, viv\u00eancias e aux\u00edlio educativo na aten\u00e7\u00e3o a crian\u00e7as do Instituto Nossa Senhora da Concei\u00e7\u00e3o<\/strong> \u00a0&#8211; c\u00f3digo 318 &#8211; Coordenadora<\/p>\n<p>&nbsp;<\/p>\n","protected":false},"excerpt":{"rendered":"<p>01\/03\/2017 &#8211; 31\/03\/2028 &#8211; Compreens\u00e3o de si mesmo, do outro e da sociedade em que vivemos: por um trabalho de integridade, valores, viv\u00eancias e aux\u00edlio educativo na aten\u00e7\u00e3o a crian\u00e7as do Instituto Nossa Senhora da Concei\u00e7\u00e3o \u00a0&#8211; c\u00f3digo 318 &#8211; Coordenadora &nbsp;<\/p>\n","protected":false},"author":934,"featured_media":0,"parent":246,"menu_order":1,"comment_status":"closed","ping_status":"closed","template":"","meta":{"footnotes":""},"class_list":["post-65","page","type-page","status-publish","hentry"],"_links":{"self":[{"href":"https:\/\/wp.ufpel.edu.br\/helenarap\/wp-json\/wp\/v2\/pages\/65","targetHints":{"allow":["GET"]}}],"collection":[{"href":"https:\/\/wp.ufpel.edu.br\/helenarap\/wp-json\/wp\/v2\/pages"}],"about":[{"href":"https:\/\/wp.ufpel.edu.br\/helenarap\/wp-json\/wp\/v2\/types\/page"}],"author":[{"embeddable":true,"href":"https:\/\/wp.ufpel.edu.br\/helenarap\/wp-json\/wp\/v2\/users\/934"}],"replies":[{"embeddable":true,"href":"https:\/\/wp.ufpel.edu.br\/helenarap\/wp-json\/wp\/v2\/comments?post=65"}],"version-history":[{"count":12,"href":"https:\/\/wp.ufpel.edu.br\/helenarap\/wp-json\/wp\/v2\/pages\/65\/revisions"}],"predecessor-version":[{"id":249,"href":"https:\/\/wp.ufpel.edu.br\/helenarap\/wp-json\/wp\/v2\/pages\/65\/revisions\/249"}],"up":[{"embeddable":true,"href":"https:\/\/wp.ufpel.edu.br\/helenarap\/wp-json\/wp\/v2\/pages\/246"}],"wp:attachment":[{"href":"https:\/\/wp.ufpel.edu.br\/helenarap\/wp-json\/wp\/v2\/media?parent=65"}],"curies":[{"name":"wp","href":"https:\/\/api.w.org\/{rel}","templated":true}]}}