{"id":55,"date":"2019-05-29T13:41:12","date_gmt":"2019-05-29T16:41:12","guid":{"rendered":"https:\/\/wp.ufpel.edu.br\/helenarap\/?page_id=55"},"modified":"2025-03-22T22:32:25","modified_gmt":"2025-03-23T01:32:25","slug":"em-andamento","status":"publish","type":"page","link":"https:\/\/wp.ufpel.edu.br\/helenarap\/ensino\/projetos-de-ensino\/em-andamento\/","title":{"rendered":"Projetos em andamento"},"content":{"rendered":"<p>30\/01\/2023 \u2013 31\/08\/2027\u2013 A Pedagogia do Ateli\u00ea na forma\u00e7\u00e3o docente: di\u00e1logos com o feminino \u2013 c\u00f3digo 6239 \u2013 Coordenadora Adjunta<\/p>\n","protected":false},"excerpt":{"rendered":"<p>30\/01\/2023 \u2013 31\/08\/2027\u2013 A Pedagogia do Ateli\u00ea na forma\u00e7\u00e3o docente: di\u00e1logos com o feminino \u2013 c\u00f3digo 6239 \u2013 Coordenadora Adjunta<\/p>\n","protected":false},"author":934,"featured_media":0,"parent":53,"menu_order":1,"comment_status":"closed","ping_status":"closed","template":"","meta":{"footnotes":""},"class_list":["post-55","page","type-page","status-publish","hentry"],"_links":{"self":[{"href":"https:\/\/wp.ufpel.edu.br\/helenarap\/wp-json\/wp\/v2\/pages\/55","targetHints":{"allow":["GET"]}}],"collection":[{"href":"https:\/\/wp.ufpel.edu.br\/helenarap\/wp-json\/wp\/v2\/pages"}],"about":[{"href":"https:\/\/wp.ufpel.edu.br\/helenarap\/wp-json\/wp\/v2\/types\/page"}],"author":[{"embeddable":true,"href":"https:\/\/wp.ufpel.edu.br\/helenarap\/wp-json\/wp\/v2\/users\/934"}],"replies":[{"embeddable":true,"href":"https:\/\/wp.ufpel.edu.br\/helenarap\/wp-json\/wp\/v2\/comments?post=55"}],"version-history":[{"count":8,"href":"https:\/\/wp.ufpel.edu.br\/helenarap\/wp-json\/wp\/v2\/pages\/55\/revisions"}],"predecessor-version":[{"id":215,"href":"https:\/\/wp.ufpel.edu.br\/helenarap\/wp-json\/wp\/v2\/pages\/55\/revisions\/215"}],"up":[{"embeddable":true,"href":"https:\/\/wp.ufpel.edu.br\/helenarap\/wp-json\/wp\/v2\/pages\/53"}],"wp:attachment":[{"href":"https:\/\/wp.ufpel.edu.br\/helenarap\/wp-json\/wp\/v2\/media?parent=55"}],"curies":[{"name":"wp","href":"https:\/\/api.w.org\/{rel}","templated":true}]}}