{"id":436,"date":"2021-01-14T22:34:01","date_gmt":"2021-01-15T01:34:01","guid":{"rendered":"https:\/\/wp.ufpel.edu.br\/healthycities\/?page_id=436"},"modified":"2022-09-05T15:30:09","modified_gmt":"2022-09-05T18:30:09","slug":"financiamento","status":"publish","type":"page","link":"https:\/\/wp.ufpel.edu.br\/healthycities\/pt\/financiamento\/","title":{"rendered":"Financiamento"},"content":{"rendered":"<p style=\"text-align: justify;\"><span class=\"VIiyi\" lang=\"pt\"><span class=\"JLqJ4b ChMk0b\" data-language-for-alternatives=\"pt\" data-language-to-translate-into=\"en\" data-phrase-index=\"7\" data-number-of-phrases=\"8\"><span class=\"Q4iAWc\">O Centro Cidades Saud\u00e1veis, Envelhecimento e Cidadania \u00e9 financiado pela <a href=\"https:\/\/www.gov.br\/capes\/pt-br\">CAPES (Conselho Brasileiro de Pesquisa)<\/a>, num total de R$ 89.205,00 (R$ 17.841,00).<\/span><\/span><\/span><\/p>\n<p style=\"text-align: justify;\"><span class=\"VIiyi\" lang=\"pt\"><span class=\"JLqJ4b ChMk0b\" data-language-for-alternatives=\"pt\" data-language-to-translate-into=\"en\" data-phrase-index=\"7\" data-number-of-phrases=\"8\"><span class=\"Q4iAWc\">R$ 10.000,00 ($ 2.000,00) &#8211; para publica\u00e7\u00e3o do livro &#8220;Percep\u00e7\u00f5es Acerca do Envelhecimento&#8221;.<\/span><\/span><\/span><\/p>\n<p style=\"text-align: justify;\"><span class=\"VIiyi\" lang=\"pt\"><span class=\"JLqJ4b ChMk0b\" data-language-for-alternatives=\"pt\" data-language-to-translate-into=\"en\" data-phrase-index=\"7\" data-number-of-phrases=\"8\"><span class=\"Q4iAWc\">R$ 79.205,00 ($ 15.841,00) &#8211; para miss\u00f5es de pesquisa.<\/span><\/span><\/span><\/p>\n<p style=\"text-align: justify;\"><span class=\"VIiyi\" lang=\"pt\"><span class=\"JLqJ4b ChMk0b\" data-language-for-alternatives=\"pt\" data-language-to-translate-into=\"en\" data-phrase-index=\"7\" data-number-of-phrases=\"8\"><span class=\"Q4iAWc\">As bolsas para doutorandos, bolsistas de p\u00f3s-doutorado e professores visitantes s\u00e3o geridas pela Universidade Federal de Pelotas, <a href=\"https:\/\/wp.ufpel.edu.br\/print\/o-que-e\/equipe\/\">Grupo Gestor CAPES-PRINT<\/a>. <a href=\"https:\/\/wp.ufpel.edu.br\/print\/call-for-applications\/\">Para Oportunidades de Chamada, acesse aqui<\/a>.<br \/>\n<\/span><\/span><\/span><\/p>\n<p><img loading=\"lazy\" decoding=\"async\" class=\" wp-image-101 aligncenter\" src=\"https:\/\/wp.ufpel.edu.br\/healthycities\/files\/2021\/01\/logo-original-fundo-claro.jpg\" alt=\"\" width=\"245\" height=\"244\" srcset=\"https:\/\/wp.ufpel.edu.br\/healthycities\/files\/2021\/01\/logo-original-fundo-claro.jpg 850w, https:\/\/wp.ufpel.edu.br\/healthycities\/files\/2021\/01\/logo-original-fundo-claro-400x400.jpg 400w, https:\/\/wp.ufpel.edu.br\/healthycities\/files\/2021\/01\/logo-original-fundo-claro-200x200.jpg 200w, https:\/\/wp.ufpel.edu.br\/healthycities\/files\/2021\/01\/logo-original-fundo-claro-768x766.jpg 768w, https:\/\/wp.ufpel.edu.br\/healthycities\/files\/2021\/01\/logo-original-fundo-claro-100x100.jpg 100w\" sizes=\"auto, (max-width: 245px) 100vw, 245px\" \/><\/p>\n","protected":false},"excerpt":{"rendered":"<p>O Centro Cidades Saud\u00e1veis, Envelhecimento e Cidadania \u00e9 financiado pela CAPES (Conselho Brasileiro de Pesquisa), num total de R$ 89.205,00 (R$ 17.841,00). R$ 10.000,00 ($ 2.000,00) &#8211; para publica\u00e7\u00e3o do livro &#8220;Percep\u00e7\u00f5es Acerca do Envelhecimento&#8221;. R$ 79.205,00 ($ 15.841,00) &#8211; para miss\u00f5es de pesquisa. As bolsas para doutorandos, bolsistas de p\u00f3s-doutorado e professores visitantes s\u00e3o &hellip; <\/p>\n<p class=\"link-more\"><a href=\"https:\/\/wp.ufpel.edu.br\/healthycities\/pt\/financiamento\/\" class=\"more-link\">Continue lendo<span class=\"screen-reader-text\"> &#8220;Financiamento&#8221;<\/span><\/a><\/p>\n","protected":false},"author":956,"featured_media":0,"parent":0,"menu_order":0,"comment_status":"closed","ping_status":"closed","template":"","meta":{"footnotes":""},"class_list":["post-436","page","type-page","status-publish","hentry"],"_links":{"self":[{"href":"https:\/\/wp.ufpel.edu.br\/healthycities\/wp-json\/wp\/v2\/pages\/436","targetHints":{"allow":["GET"]}}],"collection":[{"href":"https:\/\/wp.ufpel.edu.br\/healthycities\/wp-json\/wp\/v2\/pages"}],"about":[{"href":"https:\/\/wp.ufpel.edu.br\/healthycities\/wp-json\/wp\/v2\/types\/page"}],"author":[{"embeddable":true,"href":"https:\/\/wp.ufpel.edu.br\/healthycities\/wp-json\/wp\/v2\/users\/956"}],"replies":[{"embeddable":true,"href":"https:\/\/wp.ufpel.edu.br\/healthycities\/wp-json\/wp\/v2\/comments?post=436"}],"version-history":[{"count":2,"href":"https:\/\/wp.ufpel.edu.br\/healthycities\/wp-json\/wp\/v2\/pages\/436\/revisions"}],"predecessor-version":[{"id":438,"href":"https:\/\/wp.ufpel.edu.br\/healthycities\/wp-json\/wp\/v2\/pages\/436\/revisions\/438"}],"wp:attachment":[{"href":"https:\/\/wp.ufpel.edu.br\/healthycities\/wp-json\/wp\/v2\/media?parent=436"}],"curies":[{"name":"wp","href":"https:\/\/api.w.org\/{rel}","templated":true}]}}