{"id":687,"date":"2017-03-27T10:19:11","date_gmt":"2017-03-27T13:19:11","guid":{"rendered":"https:\/\/wp.ufpel.edu.br\/hcv\/?page_id=687"},"modified":"2017-10-11T14:41:48","modified_gmt":"2017-10-11T17:41:48","slug":"projetos-aprovados","status":"publish","type":"page","link":"https:\/\/wp.ufpel.edu.br\/hcv\/projetos-aprovados\/","title":{"rendered":"Projetos aprovados"},"content":{"rendered":"<p style=\"text-align: center\"><a href=\"https:\/\/wp.ufpel.edu.br\/hcv\/files\/2008\/06\/Imagem2.png\"><img class=\"aligncenter size-full wp-image-572\" src=\"https:\/\/wp.ufpel.edu.br\/hcv\/files\/2008\/06\/Imagem2.png\" alt=\"\" width=\"2000\" height=\"171\" srcset=\"https:\/\/wp.ufpel.edu.br\/hcv\/files\/2008\/06\/Imagem2.png 2000w, https:\/\/wp.ufpel.edu.br\/hcv\/files\/2008\/06\/Imagem2-212x18.png 212w, https:\/\/wp.ufpel.edu.br\/hcv\/files\/2008\/06\/Imagem2-424x36.png 424w, https:\/\/wp.ufpel.edu.br\/hcv\/files\/2008\/06\/Imagem2-768x66.png 768w\" sizes=\"(max-width: 2000px) 100vw, 2000px\" \/><\/a><\/p>\n<h3 style=\"text-align: center\"><span style=\"color: #339966\">O HCV UFPel torna p\u00fablico os projetos aprovados com envolvimento a institui\u00e7\u00e3o de ensino<\/span><\/h3>\n<p>Acesso ao projeto completo ????\u00a0 Envie um e-mail solicitando.<\/p>\n<p style=\"text-align: left\">Material Utilizado nos projetos:\u00a0<a href=\"https:\/\/wp.ufpel.edu.br\/hcv\/files\/2017\/03\/Material_Consumo_HCV.docx\">Material_Consumo_HCV<\/a><\/p>\n<p style=\"text-align: left\">Termo de Responsabilidade:\u00a0<a href=\"https:\/\/wp.ufpel.edu.br\/hcv\/files\/2017\/03\/Termo-Responsabilidade_Projetos-HCV.docx\">Termo Responsabilidade_Projetos HCV<\/a><\/p>\n<h4 style=\"text-align: left\"><span style=\"color: #339966\">Projetos Aprovados:<\/span><\/h4>\n<p>T\u00cdTULO: <strong>Saccharomyces cerevisiae pode auxiliar na manuten\u00e7\u00e3o da sa\u00fade ruminal em situa\u00e7\u00f5es de mudan\u00e7as bruscas de dieta?<\/strong><\/p>\n<p>RESPONS\u00c1VEL:\u00a0C\u00e1ssio Cassal Brauner<\/p>\n<p>_______________________________________________________________________________________________________________<\/p>\n<p>T\u00cdTULO: <b>Avalia\u00e7\u00e3o do colostro de \u00e9guas<\/b><\/p>\n<p>RESPONS\u00c1VEL: Carlos Eduardo Wayne Nogueira<\/p>\n<p>________________________________________________________________________________________________________________<\/p>\n<p>T\u00cdTULO:\u00a0<strong>Avalia\u00e7\u00e3o da resposta cl\u00ednica e metab\u00f3lica de potros neonatos nascidos de \u00e9guas com placentite ascendente submetidas a diferentes tratamentos hormonais <\/strong><\/p>\n<p>RESPONS\u00c1VEL:\u00a0Carlos Eduardo Wayne Nogueira<\/p>\n<p>________________________________________________________________________________________________________________<\/p>\n<p>T\u00cdTULO: <strong>Avalia\u00e7\u00e3o de glicose e insulina em \u00e9guas prenhes com diferentes escores corporais e compara\u00e7\u00e3o com a morfometria do potro rec\u00e9m-nascido<\/strong><\/p>\n<p>&nbsp;<\/p>\n<p>RESPONS\u00c1VEL:\u00a0Carlos Eduardo Wayne Nogueira<\/p>\n<p>________________________________________________________________________________________________________________<\/p>\n<p>T\u00cdTULO:\u00a0<strong>Avalia\u00e7\u00e3o do efeito da hormonioterapia em \u00e9guas com placentite atrav\u00e9s da identifica\u00e7\u00e3o de receptores na placenta e grau de perfus\u00e3o sangu\u00ednea uterina e sua rela\u00e7\u00e3o com a viabilidade do neonato <\/strong><\/p>\n<p>RESPONS\u00c1VEL:\u00a0Carlos Eduardo Wayne Nogueira<\/p>\n<p>________________________________________________________________________________________________________________<\/p>\n<p style=\"text-align: left\">\u00a0T\u00cdTULO:\u00a0<strong>INFLU\u00caNCIA DA OBESIDADE MATERNA EM \u00c9GUAS GESTANTES SOBRE CARACTER\u00cdSTICAS METAB\u00d3LICAS, MORFOM\u00c9TRICAS E COMPORTAMENTAIS DOS POTROS\u00a0<\/strong><\/p>\n<p>RESPONS\u00c1VEL: Carlos Eduardo Wayne Nogueira<\/p>\n<p>________________________________________________________________________________________________________________<\/p>\n<p>T\u00cdTULO:\u00a0<strong>Rela\u00e7\u00e3o de dados cl\u00ednicos da laminite em \u00e9guas prenhes com a morfometria neonatal<\/strong><\/p>\n<p>RESPONS\u00c1VEL: Carlos Eduardo Wayne Nogueira<\/p>\n<p>________________________________________________________________________________________________________________<\/p>\n<p>T\u00cdTULO: <strong>Biometria de potros da ra\u00e7a Crioula<\/strong><\/p>\n<p>RESPONS\u00c1VEL: Carlos Eduardo Wayne Nogueira<\/p>\n<p>________________________________________________________________________________________________________________<\/p>\n<p>T\u00cdTULO:\u00a0<strong>Valor Preditivo da mensura\u00e7\u00e3o de Proteinas de Fase Aguda na rotina clinica de equinos<\/strong><\/p>\n<p>RESPONS\u00c1VEL: Carlos Eduardo Wayne Nogueira<\/p>\n<p>________________________________________________________________________________________________________________<\/p>\n<p>T\u00cdTULO: <strong>Resposta imunol\u00f3gica a Theileria equi em \u00e9guas prenhes vacinadas com prote\u00edna EMA-2 recombinante e seu reflexo no neonato<\/strong><\/p>\n<p>RESPONS\u00c1VEL: Carlos Eduardo Wayne Nogueira<\/p>\n<p>________________________________________________________________________________________________________________<\/p>\n<p>T\u00cdTULO: <strong>Acompanhamento gestacional, obst\u00e9trico e neonatal na ra\u00e7a Crioula<\/strong><\/p>\n<p>RESPONS\u00c1VEL: Carlos Eduardo Wayne Nogueira<\/p>\n<p>________________________________________________________________________________________________________________<\/p>\n<p>T\u00cdTULO: <strong>AVALIA\u00c7\u00c3O DO ESTRESSE OXIDATIVO DA PLACENTA DE \u00c9GUAS NO P\u00d3S PARTO E RESPECTIVOS POTROS NEONATOS<\/strong><\/p>\n<p>RESPONS\u00c1VEL: Carlos Eduardo Wayne Nogueira<\/p>\n<p>________________________________________________________________________________________________________________<\/p>\n<p>T\u00cdTULO: <strong>Avalia\u00e7\u00e3o da resposta cl\u00ednica e metab\u00f3lica de potros neonatos nascidos de \u00e9guas com placentite ascendente submetidas a diferentes tratamentos hormonais<\/strong><\/p>\n<p>RESPONS\u00c1VEL: Carlos Eduardo Wayne Nogueira<\/p>\n<p>________________________________________________________________________________________________________________<\/p>\n<h4>T\u00cdTULO:\u00a0<strong>Avalia\u00e7\u00e3o do efeito imunomodulador de Bacillus toyonensis, Saccharomyces boulardii e Lactobacillus sp. em c\u00e3es<\/strong><\/h4>\n<p>RESPONS\u00c1VEL: F\u00e1bio Pereira Leivas Leite\u00a0 \u00a0 \u00a0 \u00a0 \u00a0 ALUNA: Helen Franz<\/p>\n<p>&nbsp;<\/p>\n","protected":false},"excerpt":{"rendered":"<p>O HCV UFPel torna p\u00fablico os projetos aprovados com envolvimento a institui\u00e7\u00e3o de ensino Acesso ao projeto completo ????\u00a0 Envie um e-mail solicitando. Material Utilizado nos projetos:\u00a0Material_Consumo_HCV Termo de Responsabilidade:\u00a0Termo Responsabilidade_Projetos HCV Projetos Aprovados: T\u00cdTULO: Saccharomyces cerevisiae pode auxiliar na manuten\u00e7\u00e3o da sa\u00fade ruminal em situa\u00e7\u00f5es de mudan\u00e7as bruscas de dieta? RESPONS\u00c1VEL:\u00a0C\u00e1ssio Cassal Brauner _______________________________________________________________________________________________________________ [&hellip;]<\/p>\n","protected":false},"author":22,"featured_media":0,"parent":0,"menu_order":0,"comment_status":"closed","ping_status":"closed","template":"","meta":{"footnotes":""},"class_list":["post-687","page","type-page","status-publish","hentry"],"_links":{"self":[{"href":"https:\/\/wp.ufpel.edu.br\/hcv\/wp-json\/wp\/v2\/pages\/687","targetHints":{"allow":["GET"]}}],"collection":[{"href":"https:\/\/wp.ufpel.edu.br\/hcv\/wp-json\/wp\/v2\/pages"}],"about":[{"href":"https:\/\/wp.ufpel.edu.br\/hcv\/wp-json\/wp\/v2\/types\/page"}],"author":[{"embeddable":true,"href":"https:\/\/wp.ufpel.edu.br\/hcv\/wp-json\/wp\/v2\/users\/22"}],"replies":[{"embeddable":true,"href":"https:\/\/wp.ufpel.edu.br\/hcv\/wp-json\/wp\/v2\/comments?post=687"}],"version-history":[{"count":5,"href":"https:\/\/wp.ufpel.edu.br\/hcv\/wp-json\/wp\/v2\/pages\/687\/revisions"}],"predecessor-version":[{"id":944,"href":"https:\/\/wp.ufpel.edu.br\/hcv\/wp-json\/wp\/v2\/pages\/687\/revisions\/944"}],"wp:attachment":[{"href":"https:\/\/wp.ufpel.edu.br\/hcv\/wp-json\/wp\/v2\/media?parent=687"}],"curies":[{"name":"wp","href":"https:\/\/api.w.org\/{rel}","templated":true}]}}