{"id":666,"date":"2017-03-14T17:24:21","date_gmt":"2017-03-14T20:24:21","guid":{"rendered":"https:\/\/wp.ufpel.edu.br\/hcv\/?page_id=666"},"modified":"2019-08-19T13:06:51","modified_gmt":"2019-08-19T16:06:51","slug":"downloads","status":"publish","type":"page","link":"https:\/\/wp.ufpel.edu.br\/hcv\/downloads\/","title":{"rendered":"Downloads"},"content":{"rendered":"<p><a href=\"https:\/\/wp.ufpel.edu.br\/hcv\/files\/2008\/06\/Imagem2.png\"><img class=\"aligncenter size-full wp-image-572\" src=\"https:\/\/wp.ufpel.edu.br\/hcv\/files\/2008\/06\/Imagem2.png\" alt=\"\" width=\"2000\" height=\"171\" srcset=\"https:\/\/wp.ufpel.edu.br\/hcv\/files\/2008\/06\/Imagem2.png 2000w, https:\/\/wp.ufpel.edu.br\/hcv\/files\/2008\/06\/Imagem2-212x18.png 212w, https:\/\/wp.ufpel.edu.br\/hcv\/files\/2008\/06\/Imagem2-424x36.png 424w, https:\/\/wp.ufpel.edu.br\/hcv\/files\/2008\/06\/Imagem2-768x66.png 768w\" sizes=\"(max-width: 2000px) 100vw, 2000px\" \/><\/a><\/p>\n<p>Agosto 2019<\/p>\n<p><a href=\"https:\/\/wp.ufpel.edu.br\/hcv\/files\/2019\/08\/Normas-para-acesso-e-publica\u00e7\u00e3o-de-dados-da-rotina-do-HV.pdf\">Normas para acesso e publica\u00e7\u00e3o de dados da rotina do HV<\/a><\/p>\n<p><a href=\"https:\/\/wp.ufpel.edu.br\/hcv\/files\/2019\/08\/Normas-para-cadastro-e-execu\u00e7\u00e3o-de-projetos-no-HCV.pdf\">Normas para cadastro e execu\u00e7\u00e3o de projetos no HCV<\/a><\/p>\n<p>&nbsp;<\/p>\n<p>_________________________________________________________________________________<\/p>\n<p>EDITAL EST\u00c1GIO CURRICULAR PRORROGADO:<\/p>\n<p><a href=\"https:\/\/wp.ufpel.edu.br\/hcv\/files\/2017\/03\/EDITAL-EST\u00c1GIO-CURRICULAR-PRORROGADO.pdf\">EDITAL EST\u00c1GIO CURRICULAR PRORROGADO<\/a><\/p>\n<p>&nbsp;<\/p>\n<p>&nbsp;<\/p>\n<p>EDITAL TREINAMENTO EXTRACURRICULAR PRORROGADO:<\/p>\n<p><a href=\"https:\/\/wp.ufpel.edu.br\/hcv\/files\/2017\/03\/EDITAL-TREINAMENTO-EXTRACURRICULAR-PRORROGADO.pdf\">EDITAL TREINAMENTO EXTRACURRICULAR PRORROGADO<\/a><\/p>\n<p>&nbsp;<\/p>\n<p>&nbsp;<\/p>\n<p>EDITAL EST\u00c1GIO CURRICULAR:<\/p>\n<p><a href=\"https:\/\/wp.ufpel.edu.br\/hcv\/files\/2017\/03\/Minuta-Edital-para-Sele\u00e7ao-Est\u00e1gio-Curricular-no-HCV-Abr-2017.pdf\">Minuta Edital para Sele\u00e7ao Est\u00e1gio Curricular no HCV Abr 2017<\/a><\/p>\n<p>&nbsp;<\/p>\n<p>EDITAL TREINAMENTO EXTRACURRICULAR:<\/p>\n<p><a href=\"https:\/\/wp.ufpel.edu.br\/hcv\/files\/2017\/03\/Minuta-Edital-para-Sele\u00e7ao-Treinamento-Extracurricular-no-HCV-Abr-2017.pdf\">Minuta Edital para Sele\u00e7ao Treinamento Extracurricular no HCV Abr 2017<\/a><\/p>\n<p>&nbsp;<\/p>\n<p>&nbsp;<\/p>\n<p>EDITAL SELE\u00c7\u00c3O PARA TREINAMENTO EXTRACURRICULAR -vagas remanescentes<\/p>\n<p><a href=\"https:\/\/wp.ufpel.edu.br\/hcv\/files\/2017\/03\/edital-est\u00e1gio-vagas-remanescentes.pdf\">edital est\u00e1gio vagas remanescentes<\/a><\/p>\n","protected":false},"excerpt":{"rendered":"<p>Agosto 2019 Normas para acesso e publica\u00e7\u00e3o de dados da rotina do HV Normas para cadastro e execu\u00e7\u00e3o de projetos no HCV &nbsp; _________________________________________________________________________________ EDITAL EST\u00c1GIO CURRICULAR PRORROGADO: EDITAL EST\u00c1GIO CURRICULAR PRORROGADO &nbsp; &nbsp; EDITAL TREINAMENTO EXTRACURRICULAR PRORROGADO: EDITAL TREINAMENTO EXTRACURRICULAR PRORROGADO &nbsp; &nbsp; EDITAL EST\u00c1GIO CURRICULAR: Minuta Edital para Sele\u00e7ao Est\u00e1gio Curricular no HCV [&hellip;]<\/p>\n","protected":false},"author":22,"featured_media":0,"parent":0,"menu_order":0,"comment_status":"closed","ping_status":"closed","template":"","meta":{"footnotes":""},"class_list":["post-666","page","type-page","status-publish","hentry"],"_links":{"self":[{"href":"https:\/\/wp.ufpel.edu.br\/hcv\/wp-json\/wp\/v2\/pages\/666","targetHints":{"allow":["GET"]}}],"collection":[{"href":"https:\/\/wp.ufpel.edu.br\/hcv\/wp-json\/wp\/v2\/pages"}],"about":[{"href":"https:\/\/wp.ufpel.edu.br\/hcv\/wp-json\/wp\/v2\/types\/page"}],"author":[{"embeddable":true,"href":"https:\/\/wp.ufpel.edu.br\/hcv\/wp-json\/wp\/v2\/users\/22"}],"replies":[{"embeddable":true,"href":"https:\/\/wp.ufpel.edu.br\/hcv\/wp-json\/wp\/v2\/comments?post=666"}],"version-history":[{"count":15,"href":"https:\/\/wp.ufpel.edu.br\/hcv\/wp-json\/wp\/v2\/pages\/666\/revisions"}],"predecessor-version":[{"id":1379,"href":"https:\/\/wp.ufpel.edu.br\/hcv\/wp-json\/wp\/v2\/pages\/666\/revisions\/1379"}],"wp:attachment":[{"href":"https:\/\/wp.ufpel.edu.br\/hcv\/wp-json\/wp\/v2\/media?parent=666"}],"curies":[{"name":"wp","href":"https:\/\/api.w.org\/{rel}","templated":true}]}}