{"id":408,"date":"2024-11-06T22:30:01","date_gmt":"2024-11-07T01:30:01","guid":{"rendered":"https:\/\/wp.ufpel.edu.br\/gsic\/?page_id=408"},"modified":"2024-11-06T22:29:24","modified_gmt":"2024-11-07T01:29:24","slug":"sepoc-2024","status":"publish","type":"page","link":"https:\/\/wp.ufpel.edu.br\/gsic\/atualizacoes\/sepoc-2024\/","title":{"rendered":"Sepoc 2024"},"content":{"rendered":"<p>Alunos do Curso de Engenharia de Controle e Automa\u00e7\u00e3o da Universidade Federal de Pelotas participaram do 16th Seminar on Power Electronics and Control, SEPOC 2024, o qual foi realizado nos dias do 20 ao 23 de outubro de 2024 na Universidade Federal de Santa Maria (UFSM). O SEPOC \u00e9 um congresso de grande relev\u00e2ncia organizado pelo Centro de Tecnologia (CT) da UFSM, Programa de P\u00f3s-Gradua\u00e7\u00e3o em Engenharia El\u00e9trica (PPGEE), o Instituto Nacional de Ci\u00eancia e Tecnologia em Gera\u00e7\u00e3o Distribu\u00edda de Energia (INCT) da UFSM, o Col\u00e9gio T\u00e9cnico Industrial de Santa Maria (CTISM) e o Institute of Electrical and Electronics Engineers (IEEE). Nesta edi\u00e7\u00e3o o foco principal do SEPOC foi \u201cSmart Energy Systems for the Future: Optimizing Control and Efficiency\u201d e contou com a Universidade Federal de Pelotas como uma das institui\u00e7\u00f5es parceiras com o Prof. Dr. Paulo Jefferson Dias de Oliveira Evald dos Cursos de Engenharia de Controle Automa\u00e7\u00e3o e Engenharia Eletr\u00f4nica do Centro de Engenharias (CENG) colaborando como Technical Program Co-Chair.<\/p>\n<p>&nbsp;<\/p>\n<p><img loading=\"lazy\" decoding=\"async\" class=\"alignnone size-large wp-image-348\" src=\"https:\/\/wp.ufpel.edu.br\/gsic\/files\/2024\/10\/WhatsApp-Image-2024-10-23-at-15.12.25-1024x576.jpeg\" alt=\"\" width=\"720\" height=\"405\" \/><\/p>\n<p>&nbsp;<\/p>\n<p>Alunos que participaram de forma presencial no SEPOC 2024: Alexandre Silva Lucena, Herick DallAgnol Nunes, Lucas da Silva Perleberg, Vin\u00edcius \u00c1vila Eichenberg, Brenda Bierhals, L\u00eddia Martinelli de Oliveira e Gabriel Morales.<\/p>\n<p>&nbsp;<\/p>\n<p><img loading=\"lazy\" decoding=\"async\" class=\"alignnone size-large wp-image-410\" src=\"https:\/\/wp.ufpel.edu.br\/gsic\/files\/2024\/10\/unnamed-577x1024.jpg\" alt=\"\" width=\"577\" height=\"1024\" \/><\/p>\n<p><span style=\"font-weight: 400;\">A participa\u00e7\u00e3o dos alunos do Curso de Controle e Automa\u00e7\u00e3o foi organizada pelos professores Dr. Elmer Alexis Gamboa Pe\u00f1aloza e Dr. Paulo Jefferson Dias de Oliveira Evald junto com o apoio da dire\u00e7\u00e3o do Centro de Engenharias, Prof. Bruno M\u00fcller Vieira e Tec. Adm. Vin\u00edcius Rodrigues Mu\u00f1oz, que forneceu o transporte para o deslocamento dos alunos e o professor Dr. Elmer Alexis Gamboa Pe\u00f1aloza. O curso de Engenharia de Controle e Automa\u00e7\u00e3o e Engenharia Eletr\u00f4nica tiveram uma participa\u00e7\u00e3o importante atrav\u00e9s da apresenta\u00e7\u00e3o e publica\u00e7\u00e3o de 17 trabalhos desenvolvidos pelo Grupo de Sistemas Inteligentes e de Controle (GSIC), o qual foi criado e dirigido por professores do Curso de Engenharia de Controle e Automa\u00e7\u00e3o no ano de 2019.\u00a0\u00a0<\/span><\/p>\n<p><img loading=\"lazy\" decoding=\"async\" class=\"alignnone size-large wp-image-411\" src=\"https:\/\/wp.ufpel.edu.br\/gsic\/files\/2024\/10\/unnamed-1-1024x576.jpg\" alt=\"\" width=\"720\" height=\"405\" srcset=\"https:\/\/wp.ufpel.edu.br\/gsic\/files\/2024\/10\/unnamed-1-1024x576.jpg 1024w, https:\/\/wp.ufpel.edu.br\/gsic\/files\/2024\/10\/unnamed-1-400x225.jpg 400w, https:\/\/wp.ufpel.edu.br\/gsic\/files\/2024\/10\/unnamed-1-768x432.jpg 768w, https:\/\/wp.ufpel.edu.br\/gsic\/files\/2024\/10\/unnamed-1.jpg 1280w\" sizes=\"auto, (max-width: 720px) 100vw, 720px\" \/><\/p>\n<p><span style=\"font-weight: 400;\">Alguns dos trabalhos desenvolvidos pelo GSIC contaram com a parceria da Universidade Federal de Santa Catarina (UFSC) e o Instituto Federal de Educa\u00e7\u00e3o, Ci\u00eancia e Tecnologia Sul-rio-grandense (IFSul). Com a participa\u00e7\u00e3o no SEPOC 2024, o GSIC vem se posicionando como grupo de pesquisa com grande proje\u00e7\u00e3o regional, nacional e internacional na aplica\u00e7\u00e3o de sistemas inteligentes, controle e automa\u00e7\u00e3o em diferentes processos din\u00e2micos. Expandindo assim, nestes espa\u00e7os de pesquisa e ensino,\u00a0 suas redes de pesquisa e coopera\u00e7\u00e3o com diferentes grupos e institui\u00e7\u00f5es do pa\u00eds, da regi\u00e3o e do exterior. A seguir, est\u00e3o descritos os trabalhos apresentados de forma presencial e remota por integrantes do GSIC e\u00a0 que ser\u00e3o publicados no meio de divulga\u00e7\u00e3o cient\u00edfica <\/span><i><span style=\"font-weight: 400;\">IEEE Xplorer<\/span><\/i><span style=\"font-weight: 400;\">:<\/span><\/p>\n<p>&nbsp;<\/p>\n<table>\n<tbody>\n<tr>\n<td style=\"padding: 10px;\"><span style=\"font-weight: 400;\">T\u00edtulo<\/span><\/td>\n<td style=\"padding: 10px;\"><span style=\"font-weight: 400;\">Autores<\/span><\/td>\n<\/tr>\n<tr>\n<td style=\"padding: 10px;\"><i><span style=\"font-weight: 400;\">An artificial bee colony optimizer-based FOC for PMSG-based wind energy conversion systems<\/span><\/i><\/td>\n<td style=\"padding: 10px;\"><span style=\"font-weight: 400;\">Paulo Jefferson Dias de Oliveira Evald, Jos\u00e9 Eduardo das Neves da Fonseca, Matheus Schramm Dall&#8217;asta, J\u00e9ssika Melo de Andrade, Lenon Schmitz, Telles Brunelli Lazzarin.<\/span><\/td>\n<\/tr>\n<tr>\n<td style=\"padding: 10px;\"><i><span style=\"font-weight: 400;\">Enhanced PI controllers for wind turbine with direct drive permanent magnet synchronous generators using bat optimizer<\/span><\/i><\/td>\n<td style=\"padding: 10px;\"><span style=\"font-weight: 400;\">Paulo Jefferson Dias de Oliveira Evald, Jos\u00e9 Eduardo das Neves da Fonseca, Matheus Schramm Dall&#8217;asta, J\u00e9ssika Melo de Andrade, Lenon Schmitz, Telles Brunelli Lazzarin<\/span><\/td>\n<\/tr>\n<tr>\n<td style=\"padding: 10px;\"><i><span style=\"font-weight: 400;\">Bio-inspired linear quadratic tracker for DC motors speed control<\/span><\/i><\/td>\n<td style=\"padding: 10px;\"><span style=\"font-weight: 400;\">Jos\u00e9 Carlos Mendes Gomes, Felipe Pontes de Matos, Mateus Santos da Silva, Marlon Soares Sigales, Paulo Jefferson Dias de Oliveira Evald<\/span><\/td>\n<\/tr>\n<tr>\n<td style=\"padding: 10px;\"><i><span style=\"font-weight: 400;\">Robust adaptive control for BLDC motor control: synthesis and experimental validation<\/span><\/i><\/td>\n<td style=\"padding: 10px;\"><span style=\"font-weight: 400;\">Gabriel Hackbardt Morales, Alexandre Silva Lucena, Elmer Alexis Gamboa Pe\u00f1azola, Carlos Guilherme da Costa Neves, Paulo Jefferson Dias de Oliveira Evald<\/span><\/td>\n<\/tr>\n<tr>\n<td style=\"padding: 10px;\"><i><span style=\"font-weight: 400;\">Use of Dynamic Simulation for Control Analysis of DC-DC Converters &#8211; A Case Study using Buck-Boost Converter<\/span><\/i><\/td>\n<td style=\"padding: 10px;\"><span style=\"font-weight: 400;\">Lidia Martinelli de Oliveira, Brenda Bierhals, Elmer A. Gamboa Pe\u00f1aloza, Carlos G. Costa Neves, Paulo J. D. Oliveira Evald, Sigmar de Lima<\/span><\/td>\n<\/tr>\n<tr>\n<td style=\"padding: 10px;\"><i><span style=\"font-weight: 400;\">An ant lion optimizer-based PI controller with robust ADRC for LLCL filter current regulation<\/span><\/i><\/td>\n<td style=\"padding: 10px;\"><span style=\"font-weight: 400;\">Paulo Jefferson Dias de Oliveira Evald, Jos\u00e9 Eduardo das Neves da Fonseca, Matheus Schramm Dall&#8217;asta, J\u00e9ssika Melo de Andrade, Lenon Schmitz, Telles Brunelli Lazzarin<\/span><\/td>\n<\/tr>\n<tr>\n<td style=\"padding: 10px;\"><i><span style=\"font-weight: 400;\">A LQR with adaptive disturbance rejection for grid-tied systems tuned with the cuckoo optimizer<\/span><\/i><\/td>\n<td style=\"padding: 10px;\"><span style=\"font-weight: 400;\">Paulo Jefferson Dias de Oliveira Evald, Jos\u00e9 Eduardo das Neves da Fonseca, Matheus Schramm Dall&#8217;asta, J\u00e9ssika Melo de Andrade, Lenon Schmitz, Telles Brunelli Lazzarin<\/span><\/td>\n<\/tr>\n<tr>\n<td style=\"padding: 10px;\"><i><span style=\"font-weight: 400;\">An enhanced RMRAC-based PI for grid-tied voltage source inverters with LLCL filters using the dragonfly optimizer<\/span><\/i><\/td>\n<td style=\"padding: 10px;\"><span style=\"font-weight: 400;\">Paulo Jefferson Dias de Oliveira Evald, Jos\u00e9 Eduardo das Neves da Fonseca, Matheus Schramm Dall&#8217;asta, J\u00e9ssika Melo de Andrade, Lenon Schmitz, Telles Brunelli Lazzarin<\/span><\/td>\n<\/tr>\n<tr>\n<td style=\"padding: 10px;\"><i><span style=\"font-weight: 400;\">A robust MPC for grid-following inverters improved with the krill herd optimization algorithm<\/span><\/i><\/td>\n<td style=\"padding: 10px;\"><span style=\"font-weight: 400;\">Paulo Jefferson Dias de Oliveira Evald, Jos\u00e9 Eduardo das Neves da Fonseca, Matheus Schramm Dall&#8217;asta, J\u00e9ssika Melo de Andrade, Lenon Schmitz, Telles Brunelli Lazzarin<\/span><\/td>\n<\/tr>\n<tr>\n<td style=\"padding: 10px;\"><i><span style=\"font-weight: 400;\">Optimal vector control of a DFIG-based wind energy conversion energy system using bald eagle search algorithm<\/span><\/i><\/td>\n<td style=\"padding: 10px;\"><span style=\"font-weight: 400;\">Joab Tavares Fagundes, Marlon Soares Sigales, Thiago Carvalho Bittencourt, Paulo Jefferson Dias de Oliveira Evald<\/span><\/td>\n<\/tr>\n<tr>\n<td style=\"padding: 10px;\"><i><span style=\"font-weight: 400;\">Control Optimization of a 2 MW DFIG-based Wind Turbine using Sparrow Search Algorithm<\/span><\/i><\/td>\n<td style=\"padding: 10px;\"><span style=\"font-weight: 400;\">Joab Tavares Fagundes, Marlon Soares Sigales, Thiago Carvalho Bittencourt, Paulo Jefferson Dias de Oliveira Evald<\/span><\/td>\n<\/tr>\n<tr>\n<td style=\"padding: 10px;\"><i><span style=\"font-weight: 400;\">A soft-computing parametrization procedure for DFIG-based wind turbines using Seagull optimization algorithm<\/span><\/i><\/td>\n<td style=\"padding: 10px;\"><span style=\"font-weight: 400;\">Joab Tavares Fagundes, Marlon Soares Sigales, Thiago Carvalho Bittencourt, Paulo Jefferson Dias de Oliveira Evald<\/span><\/td>\n<\/tr>\n<tr>\n<td style=\"padding: 10px;\"><i><span style=\"font-weight: 400;\">Optimizing PID Controllers of Drone-based Wind Turbine Inspection Systems using the African Vulture Algorithm<\/span><\/i><\/td>\n<td style=\"padding: 10px;\"><span style=\"font-weight: 400;\">Jos\u00e9 Eduardo das Neves da Fonseca, Lorenzo Concei\u00e7\u00e3o Lima Valente, Paulo Jefferson Dias de Oliveira Evald<\/span><\/td>\n<\/tr>\n<tr>\n<td style=\"padding: 10px;\"><i><span style=\"font-weight: 400;\">Swarm Intelligence-Based PID Tuning for Drone Control in Photovoltaic Panel Monitoring using Fire Hawk Algorithm<\/span><\/i><\/td>\n<td style=\"padding: 10px;\"><span style=\"font-weight: 400;\">Jos\u00e9 Eduardo das Neves da Fonseca, Lorenzo Concei\u00e7\u00e3o Lima Valente, Paulo Jefferson Dias de Oliveira Evald<\/span><\/td>\n<\/tr>\n<tr>\n<td style=\"padding: 10px;\"><i><span style=\"font-weight: 400;\">Enhancing quarter car active suspension performance using walrus optimization algorithm based PID controller<\/span><\/i><\/td>\n<td style=\"padding: 10px;\"><span style=\"font-weight: 400;\">Thiago Carvalho Bittencourt, Joab Tavares Fagundes, Paulo Jefferson Dias de Oliveira Evald<\/span><\/td>\n<\/tr>\n<tr>\n<td style=\"padding: 10px;\"><i><span style=\"font-weight: 400;\">High-performance quarter car active suspension system using PID controller tuned by the dingo optimization algorithm<\/span><\/i><\/td>\n<td style=\"padding: 10px;\"><span style=\"font-weight: 400;\">Thiago Carvalho Bittencourt, Joab Tavares Fagundes, Paulo Jefferson Dias de Oliveira Evald<\/span><\/td>\n<\/tr>\n<tr>\n<td style=\"padding: 10px;\"><i><span style=\"font-weight: 400;\">Enhancing solar photovoltaic systems: a soft computing optimization of the solar tracker actuator using horned lizard algorithm<\/span><\/i><\/td>\n<td style=\"padding: 10px;\"><span style=\"font-weight: 400;\">Felipe Pontes de Matos, Mateus Santos da Silva, Jos\u00e9 Carlos Mendes Gomes, Marlon Soares Sigales, Paulo Jefferson Dias de Oliveira Evald <\/span><\/td>\n<\/tr>\n<\/tbody>\n<\/table>\n<p>&nbsp;<\/p>\n","protected":false},"excerpt":{"rendered":"<p>Alunos do Curso de Engenharia de Controle e Automa\u00e7\u00e3o da Universidade Federal de Pelotas participaram do 16th Seminar on Power Electronics and Control, SEPOC 2024, o qual foi realizado nos dias do 20 ao 23 de outubro de 2024 na&#8230; <a class=\"more-link\" href=\"https:\/\/wp.ufpel.edu.br\/gsic\/atualizacoes\/sepoc-2024\/\">Continue lendo &rarr;<\/a><\/p>\n","protected":false},"author":917,"featured_media":0,"parent":346,"menu_order":0,"comment_status":"closed","ping_status":"closed","template":"","meta":{"footnotes":""},"class_list":["post-408","page","type-page","status-publish","hentry"],"jetpack_sharing_enabled":true,"_links":{"self":[{"href":"https:\/\/wp.ufpel.edu.br\/gsic\/wp-json\/wp\/v2\/pages\/408","targetHints":{"allow":["GET"]}}],"collection":[{"href":"https:\/\/wp.ufpel.edu.br\/gsic\/wp-json\/wp\/v2\/pages"}],"about":[{"href":"https:\/\/wp.ufpel.edu.br\/gsic\/wp-json\/wp\/v2\/types\/page"}],"author":[{"embeddable":true,"href":"https:\/\/wp.ufpel.edu.br\/gsic\/wp-json\/wp\/v2\/users\/917"}],"replies":[{"embeddable":true,"href":"https:\/\/wp.ufpel.edu.br\/gsic\/wp-json\/wp\/v2\/comments?post=408"}],"version-history":[{"count":4,"href":"https:\/\/wp.ufpel.edu.br\/gsic\/wp-json\/wp\/v2\/pages\/408\/revisions"}],"predecessor-version":[{"id":731,"href":"https:\/\/wp.ufpel.edu.br\/gsic\/wp-json\/wp\/v2\/pages\/408\/revisions\/731"}],"up":[{"embeddable":true,"href":"https:\/\/wp.ufpel.edu.br\/gsic\/wp-json\/wp\/v2\/pages\/346"}],"wp:attachment":[{"href":"https:\/\/wp.ufpel.edu.br\/gsic\/wp-json\/wp\/v2\/media?parent=408"}],"curies":[{"name":"wp","href":"https:\/\/api.w.org\/{rel}","templated":true}]}}