{"id":934,"date":"2017-07-20T19:05:26","date_gmt":"2017-07-20T22:05:26","guid":{"rendered":"https:\/\/wp.ufpel.edu.br\/grupoicaro\/?page_id=934"},"modified":"2020-06-26T10:41:17","modified_gmt":"2020-06-26T13:41:17","slug":"americanidades-lugar-diferenca-e-violencia","status":"publish","type":"page","link":"https:\/\/wp.ufpel.edu.br\/grupoicaro\/americanidades-lugar-diferenca-e-violencia\/","title":{"rendered":"Americanidades: lugar, diferen\u00e7a e viol\u00eancia"},"content":{"rendered":"<p>Grupo de Pesquisa CNPq\u00a0Americanidades: lugar, diferen\u00e7a e viol\u00eancia.<\/p>\n<p>L\u00edder: Prof. Dr. Alcione Correa Alves (UFPI)<\/p>\n<p><a title=\"Diret\u00f3rio de Grupos de Pesquisa\" href=\"http:\/\/dgp.cnpq.br\/dgp\/espelhogrupo\/40939\" target=\"_blank\" rel=\"noopener noreferrer\">Para acessar o Diret\u00f3rio CNPQ do grupo, clique aqui<\/a>.<\/p>\n","protected":false},"excerpt":{"rendered":"<p>Grupo de Pesquisa CNPq\u00a0Americanidades: lugar, diferen\u00e7a e viol\u00eancia. L\u00edder: Prof. Dr. Alcione Correa Alves (UFPI) Para acessar o Diret\u00f3rio CNPQ do grupo, clique aqui.<\/p>\n","protected":false},"author":267,"featured_media":0,"parent":0,"menu_order":0,"comment_status":"closed","ping_status":"closed","template":"","meta":{"jetpack_post_was_ever_published":false,"footnotes":""},"class_list":["post-934","page","type-page","status-publish","hentry"],"jetpack_sharing_enabled":true,"_links":{"self":[{"href":"https:\/\/wp.ufpel.edu.br\/grupoicaro\/wp-json\/wp\/v2\/pages\/934","targetHints":{"allow":["GET"]}}],"collection":[{"href":"https:\/\/wp.ufpel.edu.br\/grupoicaro\/wp-json\/wp\/v2\/pages"}],"about":[{"href":"https:\/\/wp.ufpel.edu.br\/grupoicaro\/wp-json\/wp\/v2\/types\/page"}],"author":[{"embeddable":true,"href":"https:\/\/wp.ufpel.edu.br\/grupoicaro\/wp-json\/wp\/v2\/users\/267"}],"replies":[{"embeddable":true,"href":"https:\/\/wp.ufpel.edu.br\/grupoicaro\/wp-json\/wp\/v2\/comments?post=934"}],"version-history":[{"count":3,"href":"https:\/\/wp.ufpel.edu.br\/grupoicaro\/wp-json\/wp\/v2\/pages\/934\/revisions"}],"predecessor-version":[{"id":1125,"href":"https:\/\/wp.ufpel.edu.br\/grupoicaro\/wp-json\/wp\/v2\/pages\/934\/revisions\/1125"}],"wp:attachment":[{"href":"https:\/\/wp.ufpel.edu.br\/grupoicaro\/wp-json\/wp\/v2\/media?parent=934"}],"curies":[{"name":"wp","href":"https:\/\/api.w.org\/{rel}","templated":true}]}}

Americanidades: lugar, diferença e violência

<p>Grupo de Pesquisa CNPq Americanidades: lugar, diferença e violência.</p>
<p>Líder: Prof. Dr. Alcione Correa Alves (UFPI)</p>
<p><a title="Diretório de Grupos de Pesquisa" href="http://dgp.cnpq.br/dgp/espelhogrupo/40939" target="_blank" rel="noopener noreferrer">Para acessar o Diretório CNPQ do grupo, clique aqui</a>.</p>

<p>Grupo de Pesquisa CNPq Americanidades: lugar, diferença e violência. Líder: Prof. Dr. Alcione Correa Alves (UFPI) Para acessar o Diretório CNPQ do grupo, clique aqui.</p>
