{"id":897,"date":"2016-12-18T22:26:16","date_gmt":"2016-12-19T00:26:16","guid":{"rendered":"https:\/\/wp.ufpel.edu.br\/grupoicaro\/?page_id=897"},"modified":"2016-12-19T00:00:13","modified_gmt":"2016-12-19T02:00:13","slug":"a-literatura-dramatica-de-joao-simoes-lopes-neto","status":"publish","type":"page","link":"https:\/\/wp.ufpel.edu.br\/grupoicaro\/projetos-e-eventos\/a-literatura-dramatica-de-joao-simoes-lopes-neto\/","title":{"rendered":"A literatura dram\u00e1tica de Jo\u00e3o Sim\u00f5es Lopes Neto"},"content":{"rendered":"<p><img data-recalc-dims=\"1\" loading=\"lazy\" decoding=\"async\" data-attachment-id=\"905\" data-permalink=\"https:\/\/wp.ufpel.edu.br\/grupoicaro\/projetos-e-eventos\/a-literatura-dramatica-de-joao-simoes-lopes-neto\/capa-livro-teatro-tomo-ii\/\" data-orig-file=\"https:\/\/i0.wp.com\/wp.ufpel.edu.br\/grupoicaro\/files\/2016\/12\/Capa-livro-teatro-Tomo-II.png?fit=2534%2C1542&amp;ssl=1\" data-orig-size=\"2534,1542\" data-comments-opened=\"0\" data-image-meta=\"{&quot;aperture&quot;:&quot;0&quot;,&quot;credit&quot;:&quot;&quot;,&quot;camera&quot;:&quot;&quot;,&quot;caption&quot;:&quot;&quot;,&quot;created_timestamp&quot;:&quot;0&quot;,&quot;copyright&quot;:&quot;&quot;,&quot;focal_length&quot;:&quot;0&quot;,&quot;iso&quot;:&quot;0&quot;,&quot;shutter_speed&quot;:&quot;0&quot;,&quot;title&quot;:&quot;&quot;,&quot;orientation&quot;:&quot;0&quot;}\" data-image-title=\"capa-livro-teatro-tomo-ii\" data-image-description=\"\" data-image-caption=\"\" data-medium-file=\"https:\/\/i0.wp.com\/wp.ufpel.edu.br\/grupoicaro\/files\/2016\/12\/Capa-livro-teatro-Tomo-II.png?fit=424%2C258&amp;ssl=1\" data-large-file=\"https:\/\/i0.wp.com\/wp.ufpel.edu.br\/grupoicaro\/files\/2016\/12\/Capa-livro-teatro-Tomo-II.png?fit=474%2C106&amp;ssl=1\" class=\"aligncenter wp-image-905 size-medium\" src=\"https:\/\/i0.wp.com\/wp.ufpel.edu.br\/grupoicaro\/files\/2016\/12\/Capa-livro-teatro-Tomo-II.png?resize=424%2C258&#038;ssl=1\" alt=\"capa-livro-teatro-tomo-ii\" width=\"424\" height=\"258\" srcset=\"https:\/\/i0.wp.com\/wp.ufpel.edu.br\/grupoicaro\/files\/2016\/12\/Capa-livro-teatro-Tomo-II.png?resize=424%2C258&amp;ssl=1 424w, https:\/\/i0.wp.com\/wp.ufpel.edu.br\/grupoicaro\/files\/2016\/12\/Capa-livro-teatro-Tomo-II.png?resize=212%2C129&amp;ssl=1 212w, https:\/\/i0.wp.com\/wp.ufpel.edu.br\/grupoicaro\/files\/2016\/12\/Capa-livro-teatro-Tomo-II.png?resize=768%2C467&amp;ssl=1 768w, https:\/\/i0.wp.com\/wp.ufpel.edu.br\/grupoicaro\/files\/2016\/12\/Capa-livro-teatro-Tomo-II.png?w=948&amp;ssl=1 948w, https:\/\/i0.wp.com\/wp.ufpel.edu.br\/grupoicaro\/files\/2016\/12\/Capa-livro-teatro-Tomo-II.png?w=1422&amp;ssl=1 1422w\" sizes=\"auto, (max-width: 424px) 100vw, 424px\" \/><\/p>\n<p style=\"text-align: justify\">O projeto de pesquisa<em> A Literatura Dram\u00e1tica de Jo\u00e3o Sim\u00f5es Lopes Neto,<\/em> coordenado pelo Prof. Dr. Jo\u00e3o Luis Pereira Ourique, revisitou todas as pe\u00e7as conhecidas do escritor <em>Jo\u00e3o Sim\u00f5es Lopes Neto,<\/em> com a finalidade de levar ao acesso p\u00fablico de forma completa, revisada, comentada e atualizada o material teatral do autor pelotense.<\/p>\n<p style=\"text-align: justify\">Esse trabalho, organizado pelos professores Dr. Jo\u00e3o Ourique (UFPel) e Dr. Lu\u00eds Rubira (UFPel), foi concebido a partir da digitaliza\u00e7\u00e3o, transcri\u00e7\u00e3o e revis\u00e3o das 14 pe\u00e7as de teatro de Sim\u00f5es Lopes. O conte\u00fado das obras foi dividido em 2 grupos, entre os s\u00e9culos XIX e XX, contendo, respectivamente, as pe\u00e7as: <em>O Boato, Os Bachar\u00e9is, Mix\u00f3rdia, O Bicho, Coi\u00f3 J\u00fanior, A Vi\u00fava Pitorra <\/em>e<em> Fifina; Joj\u00f4 e Jaj\u00e1, Amores e Facadas, Por causa das bichas, O maior credor, A Valsa Branca, Sapato de Beb\u00ea<\/em> e<em> Nossos Filhos<\/em>. Contribu\u00edram para essa edi\u00e7\u00e3o os ent\u00e3o bolsistas de Inicia\u00e7\u00e3o Cient\u00edfica Carlos Ossanes (UFRGS), Beatr\u00eds Seus (UFPel) e Erivelton Lima (UFPel).<\/p>\n<p>Para saber mais informa\u00e7\u00f5es a respeito do projeto, acesse <a href=\"https:\/\/wp.ufpel.edu.br\/grupoicaro\/files\/2016\/12\/A-literatura-dram\u00e1tica-de-Jo\u00e3o-Sim\u00f5es-Lopes-Neto-Jo\u00e3o-Luis-Pereira-Ourique.pdf\" target=\"_blank\">aqui <\/a>o PDF com o texto completo submetido ao CNPq.<\/p>\n<p>Abaixo, voc\u00ea pode conferir um pouco do material organizado pelo grupo; a vers\u00e3o original da pe\u00e7a <em>O Boato<\/em> &#8211; sem revis\u00f5es.<\/p>\n<div data-url=\"https:\/\/issuu.com\/grupodepesquisaicaro\/docs\/o_boato\" style=\"width: 474px; height: 335px;\" class=\"issuuembed\"><\/div>\n<p><script type=\"text\/javascript\" src=\"\/\/e.issuu.com\/embed.js\" async=\"true\"><\/script><\/p>\n<p style=\"text-align: justify\">Voc\u00ea tamb\u00e9m pode optar por fazer o <em>download<\/em> da vers\u00e3o em PDF da <a href=\"https:\/\/wp.ufpel.edu.br\/grupoicaro\/files\/2016\/12\/O-boato.pdf\" target=\"_blank\">pe\u00e7a<\/a>.<\/p>\n","protected":false},"excerpt":{"rendered":"<p>O projeto de pesquisa A Literatura Dram\u00e1tica de Jo\u00e3o Sim\u00f5es Lopes Neto, coordenado pelo Prof. Dr. Jo\u00e3o Luis Pereira Ourique, revisitou todas as pe\u00e7as conhecidas do escritor Jo\u00e3o Sim\u00f5es Lopes Neto, com a finalidade de levar ao acesso p\u00fablico de forma completa, revisada, comentada e atualizada o material teatral do autor pelotense. Esse trabalho, organizado &hellip; <a href=\"https:\/\/wp.ufpel.edu.br\/grupoicaro\/projetos-e-eventos\/a-literatura-dramatica-de-joao-simoes-lopes-neto\/\" class=\"more-link\">Continue lendo <span class=\"screen-reader-text\">A literatura dram\u00e1tica de Jo\u00e3o Sim\u00f5es Lopes Neto<\/span> <span class=\"meta-nav\">&rarr;<\/span><\/a><\/p>\n","protected":false},"author":267,"featured_media":0,"parent":34,"menu_order":0,"comment_status":"closed","ping_status":"closed","template":"","meta":{"jetpack_post_was_ever_published":false,"footnotes":""},"class_list":["post-897","page","type-page","status-publish","hentry"],"jetpack_sharing_enabled":true,"_links":{"self":[{"href":"https:\/\/wp.ufpel.edu.br\/grupoicaro\/wp-json\/wp\/v2\/pages\/897","targetHints":{"allow":["GET"]}}],"collection":[{"href":"https:\/\/wp.ufpel.edu.br\/grupoicaro\/wp-json\/wp\/v2\/pages"}],"about":[{"href":"https:\/\/wp.ufpel.edu.br\/grupoicaro\/wp-json\/wp\/v2\/types\/page"}],"author":[{"embeddable":true,"href":"https:\/\/wp.ufpel.edu.br\/grupoicaro\/wp-json\/wp\/v2\/users\/267"}],"replies":[{"embeddable":true,"href":"https:\/\/wp.ufpel.edu.br\/grupoicaro\/wp-json\/wp\/v2\/comments?post=897"}],"version-history":[{"count":5,"href":"https:\/\/wp.ufpel.edu.br\/grupoicaro\/wp-json\/wp\/v2\/pages\/897\/revisions"}],"predecessor-version":[{"id":907,"href":"https:\/\/wp.ufpel.edu.br\/grupoicaro\/wp-json\/wp\/v2\/pages\/897\/revisions\/907"}],"up":[{"embeddable":true,"href":"https:\/\/wp.ufpel.edu.br\/grupoicaro\/wp-json\/wp\/v2\/pages\/34"}],"wp:attachment":[{"href":"https:\/\/wp.ufpel.edu.br\/grupoicaro\/wp-json\/wp\/v2\/media?parent=897"}],"curies":[{"name":"wp","href":"https:\/\/api.w.org\/{rel}","templated":true}]}}