{"id":965,"date":"2025-05-23T11:02:45","date_gmt":"2025-05-23T14:02:45","guid":{"rendered":"https:\/\/wp.ufpel.edu.br\/graphica2024\/?page_id=965"},"modified":"2025-05-26T16:16:55","modified_gmt":"2025-05-26T19:16:55","slug":"comunicacoes-orais","status":"publish","type":"page","link":"https:\/\/wp.ufpel.edu.br\/graphica2024\/inscricoes\/workshops\/comunicacoes-orais","title":{"rendered":"Comunica\u00e7\u00f5es Orais"},"content":{"rendered":"<p>Compartilhamos com voc\u00ea a programa\u00e7\u00e3o completa das sess\u00f5es do nosso evento.<\/p>\n<p><img loading=\"lazy\" decoding=\"async\" class=\"alignnone wp-image-983 size-full\" src=\"https:\/\/wp.ufpel.edu.br\/graphica2024\/files\/2025\/05\/comunicacoes-orais-V_26-maio-1-scaled.jpg\" alt=\"\" width=\"2560\" height=\"1435\" srcset=\"https:\/\/wp.ufpel.edu.br\/graphica2024\/files\/2025\/05\/comunicacoes-orais-V_26-maio-1-scaled.jpg 2560w, https:\/\/wp.ufpel.edu.br\/graphica2024\/files\/2025\/05\/comunicacoes-orais-V_26-maio-1-400x224.jpg 400w, https:\/\/wp.ufpel.edu.br\/graphica2024\/files\/2025\/05\/comunicacoes-orais-V_26-maio-1-1024x574.jpg 1024w, https:\/\/wp.ufpel.edu.br\/graphica2024\/files\/2025\/05\/comunicacoes-orais-V_26-maio-1-768x431.jpg 768w, https:\/\/wp.ufpel.edu.br\/graphica2024\/files\/2025\/05\/comunicacoes-orais-V_26-maio-1-1536x861.jpg 1536w, https:\/\/wp.ufpel.edu.br\/graphica2024\/files\/2025\/05\/comunicacoes-orais-V_26-maio-1-2048x1148.jpg 2048w\" sizes=\"auto, (max-width: 2560px) 100vw, 2560px\" \/><\/p>\n<p><img loading=\"lazy\" decoding=\"async\" class=\"alignnone wp-image-984 size-full\" src=\"https:\/\/wp.ufpel.edu.br\/graphica2024\/files\/2025\/05\/comunicacoes-orais-V_26-maio-2-scaled.jpg\" alt=\"\" width=\"2560\" height=\"1414\" srcset=\"https:\/\/wp.ufpel.edu.br\/graphica2024\/files\/2025\/05\/comunicacoes-orais-V_26-maio-2-scaled.jpg 2560w, https:\/\/wp.ufpel.edu.br\/graphica2024\/files\/2025\/05\/comunicacoes-orais-V_26-maio-2-400x221.jpg 400w, https:\/\/wp.ufpel.edu.br\/graphica2024\/files\/2025\/05\/comunicacoes-orais-V_26-maio-2-1024x566.jpg 1024w, https:\/\/wp.ufpel.edu.br\/graphica2024\/files\/2025\/05\/comunicacoes-orais-V_26-maio-2-768x424.jpg 768w, https:\/\/wp.ufpel.edu.br\/graphica2024\/files\/2025\/05\/comunicacoes-orais-V_26-maio-2-1536x849.jpg 1536w, https:\/\/wp.ufpel.edu.br\/graphica2024\/files\/2025\/05\/comunicacoes-orais-V_26-maio-2-2048x1131.jpg 2048w\" sizes=\"auto, (max-width: 2560px) 100vw, 2560px\" \/><\/p>\n<p><img loading=\"lazy\" decoding=\"async\" class=\"alignnone wp-image-985 size-full\" src=\"https:\/\/wp.ufpel.edu.br\/graphica2024\/files\/2025\/05\/comunicacoes-orais-V_26-maio-3-scaled.jpg\" alt=\"\" width=\"2560\" height=\"1406\" srcset=\"https:\/\/wp.ufpel.edu.br\/graphica2024\/files\/2025\/05\/comunicacoes-orais-V_26-maio-3-scaled.jpg 2560w, https:\/\/wp.ufpel.edu.br\/graphica2024\/files\/2025\/05\/comunicacoes-orais-V_26-maio-3-400x220.jpg 400w, https:\/\/wp.ufpel.edu.br\/graphica2024\/files\/2025\/05\/comunicacoes-orais-V_26-maio-3-1024x562.jpg 1024w, https:\/\/wp.ufpel.edu.br\/graphica2024\/files\/2025\/05\/comunicacoes-orais-V_26-maio-3-768x422.jpg 768w, https:\/\/wp.ufpel.edu.br\/graphica2024\/files\/2025\/05\/comunicacoes-orais-V_26-maio-3-1536x844.jpg 1536w, https:\/\/wp.ufpel.edu.br\/graphica2024\/files\/2025\/05\/comunicacoes-orais-V_26-maio-3-2048x1125.jpg 2048w\" sizes=\"auto, (max-width: 2560px) 100vw, 2560px\" \/><\/p>\n<p><img loading=\"lazy\" decoding=\"async\" class=\"alignnone wp-image-986 size-full\" src=\"https:\/\/wp.ufpel.edu.br\/graphica2024\/files\/2025\/05\/comunicacoes-orais-V_26-maio-4-scaled.jpg\" alt=\"\" width=\"2560\" height=\"1307\" srcset=\"https:\/\/wp.ufpel.edu.br\/graphica2024\/files\/2025\/05\/comunicacoes-orais-V_26-maio-4-scaled.jpg 2560w, https:\/\/wp.ufpel.edu.br\/graphica2024\/files\/2025\/05\/comunicacoes-orais-V_26-maio-4-400x204.jpg 400w, https:\/\/wp.ufpel.edu.br\/graphica2024\/files\/2025\/05\/comunicacoes-orais-V_26-maio-4-1024x523.jpg 1024w, https:\/\/wp.ufpel.edu.br\/graphica2024\/files\/2025\/05\/comunicacoes-orais-V_26-maio-4-768x392.jpg 768w, https:\/\/wp.ufpel.edu.br\/graphica2024\/files\/2025\/05\/comunicacoes-orais-V_26-maio-4-1536x784.jpg 1536w, https:\/\/wp.ufpel.edu.br\/graphica2024\/files\/2025\/05\/comunicacoes-orais-V_26-maio-4-2048x1045.jpg 2048w\" sizes=\"auto, (max-width: 2560px) 100vw, 2560px\" \/><\/p>\n<p>Informa\u00e7\u00f5es importantes para o apresentador:<\/p>\n<ul>\n<li>Voc\u00ea receber\u00e1 um link dia 26 para o dep\u00f3sito do pdf de acordo com a sua sess\u00e3o. Pedimos que envie at\u00e9 dia 27\/05.<\/li>\n<li>N\u00e3o ser\u00e1 disponibilizada a utiliza\u00e7\u00e3o do pr\u00f3prio computador;<\/li>\n<li>A apresenta\u00e7\u00e3o ser\u00e1 de no m\u00e1ximo 10 minutos;<\/li>\n<li>Chegue com no m\u00ednimo 5 minutos de anteced\u00eancia na sua sala;<\/li>\n<\/ul>\n<p>Se voc\u00ea n\u00e3o est\u00e1 na lista de apresenta\u00e7\u00e3o preencha o formul\u00e1rio:<\/p>\n<p><a href=\"https:\/\/docs.google.com\/forms\/d\/e\/1FAIpQLSdHH--316qiP678ZQAWkwmca8f_EssKjbxhpGjQ6NdCKrwgGg\/viewform?usp=header\">https:\/\/docs.google.com\/forms\/d\/e\/1FAIpQLSdHH&#8211;316qiP678ZQAWkwmca8f_EssKjbxhpGjQ6NdCKrwgGg\/viewform?usp=header<\/a><\/p>\n<p>Al\u00e9m disso, preparamos um cronograma repleto de palestras, workshops e atividades para todos os participantes.<br \/>\nPara informa\u00e7\u00f5es mais completas de cada palestra, mesa e workshop:<\/p>\n<p><img loading=\"lazy\" decoding=\"async\" class=\"alignnone wp-image-963 size-full\" src=\"https:\/\/wp.ufpel.edu.br\/graphica2024\/files\/2025\/05\/Frame-222_Sessoes-scaled.png\" alt=\"\" width=\"2560\" height=\"1046\" srcset=\"https:\/\/wp.ufpel.edu.br\/graphica2024\/files\/2025\/05\/Frame-222_Sessoes-scaled.png 2560w, https:\/\/wp.ufpel.edu.br\/graphica2024\/files\/2025\/05\/Frame-222_Sessoes-400x163.png 400w, https:\/\/wp.ufpel.edu.br\/graphica2024\/files\/2025\/05\/Frame-222_Sessoes-1024x419.png 1024w, https:\/\/wp.ufpel.edu.br\/graphica2024\/files\/2025\/05\/Frame-222_Sessoes-768x314.png 768w, https:\/\/wp.ufpel.edu.br\/graphica2024\/files\/2025\/05\/Frame-222_Sessoes-1536x628.png 1536w, https:\/\/wp.ufpel.edu.br\/graphica2024\/files\/2025\/05\/Frame-222_Sessoes-2048x837.png 2048w\" sizes=\"auto, (max-width: 2560px) 100vw, 2560px\" \/><\/p>\n<p>Sejam bem-vindos!<\/p>\n","protected":false},"excerpt":{"rendered":"<p>Compartilhamos com voc\u00ea a programa\u00e7\u00e3o completa das sess\u00f5es do nosso evento. Informa\u00e7\u00f5es importantes para o apresentador: Voc\u00ea receber\u00e1 um link dia 26 para o dep\u00f3sito do pdf de acordo com a sua sess\u00e3o. Pedimos que envie at\u00e9 dia 27\/05. N\u00e3o ser\u00e1 disponibilizada a utiliza\u00e7\u00e3o do pr\u00f3prio computador; A apresenta\u00e7\u00e3o ser\u00e1 de no m\u00e1ximo 10 minutos; [&hellip;]<\/p>\n","protected":false},"author":1358,"featured_media":0,"parent":895,"menu_order":0,"comment_status":"closed","ping_status":"closed","template":"","meta":{"footnotes":""},"class_list":["post-965","page","type-page","status-publish","hentry","post"],"_links":{"self":[{"href":"https:\/\/wp.ufpel.edu.br\/graphica2024\/wp-json\/wp\/v2\/pages\/965","targetHints":{"allow":["GET"]}}],"collection":[{"href":"https:\/\/wp.ufpel.edu.br\/graphica2024\/wp-json\/wp\/v2\/pages"}],"about":[{"href":"https:\/\/wp.ufpel.edu.br\/graphica2024\/wp-json\/wp\/v2\/types\/page"}],"author":[{"embeddable":true,"href":"https:\/\/wp.ufpel.edu.br\/graphica2024\/wp-json\/wp\/v2\/users\/1358"}],"replies":[{"embeddable":true,"href":"https:\/\/wp.ufpel.edu.br\/graphica2024\/wp-json\/wp\/v2\/comments?post=965"}],"version-history":[{"count":9,"href":"https:\/\/wp.ufpel.edu.br\/graphica2024\/wp-json\/wp\/v2\/pages\/965\/revisions"}],"predecessor-version":[{"id":988,"href":"https:\/\/wp.ufpel.edu.br\/graphica2024\/wp-json\/wp\/v2\/pages\/965\/revisions\/988"}],"up":[{"embeddable":true,"href":"https:\/\/wp.ufpel.edu.br\/graphica2024\/wp-json\/wp\/v2\/pages\/895"}],"wp:attachment":[{"href":"https:\/\/wp.ufpel.edu.br\/graphica2024\/wp-json\/wp\/v2\/media?parent=965"}],"curies":[{"name":"wp","href":"https:\/\/api.w.org\/{rel}","templated":true}]}}