{"id":679,"date":"2025-02-27T15:24:13","date_gmt":"2025-02-27T18:24:13","guid":{"rendered":"https:\/\/wp.ufpel.edu.br\/graphica2024\/?page_id=679"},"modified":"2025-05-23T10:10:16","modified_gmt":"2025-05-23T13:10:16","slug":"evento-menu-programacao","status":"publish","type":"page","link":"https:\/\/wp.ufpel.edu.br\/graphica2024\/evento-menu-programacao","title":{"rendered":"Programa\u00e7\u00e3o do Evento*"},"content":{"rendered":"<p>* Pr\u00e9via, pois ainda pode sofrer altera\u00e7\u00f5es.<\/p>\n<p>De 27 a 30 de maio de 2025 &#8211; Local: Audit\u00f3rio IFSul Campus Pelotas &#8211; Pelotas\/RS<\/p>\n<p>Confira, mais abaixo, as palestras e os convidados confirmados para o evento!<\/p>\n<p><img loading=\"lazy\" decoding=\"async\" class=\"alignnone wp-image-963 size-full\" src=\"https:\/\/wp.ufpel.edu.br\/graphica2024\/files\/2025\/05\/Frame-222_Sessoes-scaled.png\" alt=\"\" width=\"2560\" height=\"1046\" srcset=\"https:\/\/wp.ufpel.edu.br\/graphica2024\/files\/2025\/05\/Frame-222_Sessoes-scaled.png 2560w, https:\/\/wp.ufpel.edu.br\/graphica2024\/files\/2025\/05\/Frame-222_Sessoes-400x163.png 400w, https:\/\/wp.ufpel.edu.br\/graphica2024\/files\/2025\/05\/Frame-222_Sessoes-1024x419.png 1024w, https:\/\/wp.ufpel.edu.br\/graphica2024\/files\/2025\/05\/Frame-222_Sessoes-768x314.png 768w, https:\/\/wp.ufpel.edu.br\/graphica2024\/files\/2025\/05\/Frame-222_Sessoes-1536x628.png 1536w, https:\/\/wp.ufpel.edu.br\/graphica2024\/files\/2025\/05\/Frame-222_Sessoes-2048x837.png 2048w\" sizes=\"auto, (max-width: 2560px) 100vw, 2560px\" \/><\/p>\n<h3>Workshops e palestras confirmadas!!<\/h3>\n<p><img loading=\"lazy\" decoding=\"async\" class=\"alignnone size-medium wp-image-872\" src=\"https:\/\/wp.ufpel.edu.br\/graphica2024\/files\/2025\/05\/Card_Insta_workshop_Gil-e-Juliana-320x400.png\" alt=\"\" width=\"320\" height=\"400\" srcset=\"https:\/\/wp.ufpel.edu.br\/graphica2024\/files\/2025\/05\/Card_Insta_workshop_Gil-e-Juliana-320x400.png 320w, https:\/\/wp.ufpel.edu.br\/graphica2024\/files\/2025\/05\/Card_Insta_workshop_Gil-e-Juliana-819x1024.png 819w, https:\/\/wp.ufpel.edu.br\/graphica2024\/files\/2025\/05\/Card_Insta_workshop_Gil-e-Juliana-768x960.png 768w, https:\/\/wp.ufpel.edu.br\/graphica2024\/files\/2025\/05\/Card_Insta_workshop_Gil-e-Juliana.png 1080w\" sizes=\"auto, (max-width: 320px) 100vw, 320px\" \/>\u00a0 <img loading=\"lazy\" decoding=\"async\" class=\"alignnone size-medium wp-image-871\" src=\"https:\/\/wp.ufpel.edu.br\/graphica2024\/files\/2025\/05\/Card_Insta_workshop_Nathalia-1-320x400.png\" alt=\"\" width=\"320\" height=\"400\" srcset=\"https:\/\/wp.ufpel.edu.br\/graphica2024\/files\/2025\/05\/Card_Insta_workshop_Nathalia-1-320x400.png 320w, https:\/\/wp.ufpel.edu.br\/graphica2024\/files\/2025\/05\/Card_Insta_workshop_Nathalia-1-819x1024.png 819w, https:\/\/wp.ufpel.edu.br\/graphica2024\/files\/2025\/05\/Card_Insta_workshop_Nathalia-1-768x960.png 768w, https:\/\/wp.ufpel.edu.br\/graphica2024\/files\/2025\/05\/Card_Insta_workshop_Nathalia-1.png 1080w\" sizes=\"auto, (max-width: 320px) 100vw, 320px\" \/>\u00a0 <img loading=\"lazy\" decoding=\"async\" class=\"alignnone size-medium wp-image-870\" src=\"https:\/\/wp.ufpel.edu.br\/graphica2024\/files\/2025\/05\/Card_Insta_workshop_Guilherme-1-320x400.png\" alt=\"\" width=\"320\" height=\"400\" srcset=\"https:\/\/wp.ufpel.edu.br\/graphica2024\/files\/2025\/05\/Card_Insta_workshop_Guilherme-1-320x400.png 320w, https:\/\/wp.ufpel.edu.br\/graphica2024\/files\/2025\/05\/Card_Insta_workshop_Guilherme-1-819x1024.png 819w, https:\/\/wp.ufpel.edu.br\/graphica2024\/files\/2025\/05\/Card_Insta_workshop_Guilherme-1-768x960.png 768w, https:\/\/wp.ufpel.edu.br\/graphica2024\/files\/2025\/05\/Card_Insta_workshop_Guilherme-1.png 1080w\" sizes=\"auto, (max-width: 320px) 100vw, 320px\" \/>\u00a0 <img loading=\"lazy\" decoding=\"async\" class=\"alignnone size-medium wp-image-869\" src=\"https:\/\/wp.ufpel.edu.br\/graphica2024\/files\/2025\/05\/Card_Insta_workshop_Felipe-e-Luciana-320x400.png\" alt=\"\" width=\"320\" height=\"400\" srcset=\"https:\/\/wp.ufpel.edu.br\/graphica2024\/files\/2025\/05\/Card_Insta_workshop_Felipe-e-Luciana-320x400.png 320w, https:\/\/wp.ufpel.edu.br\/graphica2024\/files\/2025\/05\/Card_Insta_workshop_Felipe-e-Luciana-819x1024.png 819w, https:\/\/wp.ufpel.edu.br\/graphica2024\/files\/2025\/05\/Card_Insta_workshop_Felipe-e-Luciana-768x960.png 768w, https:\/\/wp.ufpel.edu.br\/graphica2024\/files\/2025\/05\/Card_Insta_workshop_Felipe-e-Luciana.png 1080w\" sizes=\"auto, (max-width: 320px) 100vw, 320px\" \/> <img loading=\"lazy\" decoding=\"async\" class=\"alignnone size-medium wp-image-904\" src=\"https:\/\/wp.ufpel.edu.br\/graphica2024\/files\/2025\/05\/Card_Insta_workshop_Ana-Carolina_1-320x400.png\" alt=\"\" width=\"320\" height=\"400\" srcset=\"https:\/\/wp.ufpel.edu.br\/graphica2024\/files\/2025\/05\/Card_Insta_workshop_Ana-Carolina_1-320x400.png 320w, https:\/\/wp.ufpel.edu.br\/graphica2024\/files\/2025\/05\/Card_Insta_workshop_Ana-Carolina_1-819x1024.png 819w, https:\/\/wp.ufpel.edu.br\/graphica2024\/files\/2025\/05\/Card_Insta_workshop_Ana-Carolina_1-768x960.png 768w, https:\/\/wp.ufpel.edu.br\/graphica2024\/files\/2025\/05\/Card_Insta_workshop_Ana-Carolina_1.png 1080w\" sizes=\"auto, (max-width: 320px) 100vw, 320px\" \/><\/p>\n<p>&nbsp;<\/p>\n<p><img loading=\"lazy\" decoding=\"async\" class=\"alignnone size-medium wp-image-845\" src=\"https:\/\/wp.ufpel.edu.br\/graphica2024\/files\/2025\/04\/Card_Insta_palestra_Ricardo_joel-320x400.png\" alt=\"\" width=\"320\" height=\"400\" srcset=\"https:\/\/wp.ufpel.edu.br\/graphica2024\/files\/2025\/04\/Card_Insta_palestra_Ricardo_joel-320x400.png 320w, https:\/\/wp.ufpel.edu.br\/graphica2024\/files\/2025\/04\/Card_Insta_palestra_Ricardo_joel-819x1024.png 819w, https:\/\/wp.ufpel.edu.br\/graphica2024\/files\/2025\/04\/Card_Insta_palestra_Ricardo_joel-768x960.png 768w, https:\/\/wp.ufpel.edu.br\/graphica2024\/files\/2025\/04\/Card_Insta_palestra_Ricardo_joel.png 1080w\" sizes=\"auto, (max-width: 320px) 100vw, 320px\" \/> <img loading=\"lazy\" decoding=\"async\" class=\"alignnone size-medium wp-image-868\" src=\"https:\/\/wp.ufpel.edu.br\/graphica2024\/files\/2025\/05\/Card_Insta_palestra_Otavio_Claudia-320x400.png\" alt=\"\" width=\"320\" height=\"400\" srcset=\"https:\/\/wp.ufpel.edu.br\/graphica2024\/files\/2025\/05\/Card_Insta_palestra_Otavio_Claudia-320x400.png 320w, https:\/\/wp.ufpel.edu.br\/graphica2024\/files\/2025\/05\/Card_Insta_palestra_Otavio_Claudia-819x1024.png 819w, https:\/\/wp.ufpel.edu.br\/graphica2024\/files\/2025\/05\/Card_Insta_palestra_Otavio_Claudia-768x960.png 768w, https:\/\/wp.ufpel.edu.br\/graphica2024\/files\/2025\/05\/Card_Insta_palestra_Otavio_Claudia.png 1080w\" sizes=\"auto, (max-width: 320px) 100vw, 320px\" \/> <img loading=\"lazy\" decoding=\"async\" class=\"alignnone size-medium wp-image-844\" src=\"https:\/\/wp.ufpel.edu.br\/graphica2024\/files\/2025\/04\/Card_Insta_palestra_Cattani_Cilene-320x400.png\" alt=\"\" width=\"320\" height=\"400\" srcset=\"https:\/\/wp.ufpel.edu.br\/graphica2024\/files\/2025\/04\/Card_Insta_palestra_Cattani_Cilene-320x400.png 320w, https:\/\/wp.ufpel.edu.br\/graphica2024\/files\/2025\/04\/Card_Insta_palestra_Cattani_Cilene-819x1024.png 819w, https:\/\/wp.ufpel.edu.br\/graphica2024\/files\/2025\/04\/Card_Insta_palestra_Cattani_Cilene-768x960.png 768w, https:\/\/wp.ufpel.edu.br\/graphica2024\/files\/2025\/04\/Card_Insta_palestra_Cattani_Cilene.png 1080w\" sizes=\"auto, (max-width: 320px) 100vw, 320px\" \/><img loading=\"lazy\" decoding=\"async\" class=\"alignnone wp-image-880 size-medium\" src=\"https:\/\/wp.ufpel.edu.br\/graphica2024\/files\/2025\/05\/Card_Insta_mesa_28_arte-320x400.png\" alt=\"\" width=\"320\" height=\"400\" srcset=\"https:\/\/wp.ufpel.edu.br\/graphica2024\/files\/2025\/05\/Card_Insta_mesa_28_arte-320x400.png 320w, https:\/\/wp.ufpel.edu.br\/graphica2024\/files\/2025\/05\/Card_Insta_mesa_28_arte-819x1024.png 819w, https:\/\/wp.ufpel.edu.br\/graphica2024\/files\/2025\/05\/Card_Insta_mesa_28_arte-768x960.png 768w, https:\/\/wp.ufpel.edu.br\/graphica2024\/files\/2025\/05\/Card_Insta_mesa_28_arte.png 1080w\" sizes=\"auto, (max-width: 320px) 100vw, 320px\" \/> <img loading=\"lazy\" decoding=\"async\" class=\"alignnone size-medium wp-image-858\" src=\"https:\/\/wp.ufpel.edu.br\/graphica2024\/files\/2025\/05\/Card_Insta_palestra_Gabriela-320x400.png\" alt=\"\" width=\"320\" height=\"400\" srcset=\"https:\/\/wp.ufpel.edu.br\/graphica2024\/files\/2025\/05\/Card_Insta_palestra_Gabriela-320x400.png 320w, https:\/\/wp.ufpel.edu.br\/graphica2024\/files\/2025\/05\/Card_Insta_palestra_Gabriela-819x1024.png 819w, https:\/\/wp.ufpel.edu.br\/graphica2024\/files\/2025\/05\/Card_Insta_palestra_Gabriela-768x960.png 768w, https:\/\/wp.ufpel.edu.br\/graphica2024\/files\/2025\/05\/Card_Insta_palestra_Gabriela.png 1080w\" sizes=\"auto, (max-width: 320px) 100vw, 320px\" \/>\u00a0<img loading=\"lazy\" decoding=\"async\" class=\"alignnone size-medium wp-image-859\" src=\"https:\/\/wp.ufpel.edu.br\/graphica2024\/files\/2025\/05\/Card_Insta_palestra_Marcelo-320x400.png\" alt=\"\" width=\"320\" height=\"400\" srcset=\"https:\/\/wp.ufpel.edu.br\/graphica2024\/files\/2025\/05\/Card_Insta_palestra_Marcelo-320x400.png 320w, https:\/\/wp.ufpel.edu.br\/graphica2024\/files\/2025\/05\/Card_Insta_palestra_Marcelo-819x1024.png 819w, https:\/\/wp.ufpel.edu.br\/graphica2024\/files\/2025\/05\/Card_Insta_palestra_Marcelo-768x960.png 768w, https:\/\/wp.ufpel.edu.br\/graphica2024\/files\/2025\/05\/Card_Insta_palestra_Marcelo.png 1080w\" sizes=\"auto, (max-width: 320px) 100vw, 320px\" \/> <img loading=\"lazy\" decoding=\"async\" class=\"alignnone wp-image-882 size-medium\" src=\"https:\/\/wp.ufpel.edu.br\/graphica2024\/files\/2025\/05\/Card_Insta_mesa_29_expressao-320x400.png\" alt=\"\" width=\"320\" height=\"400\" srcset=\"https:\/\/wp.ufpel.edu.br\/graphica2024\/files\/2025\/05\/Card_Insta_mesa_29_expressao-320x400.png 320w, https:\/\/wp.ufpel.edu.br\/graphica2024\/files\/2025\/05\/Card_Insta_mesa_29_expressao-819x1024.png 819w, https:\/\/wp.ufpel.edu.br\/graphica2024\/files\/2025\/05\/Card_Insta_mesa_29_expressao-768x960.png 768w, https:\/\/wp.ufpel.edu.br\/graphica2024\/files\/2025\/05\/Card_Insta_mesa_29_expressao.png 1080w\" sizes=\"auto, (max-width: 320px) 100vw, 320px\" \/> <img loading=\"lazy\" decoding=\"async\" class=\"alignnone size-medium wp-image-847\" src=\"https:\/\/wp.ufpel.edu.br\/graphica2024\/files\/2025\/04\/Card_Insta_mesa_30-320x400.png\" alt=\"\" width=\"320\" height=\"400\" srcset=\"https:\/\/wp.ufpel.edu.br\/graphica2024\/files\/2025\/04\/Card_Insta_mesa_30-320x400.png 320w, https:\/\/wp.ufpel.edu.br\/graphica2024\/files\/2025\/04\/Card_Insta_mesa_30-819x1024.png 819w, https:\/\/wp.ufpel.edu.br\/graphica2024\/files\/2025\/04\/Card_Insta_mesa_30-768x960.png 768w, https:\/\/wp.ufpel.edu.br\/graphica2024\/files\/2025\/04\/Card_Insta_mesa_30.png 1080w\" sizes=\"auto, (max-width: 320px) 100vw, 320px\" \/> <img loading=\"lazy\" decoding=\"async\" class=\"alignnone size-medium wp-image-851\" src=\"https:\/\/wp.ufpel.edu.br\/graphica2024\/files\/2025\/05\/Card_Insta_palestra_Rodrigo-320x400.png\" alt=\"\" width=\"320\" height=\"400\" srcset=\"https:\/\/wp.ufpel.edu.br\/graphica2024\/files\/2025\/05\/Card_Insta_palestra_Rodrigo-320x400.png 320w, https:\/\/wp.ufpel.edu.br\/graphica2024\/files\/2025\/05\/Card_Insta_palestra_Rodrigo-819x1024.png 819w, https:\/\/wp.ufpel.edu.br\/graphica2024\/files\/2025\/05\/Card_Insta_palestra_Rodrigo-768x960.png 768w, https:\/\/wp.ufpel.edu.br\/graphica2024\/files\/2025\/05\/Card_Insta_palestra_Rodrigo.png 1080w\" sizes=\"auto, (max-width: 320px) 100vw, 320px\" \/> <img loading=\"lazy\" decoding=\"async\" class=\"alignnone size-medium wp-image-860\" src=\"https:\/\/wp.ufpel.edu.br\/graphica2024\/files\/2025\/05\/Card_Insta_visita_guiada-320x400.png\" alt=\"\" width=\"320\" height=\"400\" srcset=\"https:\/\/wp.ufpel.edu.br\/graphica2024\/files\/2025\/05\/Card_Insta_visita_guiada-320x400.png 320w, https:\/\/wp.ufpel.edu.br\/graphica2024\/files\/2025\/05\/Card_Insta_visita_guiada-819x1024.png 819w, https:\/\/wp.ufpel.edu.br\/graphica2024\/files\/2025\/05\/Card_Insta_visita_guiada-768x960.png 768w, https:\/\/wp.ufpel.edu.br\/graphica2024\/files\/2025\/05\/Card_Insta_visita_guiada.png 1080w\" sizes=\"auto, (max-width: 320px) 100vw, 320px\" \/><\/p>\n<p><strong>CONVIDADOS CONFIRMADOS!<\/strong><\/p>\n<p><img loading=\"lazy\" decoding=\"async\" class=\"alignnone size-medium wp-image-795\" src=\"https:\/\/wp.ufpel.edu.br\/graphica2024\/files\/2025\/03\/Card_Insta_novo_Marcelo-320x400.png\" alt=\"\" width=\"320\" height=\"400\" srcset=\"https:\/\/wp.ufpel.edu.br\/graphica2024\/files\/2025\/03\/Card_Insta_novo_Marcelo-320x400.png 320w, https:\/\/wp.ufpel.edu.br\/graphica2024\/files\/2025\/03\/Card_Insta_novo_Marcelo-819x1024.png 819w, https:\/\/wp.ufpel.edu.br\/graphica2024\/files\/2025\/03\/Card_Insta_novo_Marcelo-768x960.png 768w, https:\/\/wp.ufpel.edu.br\/graphica2024\/files\/2025\/03\/Card_Insta_novo_Marcelo.png 1080w\" sizes=\"auto, (max-width: 320px) 100vw, 320px\" \/> <img loading=\"lazy\" decoding=\"async\" class=\"alignnone size-medium wp-image-796\" src=\"https:\/\/wp.ufpel.edu.br\/graphica2024\/files\/2025\/03\/Card_Insta_novo_Rodrigo-320x400.png\" alt=\"\" width=\"320\" height=\"400\" srcset=\"https:\/\/wp.ufpel.edu.br\/graphica2024\/files\/2025\/03\/Card_Insta_novo_Rodrigo-320x400.png 320w, https:\/\/wp.ufpel.edu.br\/graphica2024\/files\/2025\/03\/Card_Insta_novo_Rodrigo-819x1024.png 819w, https:\/\/wp.ufpel.edu.br\/graphica2024\/files\/2025\/03\/Card_Insta_novo_Rodrigo-768x960.png 768w, https:\/\/wp.ufpel.edu.br\/graphica2024\/files\/2025\/03\/Card_Insta_novo_Rodrigo.png 1080w\" sizes=\"auto, (max-width: 320px) 100vw, 320px\" \/> <img loading=\"lazy\" decoding=\"async\" class=\"alignnone size-medium wp-image-810\" src=\"https:\/\/wp.ufpel.edu.br\/graphica2024\/files\/2025\/03\/Ricardo_ultimo-320x400.png\" alt=\"\" width=\"320\" height=\"400\" srcset=\"https:\/\/wp.ufpel.edu.br\/graphica2024\/files\/2025\/03\/Ricardo_ultimo-320x400.png 320w, https:\/\/wp.ufpel.edu.br\/graphica2024\/files\/2025\/03\/Ricardo_ultimo-819x1024.png 819w, https:\/\/wp.ufpel.edu.br\/graphica2024\/files\/2025\/03\/Ricardo_ultimo-768x960.png 768w, https:\/\/wp.ufpel.edu.br\/graphica2024\/files\/2025\/03\/Ricardo_ultimo.png 1080w\" sizes=\"auto, (max-width: 320px) 100vw, 320px\" \/> <img loading=\"lazy\" decoding=\"async\" class=\"alignnone size-medium wp-image-812\" src=\"https:\/\/wp.ufpel.edu.br\/graphica2024\/files\/2025\/03\/Ultimo_card_Airton-320x400.png\" alt=\"\" width=\"320\" height=\"400\" srcset=\"https:\/\/wp.ufpel.edu.br\/graphica2024\/files\/2025\/03\/Ultimo_card_Airton-320x400.png 320w, https:\/\/wp.ufpel.edu.br\/graphica2024\/files\/2025\/03\/Ultimo_card_Airton-819x1024.png 819w, https:\/\/wp.ufpel.edu.br\/graphica2024\/files\/2025\/03\/Ultimo_card_Airton-768x960.png 768w, https:\/\/wp.ufpel.edu.br\/graphica2024\/files\/2025\/03\/Ultimo_card_Airton.png 1080w\" sizes=\"auto, (max-width: 320px) 100vw, 320px\" \/> <img loading=\"lazy\" decoding=\"async\" class=\"alignnone size-medium wp-image-814\" src=\"https:\/\/wp.ufpel.edu.br\/graphica2024\/files\/2025\/03\/Card_Insta_novo_Gilson_Abeg-320x400.png\" alt=\"\" width=\"320\" height=\"400\" srcset=\"https:\/\/wp.ufpel.edu.br\/graphica2024\/files\/2025\/03\/Card_Insta_novo_Gilson_Abeg-320x400.png 320w, https:\/\/wp.ufpel.edu.br\/graphica2024\/files\/2025\/03\/Card_Insta_novo_Gilson_Abeg-819x1024.png 819w, https:\/\/wp.ufpel.edu.br\/graphica2024\/files\/2025\/03\/Card_Insta_novo_Gilson_Abeg-768x960.png 768w, https:\/\/wp.ufpel.edu.br\/graphica2024\/files\/2025\/03\/Card_Insta_novo_Gilson_Abeg.png 1080w\" sizes=\"auto, (max-width: 320px) 100vw, 320px\" \/> <img loading=\"lazy\" decoding=\"async\" class=\"alignnone size-medium wp-image-822\" src=\"https:\/\/wp.ufpel.edu.br\/graphica2024\/files\/2025\/03\/Card_Insta_novo_Rossano-320x400.png\" alt=\"\" width=\"320\" height=\"400\" srcset=\"https:\/\/wp.ufpel.edu.br\/graphica2024\/files\/2025\/03\/Card_Insta_novo_Rossano-320x400.png 320w, https:\/\/wp.ufpel.edu.br\/graphica2024\/files\/2025\/03\/Card_Insta_novo_Rossano-819x1024.png 819w, https:\/\/wp.ufpel.edu.br\/graphica2024\/files\/2025\/03\/Card_Insta_novo_Rossano-768x960.png 768w, https:\/\/wp.ufpel.edu.br\/graphica2024\/files\/2025\/03\/Card_Insta_novo_Rossano.png 1080w\" sizes=\"auto, (max-width: 320px) 100vw, 320px\" \/> <img loading=\"lazy\" decoding=\"async\" class=\"alignnone size-medium wp-image-821\" src=\"https:\/\/wp.ufpel.edu.br\/graphica2024\/files\/2025\/03\/Card_Insta_novo_Gabriela_Castro-320x400.png\" alt=\"\" width=\"320\" height=\"400\" srcset=\"https:\/\/wp.ufpel.edu.br\/graphica2024\/files\/2025\/03\/Card_Insta_novo_Gabriela_Castro-320x400.png 320w, https:\/\/wp.ufpel.edu.br\/graphica2024\/files\/2025\/03\/Card_Insta_novo_Gabriela_Castro-819x1024.png 819w, https:\/\/wp.ufpel.edu.br\/graphica2024\/files\/2025\/03\/Card_Insta_novo_Gabriela_Castro-768x960.png 768w, https:\/\/wp.ufpel.edu.br\/graphica2024\/files\/2025\/03\/Card_Insta_novo_Gabriela_Castro.png 1080w\" sizes=\"auto, (max-width: 320px) 100vw, 320px\" \/> <img loading=\"lazy\" decoding=\"async\" class=\"alignnone size-medium wp-image-820\" src=\"https:\/\/wp.ufpel.edu.br\/graphica2024\/files\/2025\/03\/Card_Insta_novo_Dimitre-320x400.png\" alt=\"\" width=\"320\" height=\"400\" srcset=\"https:\/\/wp.ufpel.edu.br\/graphica2024\/files\/2025\/03\/Card_Insta_novo_Dimitre-320x400.png 320w, https:\/\/wp.ufpel.edu.br\/graphica2024\/files\/2025\/03\/Card_Insta_novo_Dimitre-819x1024.png 819w, https:\/\/wp.ufpel.edu.br\/graphica2024\/files\/2025\/03\/Card_Insta_novo_Dimitre-768x960.png 768w, https:\/\/wp.ufpel.edu.br\/graphica2024\/files\/2025\/03\/Card_Insta_novo_Dimitre.png 1080w\" sizes=\"auto, (max-width: 320px) 100vw, 320px\" \/> <img loading=\"lazy\" decoding=\"async\" class=\"alignnone size-medium wp-image-819\" src=\"https:\/\/wp.ufpel.edu.br\/graphica2024\/files\/2025\/03\/Card_Insta_novo_Andiara-320x400.png\" alt=\"\" width=\"320\" height=\"400\" srcset=\"https:\/\/wp.ufpel.edu.br\/graphica2024\/files\/2025\/03\/Card_Insta_novo_Andiara-320x400.png 320w, https:\/\/wp.ufpel.edu.br\/graphica2024\/files\/2025\/03\/Card_Insta_novo_Andiara-819x1024.png 819w, https:\/\/wp.ufpel.edu.br\/graphica2024\/files\/2025\/03\/Card_Insta_novo_Andiara-768x960.png 768w, https:\/\/wp.ufpel.edu.br\/graphica2024\/files\/2025\/03\/Card_Insta_novo_Andiara.png 1080w\" sizes=\"auto, (max-width: 320px) 100vw, 320px\" \/> <img loading=\"lazy\" decoding=\"async\" class=\"alignnone size-medium wp-image-824\" src=\"https:\/\/wp.ufpel.edu.br\/graphica2024\/files\/2025\/03\/Card_Insta_novo_Simone-320x400.png\" alt=\"\" width=\"320\" height=\"400\" srcset=\"https:\/\/wp.ufpel.edu.br\/graphica2024\/files\/2025\/03\/Card_Insta_novo_Simone-320x400.png 320w, https:\/\/wp.ufpel.edu.br\/graphica2024\/files\/2025\/03\/Card_Insta_novo_Simone-819x1024.png 819w, https:\/\/wp.ufpel.edu.br\/graphica2024\/files\/2025\/03\/Card_Insta_novo_Simone-768x960.png 768w, https:\/\/wp.ufpel.edu.br\/graphica2024\/files\/2025\/03\/Card_Insta_novo_Simone.png 1080w\" sizes=\"auto, (max-width: 320px) 100vw, 320px\" \/> <img loading=\"lazy\" decoding=\"async\" class=\"alignnone size-medium wp-image-831\" src=\"https:\/\/wp.ufpel.edu.br\/graphica2024\/files\/2025\/04\/Card_Insta_novo_Gabriela_FonPer-320x400.png\" alt=\"\" width=\"320\" height=\"400\" srcset=\"https:\/\/wp.ufpel.edu.br\/graphica2024\/files\/2025\/04\/Card_Insta_novo_Gabriela_FonPer-320x400.png 320w, https:\/\/wp.ufpel.edu.br\/graphica2024\/files\/2025\/04\/Card_Insta_novo_Gabriela_FonPer-819x1024.png 819w, https:\/\/wp.ufpel.edu.br\/graphica2024\/files\/2025\/04\/Card_Insta_novo_Gabriela_FonPer-768x960.png 768w, https:\/\/wp.ufpel.edu.br\/graphica2024\/files\/2025\/04\/Card_Insta_novo_Gabriela_FonPer.png 1080w\" sizes=\"auto, (max-width: 320px) 100vw, 320px\" \/> <img loading=\"lazy\" decoding=\"async\" class=\"alignnone size-medium wp-image-835\" src=\"https:\/\/wp.ufpel.edu.br\/graphica2024\/files\/2025\/04\/Card_Insta_novo_Lian-Yee-320x400.png\" alt=\"\" width=\"320\" height=\"400\" srcset=\"https:\/\/wp.ufpel.edu.br\/graphica2024\/files\/2025\/04\/Card_Insta_novo_Lian-Yee-320x400.png 320w, https:\/\/wp.ufpel.edu.br\/graphica2024\/files\/2025\/04\/Card_Insta_novo_Lian-Yee-819x1024.png 819w, https:\/\/wp.ufpel.edu.br\/graphica2024\/files\/2025\/04\/Card_Insta_novo_Lian-Yee-768x960.png 768w, https:\/\/wp.ufpel.edu.br\/graphica2024\/files\/2025\/04\/Card_Insta_novo_Lian-Yee.png 1080w\" sizes=\"auto, (max-width: 320px) 100vw, 320px\" \/> <img loading=\"lazy\" decoding=\"async\" class=\"alignnone size-medium wp-image-834\" src=\"https:\/\/wp.ufpel.edu.br\/graphica2024\/files\/2025\/04\/Card_Insta_novo_Douglas-320x400.png\" alt=\"\" width=\"320\" height=\"400\" srcset=\"https:\/\/wp.ufpel.edu.br\/graphica2024\/files\/2025\/04\/Card_Insta_novo_Douglas-320x400.png 320w, https:\/\/wp.ufpel.edu.br\/graphica2024\/files\/2025\/04\/Card_Insta_novo_Douglas-819x1024.png 819w, https:\/\/wp.ufpel.edu.br\/graphica2024\/files\/2025\/04\/Card_Insta_novo_Douglas-768x960.png 768w, https:\/\/wp.ufpel.edu.br\/graphica2024\/files\/2025\/04\/Card_Insta_novo_Douglas.png 1080w\" sizes=\"auto, (max-width: 320px) 100vw, 320px\" \/> <img loading=\"lazy\" decoding=\"async\" class=\"alignnone size-medium wp-image-833\" src=\"https:\/\/wp.ufpel.edu.br\/graphica2024\/files\/2025\/04\/Card_Insta_novo_Braida-320x400.png\" alt=\"\" width=\"320\" height=\"400\" srcset=\"https:\/\/wp.ufpel.edu.br\/graphica2024\/files\/2025\/04\/Card_Insta_novo_Braida-320x400.png 320w, https:\/\/wp.ufpel.edu.br\/graphica2024\/files\/2025\/04\/Card_Insta_novo_Braida-819x1024.png 819w, https:\/\/wp.ufpel.edu.br\/graphica2024\/files\/2025\/04\/Card_Insta_novo_Braida-768x960.png 768w, https:\/\/wp.ufpel.edu.br\/graphica2024\/files\/2025\/04\/Card_Insta_novo_Braida.png 1080w\" sizes=\"auto, (max-width: 320px) 100vw, 320px\" \/> <img loading=\"lazy\" decoding=\"async\" class=\"alignnone size-medium wp-image-836\" src=\"https:\/\/wp.ufpel.edu.br\/graphica2024\/files\/2025\/04\/Card_Insta_novo_Otavio-320x400.png\" alt=\"\" width=\"320\" height=\"400\" srcset=\"https:\/\/wp.ufpel.edu.br\/graphica2024\/files\/2025\/04\/Card_Insta_novo_Otavio-320x400.png 320w, https:\/\/wp.ufpel.edu.br\/graphica2024\/files\/2025\/04\/Card_Insta_novo_Otavio-819x1024.png 819w, https:\/\/wp.ufpel.edu.br\/graphica2024\/files\/2025\/04\/Card_Insta_novo_Otavio-768x960.png 768w, https:\/\/wp.ufpel.edu.br\/graphica2024\/files\/2025\/04\/Card_Insta_novo_Otavio.png 1080w\" sizes=\"auto, (max-width: 320px) 100vw, 320px\" \/> <img loading=\"lazy\" decoding=\"async\" class=\"alignnone size-medium wp-image-838\" src=\"https:\/\/wp.ufpel.edu.br\/graphica2024\/files\/2025\/04\/Card_Insta_novo_Regiane-320x400.png\" alt=\"\" width=\"320\" height=\"400\" srcset=\"https:\/\/wp.ufpel.edu.br\/graphica2024\/files\/2025\/04\/Card_Insta_novo_Regiane-320x400.png 320w, https:\/\/wp.ufpel.edu.br\/graphica2024\/files\/2025\/04\/Card_Insta_novo_Regiane-819x1024.png 819w, https:\/\/wp.ufpel.edu.br\/graphica2024\/files\/2025\/04\/Card_Insta_novo_Regiane-768x960.png 768w, https:\/\/wp.ufpel.edu.br\/graphica2024\/files\/2025\/04\/Card_Insta_novo_Regiane.png 1080w\" sizes=\"auto, (max-width: 320px) 100vw, 320px\" \/><\/p>\n<p>&nbsp;<\/p>\n","protected":false},"excerpt":{"rendered":"<p>* Pr\u00e9via, pois ainda pode sofrer altera\u00e7\u00f5es. De 27 a 30 de maio de 2025 &#8211; Local: Audit\u00f3rio IFSul Campus Pelotas &#8211; Pelotas\/RS Confira, mais abaixo, as palestras e os convidados confirmados para o evento! Workshops e palestras confirmadas!! \u00a0 \u00a0 \u00a0 &nbsp; \u00a0 CONVIDADOS CONFIRMADOS! &nbsp;<\/p>\n","protected":false},"author":263,"featured_media":0,"parent":0,"menu_order":0,"comment_status":"closed","ping_status":"closed","template":"","meta":{"footnotes":""},"class_list":["post-679","page","type-page","status-publish","hentry","post"],"_links":{"self":[{"href":"https:\/\/wp.ufpel.edu.br\/graphica2024\/wp-json\/wp\/v2\/pages\/679","targetHints":{"allow":["GET"]}}],"collection":[{"href":"https:\/\/wp.ufpel.edu.br\/graphica2024\/wp-json\/wp\/v2\/pages"}],"about":[{"href":"https:\/\/wp.ufpel.edu.br\/graphica2024\/wp-json\/wp\/v2\/types\/page"}],"author":[{"embeddable":true,"href":"https:\/\/wp.ufpel.edu.br\/graphica2024\/wp-json\/wp\/v2\/users\/263"}],"replies":[{"embeddable":true,"href":"https:\/\/wp.ufpel.edu.br\/graphica2024\/wp-json\/wp\/v2\/comments?post=679"}],"version-history":[{"count":57,"href":"https:\/\/wp.ufpel.edu.br\/graphica2024\/wp-json\/wp\/v2\/pages\/679\/revisions"}],"predecessor-version":[{"id":964,"href":"https:\/\/wp.ufpel.edu.br\/graphica2024\/wp-json\/wp\/v2\/pages\/679\/revisions\/964"}],"wp:attachment":[{"href":"https:\/\/wp.ufpel.edu.br\/graphica2024\/wp-json\/wp\/v2\/media?parent=679"}],"curies":[{"name":"wp","href":"https:\/\/api.w.org\/{rel}","templated":true}]}}