{"id":676,"date":"2025-02-27T15:22:57","date_gmt":"2025-02-27T18:22:57","guid":{"rendered":"https:\/\/wp.ufpel.edu.br\/graphica2024\/?page_id=676"},"modified":"2025-02-27T16:36:07","modified_gmt":"2025-02-27T19:36:07","slug":"pre-evento-menu-programacao","status":"publish","type":"page","link":"https:\/\/wp.ufpel.edu.br\/graphica2024\/pre-evento-menu-programacao","title":{"rendered":"Pr\u00e9-evento"},"content":{"rendered":"<p>Foram proferidas duas confer\u00eancias para marcar a data inicialmente programada para a realiza\u00e7\u00e3o do evento, dispon\u00edveis de maneira aberta. Confira!<\/p>\n<p>&nbsp;<\/p>\n<p><a href=\"http:\/\/youtu.be\/jkniVV_aQww\"><img loading=\"lazy\" decoding=\"async\" class=\"alignnone wp-image-578 size-medium\" src=\"https:\/\/wp.ufpel.edu.br\/graphica2024\/files\/2025\/02\/Graphica_Branko_Insta-400x400.png\" alt=\"\" width=\"400\" height=\"400\" srcset=\"https:\/\/wp.ufpel.edu.br\/graphica2024\/files\/2025\/02\/Graphica_Branko_Insta-400x400.png 400w, https:\/\/wp.ufpel.edu.br\/graphica2024\/files\/2025\/02\/Graphica_Branko_Insta-1024x1024.png 1024w, https:\/\/wp.ufpel.edu.br\/graphica2024\/files\/2025\/02\/Graphica_Branko_Insta-200x200.png 200w, https:\/\/wp.ufpel.edu.br\/graphica2024\/files\/2025\/02\/Graphica_Branko_Insta-768x768.png 768w, https:\/\/wp.ufpel.edu.br\/graphica2024\/files\/2025\/02\/Graphica_Branko_Insta.png 1080w\" sizes=\"auto, (max-width: 400px) 100vw, 400px\" \/><\/a>\u00a0 \u00a0 <a href=\"http:\/\/youtu.be\/Gr-zGeYjPGE\"><img loading=\"lazy\" decoding=\"async\" class=\"alignnone wp-image-579 size-medium\" src=\"https:\/\/wp.ufpel.edu.br\/graphica2024\/files\/2025\/02\/Graphica_Francisco_Insta-400x400.png\" alt=\"\" width=\"400\" height=\"400\" srcset=\"https:\/\/wp.ufpel.edu.br\/graphica2024\/files\/2025\/02\/Graphica_Francisco_Insta-400x400.png 400w, https:\/\/wp.ufpel.edu.br\/graphica2024\/files\/2025\/02\/Graphica_Francisco_Insta-1024x1024.png 1024w, https:\/\/wp.ufpel.edu.br\/graphica2024\/files\/2025\/02\/Graphica_Francisco_Insta-200x200.png 200w, https:\/\/wp.ufpel.edu.br\/graphica2024\/files\/2025\/02\/Graphica_Francisco_Insta-768x768.png 768w, https:\/\/wp.ufpel.edu.br\/graphica2024\/files\/2025\/02\/Graphica_Francisco_Insta.png 1080w\" sizes=\"auto, (max-width: 400px) 100vw, 400px\" \/><\/a><\/p>\n","protected":false},"excerpt":{"rendered":"<p>Foram proferidas duas confer\u00eancias para marcar a data inicialmente programada para a realiza\u00e7\u00e3o do evento, dispon\u00edveis de maneira aberta. Confira! &nbsp; \u00a0 \u00a0<\/p>\n","protected":false},"author":263,"featured_media":0,"parent":0,"menu_order":0,"comment_status":"closed","ping_status":"closed","template":"","meta":{"footnotes":""},"class_list":["post-676","page","type-page","status-publish","hentry","post"],"_links":{"self":[{"href":"https:\/\/wp.ufpel.edu.br\/graphica2024\/wp-json\/wp\/v2\/pages\/676","targetHints":{"allow":["GET"]}}],"collection":[{"href":"https:\/\/wp.ufpel.edu.br\/graphica2024\/wp-json\/wp\/v2\/pages"}],"about":[{"href":"https:\/\/wp.ufpel.edu.br\/graphica2024\/wp-json\/wp\/v2\/types\/page"}],"author":[{"embeddable":true,"href":"https:\/\/wp.ufpel.edu.br\/graphica2024\/wp-json\/wp\/v2\/users\/263"}],"replies":[{"embeddable":true,"href":"https:\/\/wp.ufpel.edu.br\/graphica2024\/wp-json\/wp\/v2\/comments?post=676"}],"version-history":[{"count":8,"href":"https:\/\/wp.ufpel.edu.br\/graphica2024\/wp-json\/wp\/v2\/pages\/676\/revisions"}],"predecessor-version":[{"id":728,"href":"https:\/\/wp.ufpel.edu.br\/graphica2024\/wp-json\/wp\/v2\/pages\/676\/revisions\/728"}],"wp:attachment":[{"href":"https:\/\/wp.ufpel.edu.br\/graphica2024\/wp-json\/wp\/v2\/media?parent=676"}],"curies":[{"name":"wp","href":"https:\/\/api.w.org\/{rel}","templated":true}]}}