{"id":464,"date":"2024-10-22T18:40:48","date_gmt":"2024-10-22T21:40:48","guid":{"rendered":"https:\/\/wp.ufpel.edu.br\/graphica2024\/?page_id=464"},"modified":"2025-02-28T14:28:28","modified_gmt":"2025-02-28T17:28:28","slug":"2a-chamada","status":"publish","type":"page","link":"https:\/\/wp.ufpel.edu.br\/graphica2024\/2a-chamada","title":{"rendered":"2\u00aa chamada"},"content":{"rendered":"<h4><strong>Resumos Expandidos, Banners e Workshops &#8211; Submiss\u00e3o at\u00e9 10\/03\/25<\/strong><\/h4>\n<p><span style=\"font-size: 14pt;\">O <strong>Graphica &#8211; XV International Conference on Graphics Engineering for Arts and Design,\u00a0<\/strong>promovido pela Associa\u00e7\u00e3o Brasileira de Express\u00e3o Gr\u00e1fica (ABEG) e pela International Society for Geometry and Graphics (ISGG), teve a sua programa\u00e7\u00e3o alterada, no que tange \u00e0s atividades presenciais, devido aos eventos extremos ocorridos em maio de 2024 que abalaram muitas cidades do estado do Rio Grande do Sul, incluindo a cidade de Pelotas, e que produziram consequ\u00eancias na infraestrutura do aeroporto de Porto Alegre, principal conex\u00e3o para viabilizar com tranquilidade um evento de abrang\u00eancia internacional.<\/span><\/p>\n<p><span style=\"font-size: 14pt;\">Desta maneira, a comiss\u00e3o organizadora do evento considerou oportuno abrir um espa\u00e7o para publica\u00e7\u00e3o, ainda junto aos Anais do Graphica &#8211; XV International Conference on Graphics Engineering for Arts and Design -, para trabalhos decorrentes do envolvimento de pesquisadores que se valeram de conhecimentos pr\u00f3prios da \u00e1rea express\u00e3o gr\u00e1fica para o enfrentamento do momento de crise e para a tomada de consci\u00eancia em rela\u00e7\u00e3o \u00e0s emerg\u00eancias clim\u00e1ticas, desde que associados aos temas e aos eixos de a\u00e7\u00e3o j\u00e1 estabelecidos no contexto deste evento.<\/span><\/p>\n<h3><span style=\"font-size: 14pt;\"><strong>Tema Provocativo para a submiss\u00e3o de Resumos Expandidos (Parte 2 dos Anais): <\/strong><\/span><br \/>\n<span style=\"font-size: 14pt;\">Express\u00e3o Gr\u00e1fica e Tomada de Consci\u00eancia sobre Emerg\u00eancias Clim\u00e1ticas<\/span><\/h3>\n<h3><strong>Tema para submiss\u00e3o de Workshops:<\/strong><br \/>\nAssociado a qualquer um dos temas apresentados para a Primeira Chamada<\/h3>\n<h3><strong>Tema Provocativo para a submiss\u00e3o de Banners (Parte 2 dos Anais):<\/strong><br \/>\nJogos F\u00edsicos e\/ou Digitais para o Desenvolvimento da Intelig\u00eancia Espacial<\/h3>\n","protected":false},"excerpt":{"rendered":"<p>Resumos Expandidos, Banners e Workshops &#8211; Submiss\u00e3o at\u00e9 10\/03\/25 O Graphica &#8211; XV International Conference on Graphics Engineering for Arts and Design,\u00a0promovido pela Associa\u00e7\u00e3o Brasileira de Express\u00e3o Gr\u00e1fica (ABEG) e pela International Society for Geometry and Graphics (ISGG), teve a sua programa\u00e7\u00e3o alterada, no que tange \u00e0s atividades presenciais, devido aos eventos extremos ocorridos em [&hellip;]<\/p>\n","protected":false},"author":1357,"featured_media":0,"parent":0,"menu_order":0,"comment_status":"closed","ping_status":"closed","template":"","meta":{"footnotes":""},"class_list":["post-464","page","type-page","status-publish","hentry","post"],"_links":{"self":[{"href":"https:\/\/wp.ufpel.edu.br\/graphica2024\/wp-json\/wp\/v2\/pages\/464","targetHints":{"allow":["GET"]}}],"collection":[{"href":"https:\/\/wp.ufpel.edu.br\/graphica2024\/wp-json\/wp\/v2\/pages"}],"about":[{"href":"https:\/\/wp.ufpel.edu.br\/graphica2024\/wp-json\/wp\/v2\/types\/page"}],"author":[{"embeddable":true,"href":"https:\/\/wp.ufpel.edu.br\/graphica2024\/wp-json\/wp\/v2\/users\/1357"}],"replies":[{"embeddable":true,"href":"https:\/\/wp.ufpel.edu.br\/graphica2024\/wp-json\/wp\/v2\/comments?post=464"}],"version-history":[{"count":15,"href":"https:\/\/wp.ufpel.edu.br\/graphica2024\/wp-json\/wp\/v2\/pages\/464\/revisions"}],"predecessor-version":[{"id":765,"href":"https:\/\/wp.ufpel.edu.br\/graphica2024\/wp-json\/wp\/v2\/pages\/464\/revisions\/765"}],"wp:attachment":[{"href":"https:\/\/wp.ufpel.edu.br\/graphica2024\/wp-json\/wp\/v2\/media?parent=464"}],"curies":[{"name":"wp","href":"https:\/\/api.w.org\/{rel}","templated":true}]}}