{"id":23,"date":"2023-05-10T12:30:30","date_gmt":"2023-05-10T15:30:30","guid":{"rendered":"https:\/\/wp.ufpel.edu.br\/graphica2024\/?page_id=23"},"modified":"2025-02-27T18:35:39","modified_gmt":"2025-02-27T21:35:39","slug":"pelotas","status":"publish","type":"page","link":"https:\/\/wp.ufpel.edu.br\/graphica2024\/pelotas","title":{"rendered":"Pelotas"},"content":{"rendered":"<p style=\"text-align: justify;\"><span style=\"font-weight: 400; font-size: 14pt;\">A cidade de Pelotas situa-se no Sul do Rio Grande do Sul, numa regi\u00e3o de fronteira, disputada durante s\u00e9culos pelas coroas ib\u00e9rica e espanhola. A localiza\u00e7\u00e3o da \u00e1rea urbana de Pelotas, junto ao Canal S\u00e3o Gon\u00e7alo e a Lagoa dos Patos, impulsionou o crescimento da regi\u00e3o, permitindo a liga\u00e7\u00e3o com o Oceano Atl\u00e2ntico. Ao longo desses cursos d\u2019\u00e1gua, e dos arroios Pelotas e Santa B\u00e1rbara, foram implantados diversos estabelecimentos fabris destinados \u00e0 salga da carne, denominados charqueadas. A manufatura do charque possibilitou o ac\u00famulo de riquezas aos propriet\u00e1rios das charqueadas, que ergueram suas resid\u00eancias urbanas distantes do ambiente fabril. Os bens culturais representativos desse conjunto arquitet\u00f4nico, testemunhos do ciclo econ\u00f4mico e cultural do charque, foram reconhecidos e tombados em \u00e2mbito federal pelo Instituto do Patrim\u00f4nio Hist\u00f3rico e Art\u00edstico Nacional (Iphan), em 2018.<\/span><\/p>\n<p style=\"text-align: justify;\"><span style=\"font-weight: 400; font-size: 14pt;\">Na mesma data, as Tradi\u00e7\u00f5es Doceiras da Regi\u00e3o de Pelotas e Antiga Pelotas (Arroio do Padre, Cap\u00e3o do Le\u00e3o, Morro Redondo, Turu\u00e7u) tamb\u00e9m foram reconhecidas e\u00a0 inscritas pelo Iphan, no Livro de Registro dos Saberes.<\/span><\/p>\n<p style=\"text-align: justify;\"><span style=\"font-weight: 400; font-size: 14pt;\">Nesta dire\u00e7\u00e3o, acreditamos que a cidade de Pelotas oferece um ambiente cultural de acolhimento para a realiza\u00e7\u00e3o do evento de modo presencial e, principalmente, um ambiente aberto para o compartilhamento de experi\u00eancias na ampla \u00e1rea de conhecimento que abriga o Graphica sob a indissociabilidade entre o ensino, pesquisa, inova\u00e7\u00e3o tecnol\u00f3gica e\u00a0 extens\u00e3o.<\/span><\/p>\n<p style=\"text-align: justify;\"><span style=\"font-weight: 400; font-size: 14pt;\">Nas programa\u00e7\u00f5es do congresso est\u00e3o previstas visitas guiadas a esse conjunto de edifica\u00e7\u00f5es relativas ao patrim\u00f4nio cultural da cidade. Alguns desses bens pertencem \u00e0 Universidade Federal de Pelotas e abrigam institui\u00e7\u00f5es culturais e museol\u00f3gicas, as quais em diversos momentos sediar\u00e3o o encontro, como abertura, confer\u00eancias e encerramento do congresso.<\/span><\/p>\n<p style=\"text-align: justify;\"><span style=\"font-weight: 400; font-size: 14pt;\">Ressalta-se a pot\u00eancia da cidade de Pelotas, reconhecida como polo universit\u00e1rio, para acolher uma edi\u00e7\u00e3o do Graphica, consagrado evento de express\u00e3o nacional e internacional.<br \/>\n<\/span><\/p>\n<p style=\"text-align: justify;\"><span style=\"font-weight: 400; font-size: 14pt;\">Mais informa\u00e7\u00f5es sobre a cidade <a href=\"https:\/\/www.pelotasturismo.com.br\/cat\"><span style=\"color: #0000ff;\"><em>aqui<\/em><\/span><\/a><\/span><\/p>\n","protected":false},"excerpt":{"rendered":"<p>A cidade de Pelotas situa-se no Sul do Rio Grande do Sul, numa regi\u00e3o de fronteira, disputada durante s\u00e9culos pelas coroas ib\u00e9rica e espanhola. A localiza\u00e7\u00e3o da \u00e1rea urbana de Pelotas, junto ao Canal S\u00e3o Gon\u00e7alo e a Lagoa dos Patos, impulsionou o crescimento da regi\u00e3o, permitindo a liga\u00e7\u00e3o com o Oceano Atl\u00e2ntico. Ao longo [&hellip;]<\/p>\n","protected":false},"author":263,"featured_media":0,"parent":0,"menu_order":0,"comment_status":"closed","ping_status":"closed","template":"","meta":{"footnotes":""},"class_list":["post-23","page","type-page","status-publish","hentry","post"],"_links":{"self":[{"href":"https:\/\/wp.ufpel.edu.br\/graphica2024\/wp-json\/wp\/v2\/pages\/23","targetHints":{"allow":["GET"]}}],"collection":[{"href":"https:\/\/wp.ufpel.edu.br\/graphica2024\/wp-json\/wp\/v2\/pages"}],"about":[{"href":"https:\/\/wp.ufpel.edu.br\/graphica2024\/wp-json\/wp\/v2\/types\/page"}],"author":[{"embeddable":true,"href":"https:\/\/wp.ufpel.edu.br\/graphica2024\/wp-json\/wp\/v2\/users\/263"}],"replies":[{"embeddable":true,"href":"https:\/\/wp.ufpel.edu.br\/graphica2024\/wp-json\/wp\/v2\/comments?post=23"}],"version-history":[{"count":17,"href":"https:\/\/wp.ufpel.edu.br\/graphica2024\/wp-json\/wp\/v2\/pages\/23\/revisions"}],"predecessor-version":[{"id":733,"href":"https:\/\/wp.ufpel.edu.br\/graphica2024\/wp-json\/wp\/v2\/pages\/23\/revisions\/733"}],"wp:attachment":[{"href":"https:\/\/wp.ufpel.edu.br\/graphica2024\/wp-json\/wp\/v2\/media?parent=23"}],"curies":[{"name":"wp","href":"https:\/\/api.w.org\/{rel}","templated":true}]}}