{"id":20,"date":"2023-05-10T12:29:18","date_gmt":"2023-05-10T15:29:18","guid":{"rendered":"https:\/\/wp.ufpel.edu.br\/graphica2024\/?page_id=20"},"modified":"2025-02-28T14:26:36","modified_gmt":"2025-02-28T17:26:36","slug":"programacao","status":"publish","type":"page","link":"https:\/\/wp.ufpel.edu.br\/graphica2024\/programacao","title":{"rendered":"Programa\u00e7\u00e3o"},"content":{"rendered":"<p>O <strong>Graphica &#8211; XV International Conference on Graphics Engineering for Arts and Design<\/strong>, promovido pela Associa\u00e7\u00e3o Brasileira de Express\u00e3o Gr\u00e1fica (ABEG) e pela International Society for Geometry and Graphics (ISGG), se constitui por um Pr\u00e9-evento, realizado entre os dias 6 e 7 de novembro de 2024 (data inicialmente prevista para sua realiza\u00e7\u00e3o) e pelo Evento, propriamente dito, a ser realizado no per\u00edodo de 27 a 30 de maio de 2025.<\/p>\n","protected":false},"excerpt":{"rendered":"<p>O Graphica &#8211; XV International Conference on Graphics Engineering for Arts and Design, promovido pela Associa\u00e7\u00e3o Brasileira de Express\u00e3o Gr\u00e1fica (ABEG) e pela International Society for Geometry and Graphics (ISGG), se constitui por um Pr\u00e9-evento, realizado entre os dias 6 e 7 de novembro de 2024 (data inicialmente prevista para sua realiza\u00e7\u00e3o) e pelo Evento, [&hellip;]<\/p>\n","protected":false},"author":263,"featured_media":0,"parent":0,"menu_order":0,"comment_status":"closed","ping_status":"closed","template":"","meta":{"footnotes":""},"class_list":["post-20","page","type-page","status-publish","hentry","post"],"_links":{"self":[{"href":"https:\/\/wp.ufpel.edu.br\/graphica2024\/wp-json\/wp\/v2\/pages\/20","targetHints":{"allow":["GET"]}}],"collection":[{"href":"https:\/\/wp.ufpel.edu.br\/graphica2024\/wp-json\/wp\/v2\/pages"}],"about":[{"href":"https:\/\/wp.ufpel.edu.br\/graphica2024\/wp-json\/wp\/v2\/types\/page"}],"author":[{"embeddable":true,"href":"https:\/\/wp.ufpel.edu.br\/graphica2024\/wp-json\/wp\/v2\/users\/263"}],"replies":[{"embeddable":true,"href":"https:\/\/wp.ufpel.edu.br\/graphica2024\/wp-json\/wp\/v2\/comments?post=20"}],"version-history":[{"count":49,"href":"https:\/\/wp.ufpel.edu.br\/graphica2024\/wp-json\/wp\/v2\/pages\/20\/revisions"}],"predecessor-version":[{"id":763,"href":"https:\/\/wp.ufpel.edu.br\/graphica2024\/wp-json\/wp\/v2\/pages\/20\/revisions\/763"}],"wp:attachment":[{"href":"https:\/\/wp.ufpel.edu.br\/graphica2024\/wp-json\/wp\/v2\/media?parent=20"}],"curies":[{"name":"wp","href":"https:\/\/api.w.org\/{rel}","templated":true}]}}