{"id":72,"date":"2025-06-11T21:02:41","date_gmt":"2025-06-12T00:02:41","guid":{"rendered":"https:\/\/wp.ufpel.edu.br\/graem\/?page_id=72"},"modified":"2025-07-07T15:46:24","modified_gmt":"2025-07-07T18:46:24","slug":"quem-somos","status":"publish","type":"page","link":"https:\/\/wp.ufpel.edu.br\/graem\/quem-somos\/","title":{"rendered":"Quem somos"},"content":{"rendered":"<p style=\"text-align: justify;\" data-start=\"212\" data-end=\"583\">O <strong data-start=\"214\" data-end=\"282\">GRAEM \u2013 Grupo de Restaura\u00e7\u00e3o Ambiental em Ecossistemas Minerados<\/strong> \u00e9 um coletivo de pesquisadores vinculados ao departamento de Solos da Faculdade de Agronomia Eliseu Maciel (<a href=\"https:\/\/wp.ufpel.edu.br\/faem\/\">FAEM<\/a>) da Universidade Federal de Pelotas (<a href=\"https:\/\/portal.ufpel.edu.br\/\">UFPel<\/a>), dedicado ao estudo sobre a din\u00e2mica de recupera\u00e7\u00e3o de \u00e1reas degradadas pela minera\u00e7\u00e3o, com foco especial em solos constru\u00eddos ap\u00f3s a extra\u00e7\u00e3o de carv\u00e3o mineral na regi\u00e3o Sul do Brasil, sob o Bioma Pampa. Na literatura internacional, estes solos constru\u00eddos s\u00e3o chamados de minesoils, termo atualmente utilizado pelo GRAEM.<\/p>\n<p style=\"text-align: center;\" data-start=\"212\" data-end=\"583\"><img loading=\"lazy\" decoding=\"async\" class=\"alignnone wp-image-261 size-large\" src=\"https:\/\/wp.ufpel.edu.br\/graem\/files\/2025\/06\/222-1024x328.gif\" alt=\"\" width=\"750\" height=\"240\" srcset=\"https:\/\/wp.ufpel.edu.br\/graem\/files\/2025\/06\/222-1024x328.gif 1024w, https:\/\/wp.ufpel.edu.br\/graem\/files\/2025\/06\/222-400x128.gif 400w, https:\/\/wp.ufpel.edu.br\/graem\/files\/2025\/06\/222-768x246.gif 768w, https:\/\/wp.ufpel.edu.br\/graem\/files\/2025\/06\/222-1536x492.gif 1536w, https:\/\/wp.ufpel.edu.br\/graem\/files\/2025\/06\/222-750x240.gif 750w\" sizes=\"auto, (max-width: 750px) 100vw, 750px\" \/><\/p>\n<p data-start=\"212\" data-end=\"583\"><img loading=\"lazy\" decoding=\"async\" class=\"size-medium wp-image-274 aligncenter\" src=\"https:\/\/wp.ufpel.edu.br\/graem\/files\/2025\/07\/233ooyyyy-e1751889310829-400x18.gif\" alt=\"\" width=\"400\" height=\"18\" srcset=\"https:\/\/wp.ufpel.edu.br\/graem\/files\/2025\/07\/233ooyyyy-e1751889310829-400x18.gif 400w, https:\/\/wp.ufpel.edu.br\/graem\/files\/2025\/07\/233ooyyyy-e1751889310829-768x35.gif 768w, https:\/\/wp.ufpel.edu.br\/graem\/files\/2025\/07\/233ooyyyy-e1751889310829-750x35.gif 750w\" sizes=\"auto, (max-width: 400px) 100vw, 400px\" \/><\/p>\n<p data-start=\"212\" data-end=\"583\"><img loading=\"lazy\" decoding=\"async\" class=\"alignnone wp-image-275 size-full\" src=\"https:\/\/wp.ufpel.edu.br\/graem\/files\/2025\/07\/233oo-1-e1751889185963.gif\" alt=\"\" width=\"819\" height=\"289\" \/><\/p>\n<p style=\"text-align: justify;\" data-start=\"212\" data-end=\"583\">Desde o in\u00edcio dos anos 2000, nosso grupo conduz pesquisas pioneiras sobre os impactos f\u00edsico-qu\u00edmicos e biol\u00f3gicos da minera\u00e7\u00e3o de carv\u00e3o, especialmente na Mina de Candiota \u2013 considerada a maior reserva de carv\u00e3o mineral da Am\u00e9rica Latina. Em 2003, implementamos uma \u00e1rea experimental in\u00e9dita dentro da pr\u00f3pria mina, com o objetivo de acompanhar, a longo prazo, a din\u00e2mica de recupera\u00e7\u00e3o dos solos minerados por meio da revegeta\u00e7\u00e3o com gram\u00edneas e leguminosas. Este experimento de campo possivelmente \u00e9 o \u00fanico no pa\u00eds projetado com rigor estat\u00edstico voltado para a restaura\u00e7\u00e3o de minesoils no Bioma Pampa.<\/p>\n<p style=\"text-align: justify;\" data-start=\"1189\" data-end=\"1661\">Nossas pesquisas revelaram desafios significativos, como a compacta\u00e7\u00e3o persistente dos minesoils mesmo ap\u00f3s quase 1 d\u00e9cada de revegeta\u00e7\u00e3o, exemplificada pela presen\u00e7a de agregados compressivos, a limita\u00e7\u00e3o na reestrutura\u00e7\u00e3o biol\u00f3gica do minesoil e a influ\u00eancia negativa de elementos potencialmente t\u00f3xicos (EPTs) no processo de restaura\u00e7\u00e3o ecol\u00f3gica da \u00e1rea. Essas descobertas nos impulsionaram a desenvolver metodologias inovadoras que hoje colocam o\u00a0<strong>GRAEM<\/strong>\u00a0na vanguarda da ci\u00eancia do solo voltada para ecossistemas minerados.<\/p>\n<p data-start=\"1189\" data-end=\"1661\"><img loading=\"lazy\" decoding=\"async\" class=\"alignnone wp-image-187 size-full\" src=\"https:\/\/wp.ufpel.edu.br\/graem\/files\/2025\/06\/Slide8.jpg\" alt=\"\" width=\"822\" height=\"459\" srcset=\"https:\/\/wp.ufpel.edu.br\/graem\/files\/2025\/06\/Slide8.jpg 822w, https:\/\/wp.ufpel.edu.br\/graem\/files\/2025\/06\/Slide8-400x223.jpg 400w, https:\/\/wp.ufpel.edu.br\/graem\/files\/2025\/06\/Slide8-768x429.jpg 768w, https:\/\/wp.ufpel.edu.br\/graem\/files\/2025\/06\/Slide8-750x419.jpg 750w\" sizes=\"auto, (max-width: 822px) 100vw, 822px\" \/><\/p>\n<p style=\"text-align: justify;\">Atualmente, nossos estudos integram an\u00e1lises f\u00edsicas, qu\u00edmicas, biol\u00f3gicas e ecol\u00f3gicas, com foco na forma\u00e7\u00e3o e classifica\u00e7\u00e3o de agregados do solo por diferentes vias (compressiva, descompressiva, fisicog\u00eanica e biog\u00eanica), funcionamento da fauna (macro e mesofauna), atividade enzim\u00e1tica (<em>betaglicosidase<\/em> e<em> arylsulfatase<\/em>), propor\u00e7\u00e3o das fra\u00e7\u00f5es granulom\u00e9tricas e composi\u00e7\u00e3o molecular da mat\u00e9ria org\u00e2nica, e contamina\u00e7\u00e3o por metais pesados. Buscamos compreender como esses fatores influenciam o retorno da biodiversidade funcional do solo e a estabilidade do carbono em \u00e1reas impactadas pela minera\u00e7\u00e3o de carv\u00e3o.<\/p>\n<p><img loading=\"lazy\" decoding=\"async\" class=\"alignnone wp-image-263 size-large\" src=\"https:\/\/wp.ufpel.edu.br\/graem\/files\/2025\/06\/4444-1024x411.gif\" alt=\"\" width=\"750\" height=\"301\" srcset=\"https:\/\/wp.ufpel.edu.br\/graem\/files\/2025\/06\/4444-1024x411.gif 1024w, https:\/\/wp.ufpel.edu.br\/graem\/files\/2025\/06\/4444-400x161.gif 400w, https:\/\/wp.ufpel.edu.br\/graem\/files\/2025\/06\/4444-768x309.gif 768w, https:\/\/wp.ufpel.edu.br\/graem\/files\/2025\/06\/4444-1536x617.gif 1536w, https:\/\/wp.ufpel.edu.br\/graem\/files\/2025\/06\/4444-750x301.gif 750w\" sizes=\"auto, (max-width: 750px) 100vw, 750px\" \/><\/p>\n<p style=\"text-align: justify;\">Nosso compromisso \u00e9 gerar conhecimento cient\u00edfico de excel\u00eancia que contribua para um diagn\u00f3stico mais preciso sobre o tempo de recupera\u00e7\u00e3o das fun\u00e7\u00f5es ecossist\u00eamicas de uma \u00e1rea minerada que adota a recomposi\u00e7\u00e3o topogr\u00e1fica como o ponto de partida para a sua restaura\u00e7\u00e3o. Acreditamos que o conhecimento gerado auxiliar\u00e1 para uma reintegra\u00e7\u00e3o mais sustent\u00e1vel dos minesoils ao Bioma Pampa, considerando que implica\u00e7\u00f5es na forma de constru\u00e7\u00e3o e revegeta\u00e7\u00e3o destes solos fortemente antropizados podem ser propostos. O <strong>GRAEM<\/strong>\u00a0tamb\u00e9m atua na forma\u00e7\u00e3o cientistas do solo, mestres e doutores vinculados ao Programa de P\u00f3s Gradua\u00e7\u00e3o em Manejo e Conserva\u00e7\u00e3o do Solo e da \u00c1gua \u2013 PPG MACSA \u2013 da UFPel, comprometidos com pesquisa cient\u00edfica de excel\u00eancia, adotando rigor cient\u00edfico em seus trabalhos, gerando dados confi\u00e1veis baseado em evid\u00eancias, atuando com transpar\u00eancia, objetividade e \u00e9tica entre seus pares e a sociedade.<\/p>\n<h4 style=\"text-align: justify;\" data-start=\"2621\" data-end=\"2707\">Seja bem-vindo ao GRAEM: ci\u00eancia aplicada \u00e0 restaura\u00e7\u00e3o ambiental dos solos minerados.<\/h4>\n","protected":false},"excerpt":{"rendered":"<p>O GRAEM \u2013 Grupo de Restaura\u00e7\u00e3o Ambiental em Ecossistemas Minerados \u00e9 um coletivo de pesquisadores vinculados ao departamento de Solos da Faculdade de Agronomia Eliseu Maciel (FAEM) da Universidade Federal de Pelotas (UFPel), dedicado ao estudo sobre a din\u00e2mica de recupera\u00e7\u00e3o de \u00e1reas degradadas pela minera\u00e7\u00e3o, com foco especial em solos constru\u00eddos ap\u00f3s a extra\u00e7\u00e3o &hellip; <\/p>\n<p><a class=\"more-link btn\" href=\"https:\/\/wp.ufpel.edu.br\/graem\/quem-somos\/\">Continue lendo<\/a><\/p>\n","protected":false},"author":1469,"featured_media":336,"parent":0,"menu_order":0,"comment_status":"closed","ping_status":"closed","template":"","meta":{"footnotes":""},"class_list":["post-72","page","type-page","status-publish","has-post-thumbnail","hentry","nodate","item-wrap"],"_links":{"self":[{"href":"https:\/\/wp.ufpel.edu.br\/graem\/wp-json\/wp\/v2\/pages\/72","targetHints":{"allow":["GET"]}}],"collection":[{"href":"https:\/\/wp.ufpel.edu.br\/graem\/wp-json\/wp\/v2\/pages"}],"about":[{"href":"https:\/\/wp.ufpel.edu.br\/graem\/wp-json\/wp\/v2\/types\/page"}],"author":[{"embeddable":true,"href":"https:\/\/wp.ufpel.edu.br\/graem\/wp-json\/wp\/v2\/users\/1469"}],"replies":[{"embeddable":true,"href":"https:\/\/wp.ufpel.edu.br\/graem\/wp-json\/wp\/v2\/comments?post=72"}],"version-history":[{"count":10,"href":"https:\/\/wp.ufpel.edu.br\/graem\/wp-json\/wp\/v2\/pages\/72\/revisions"}],"predecessor-version":[{"id":333,"href":"https:\/\/wp.ufpel.edu.br\/graem\/wp-json\/wp\/v2\/pages\/72\/revisions\/333"}],"wp:featuredmedia":[{"embeddable":true,"href":"https:\/\/wp.ufpel.edu.br\/graem\/wp-json\/wp\/v2\/media\/336"}],"wp:attachment":[{"href":"https:\/\/wp.ufpel.edu.br\/graem\/wp-json\/wp\/v2\/media?parent=72"}],"curies":[{"name":"wp","href":"https:\/\/api.w.org\/{rel}","templated":true}]}}